{"id":4410,"date":"2025-06-28T16:40:40","date_gmt":"2025-06-28T14:40:40","guid":{"rendered":"https:\/\/uj.adatbank.ro\/lexikon\/termek\/beothy-konrad-bessenyoi-es-orvendi\/"},"modified":"2025-06-28T16:40:40","modified_gmt":"2025-06-28T14:40:40","slug":"beothy-konrad-bessenyoi-es-orvendi","status":"publish","type":"product","link":"https:\/\/uj.adatbank.ro\/lexikon\/termek\/beothy-konrad-bessenyoi-es-orvendi\/","title":{"rendered":"BE\u00d6THY Konr\u00e1d, besseny\u0151i \u00e9s \u00f6rvendi"},"content":{"rendered":"<p>Gyapoly, 1898. \u00e1pr. 9., \u2020 P\u00e9cs, 1958. j\u00fal. 5.: orvosprofesszor. \u2013 A p\u00e9csi egy.-en orvosi oklevelet szerzett; a p\u00e9csi egy. t\u00f6rv\u00e9ny\u00adsz\u00e9ki int\u00e9zet\u00e9ben d\u00edjtalan (1925\u201326), majd d\u00edjas gyakornok, tan\u00e1rseg\u00e9d (1926\u201332), ad\u00adjunktus (1932\u201340), k\u00f6zben \u00e1llami \u00f6szt\u00f6nd\u00edjjal B\u00e9csben, Br\u00fcsszelben, P\u00e1rizsban, Berlinben, Moden\u00e1ban, Innsbruckban \u00e9s Bologn\u00e1ban (1927\u201330), Rockefeller-\u00f6szt\u00f6nd\u00edjjal a glas\u00adgow-i t\u00f6rv\u00e9nysz\u00e9ki orvostani int.-ben folyta\u00adtott kutat\u00e1sokat (1933\u201334). A p\u00e9csi egy.-en a t\u00f6rv\u00e9nysz\u00e9ki orvostani vizsg\u00e1l\u00f3 elj\u00e1r\u00e1sok c. t\u00e1rgyk\u00f6r mag\u00e1ntan\u00e1ra (1931\u2013), c. ny. r. tan\u00e1ra (1938\u201348). A nagyv\u00e1radi \u00e1ll. k\u00f3rh\u00e1z f\u0151orvosa (1940\u201344). A mv.-i Korbonctani Int\u00e9zet vezet\u0151je (1945\u201346. nov. 16.). Mo.-ra t\u00e1vozott (1947), hely\u00e9t Haranghy L\u00e1szl\u00f3 foglalta el. A p\u00e9csi egy.-en a t\u00f6rv\u00e9ny\u00adsz\u00e9ki orvostan ny. r. tan\u00e1ra (1948\u2013), hal\u00e1l\u00e1ig a p\u00e9csi orvostud, egy.-en tszv. egy. tan\u00e1r (1951\u2013). K\u00fcl\u00f6nb\u00f6z\u0151 t\u00f6rv\u00e9nysz\u00e9ki orvostani k\u00e9rd\u00e9sek\u00adkel foglalkozott \u00e9s t\u00f6bb k\u00f6tete jelent meg (1928\u201351). <br \/><strong>Irod.:<\/strong> Genersich; Id\u0151t\u00e1r 4.; Sz\u00f6ll\u0151si 2009; \u00daM\u00c9L; Viharban<\/br><\/p>\n","protected":false},"excerpt":{"rendered":"<p>Gyapoly, 1898. \u00e1pr. 9., \u2020 P\u00e9cs, 1958. j\u00fal. 5.: orvosprofesszor. \u2013 A p\u00e9csi egy.-en orvosi oklevelet szerzett; a p\u00e9csi egy. t\u00f6rv\u00e9ny\u00adsz\u00e9ki int\u00e9zet\u00e9ben d\u00edjtalan (1925\u201326), majd d\u00edjas gyakornok, tan\u00e1rseg\u00e9d (1926\u201332), ad\u00adjunktus (1932\u201340), k\u00f6zben \u00e1llami \u00f6szt\u00f6nd\u00edjjal B\u00e9csben, Br\u00fcsszelben, P\u00e1rizsban, Berlinben, Moden\u00e1ban, Innsbruckban \u00e9s Bologn\u00e1ban (1927\u201330), Rockefeller-\u00f6szt\u00f6nd\u00edjjal a glas\u00adgow-i t\u00f6rv\u00e9nysz\u00e9ki orvostani int.-ben folyta\u00adtott kutat\u00e1sokat (1933\u201334). A p\u00e9csi egy.-en [&hellip;]<\/p>\n","protected":false},"featured_media":0,"comment_status":"open","ping_status":"closed","template":"","meta":[],"product_brand":[],"product_cat":[137],"product_tag":[],"class_list":{"0":"post-4410","1":"product","2":"type-product","3":"status-publish","5":"product_cat-maros-megyei-eletrajzi-lexikon","7":"first","8":"instock","9":"shipping-taxable","10":"product-type-simple"},"_links":{"self":[{"href":"https:\/\/uj.adatbank.ro\/lexikon\/wp-json\/wp\/v2\/product\/4410","targetHints":{"allow":["GET"]}}],"collection":[{"href":"https:\/\/uj.adatbank.ro\/lexikon\/wp-json\/wp\/v2\/product"}],"about":[{"href":"https:\/\/uj.adatbank.ro\/lexikon\/wp-json\/wp\/v2\/types\/product"}],"replies":[{"embeddable":true,"href":"https:\/\/uj.adatbank.ro\/lexikon\/wp-json\/wp\/v2\/comments?post=4410"}],"wp:attachment":[{"href":"https:\/\/uj.adatbank.ro\/lexikon\/wp-json\/wp\/v2\/media?parent=4410"}],"wp:term":[{"taxonomy":"product_brand","embeddable":true,"href":"https:\/\/uj.adatbank.ro\/lexikon\/wp-json\/wp\/v2\/product_brand?post=4410"},{"taxonomy":"product_cat","embeddable":true,"href":"https:\/\/uj.adatbank.ro\/lexikon\/wp-json\/wp\/v2\/product_cat?post=4410"},{"taxonomy":"product_tag","embeddable":true,"href":"https:\/\/uj.adatbank.ro\/lexikon\/wp-json\/wp\/v2\/product_tag?post=4410"}],"curies":[{"name":"wp","href":"https:\/\/api.w.org\/{rel}","templated":true}]}}

BEÖTHY Konrád, bessenyői és örvendi

<p>Gyapoly, 1898. ápr. 9., † Pécs, 1958. júl. 5.: orvosprofesszor. – A pécsi egy.-en orvosi oklevelet szerzett; a pécsi egy. törvény­széki intézetében díjtalan (1925–26), majd díjas gyakornok, tanársegéd (1926–32), ad­junktus (1932–40), közben állami ösztöndíjjal Bécsben, Brüsszelben, Párizsban, Berlinben, Modenában, Innsbruckban és Bolognában (1927–30), Rockefeller-ösztöndíjjal a glas­gow-i törvényszéki orvostani int.-ben folyta­tott kutatásokat (1933–34). A pécsi egy.-en a törvényszéki orvostani vizsgáló eljárások c. tárgykör magántanára (1931–), c. ny. r. tanára (1938–48). A nagyváradi áll. kórház főorvosa (1940–44). A mv.-i Korbonctani Intézet vezetője (1945–46. nov. 16.). Mo.-ra távozott (1947), helyét Haranghy László foglalta el. A pécsi egy.-en a törvény­széki orvostan ny. r. tanára (1948–), haláláig a pécsi orvostud, egy.-en tszv. egy. tanár (1951–). Különböző törvényszéki orvostani kérdések­kel foglalkozott és több kötete jelent meg (1928–51). <br /><strong>Irod.:</strong> Genersich; Időtár 4.; Szöllősi 2009; ÚMÉL; Viharban</br></p>

<p>Gyapoly, 1898. ápr. 9., † Pécs, 1958. júl. 5.: orvosprofesszor. – A pécsi egy.-en orvosi oklevelet szerzett; a pécsi egy. törvény­széki intézetében díjtalan (1925–26), majd díjas gyakornok, tanársegéd (1926–32), ad­junktus (1932–40), közben állami ösztöndíjjal Bécsben, Brüsszelben, Párizsban, Berlinben, Modenában, Innsbruckban és Bolognában (1927–30), Rockefeller-ösztöndíjjal a glas­gow-i törvényszéki orvostani int.-ben folyta­tott kutatásokat (1933–34). A pécsi egy.-en [&hellip;]</p>
