{"id":4411,"date":"2025-06-28T16:40:42","date_gmt":"2025-06-28T14:40:42","guid":{"rendered":"https:\/\/uj.adatbank.ro\/lexikon\/termek\/bera-rozsi\/"},"modified":"2025-06-28T16:40:42","modified_gmt":"2025-06-28T14:40:42","slug":"bera-rozsi","status":"publish","type":"product","link":"https:\/\/uj.adatbank.ro\/lexikon\/termek\/bera-rozsi\/","title":{"rendered":"BERA R\u00f3zsi"},"content":{"rendered":"<p>1864., \u2020 Sz\u00e1szr\u00e9gen, 1929. febr. 21.: sz\u00edn\u00e9szn\u0151. \u2013 Kuthy B\u00e9la t\u00e1rsulat\u00e1ban l\u00e9pett a p\u00e1ly\u00e1ra (1876\u2013). Erd\u00e9lyben dr\u00e1m\u00e1ban, n\u00e9psz\u00ednm\u0171ben, operettekben szerepelt (1902\u20131903); Fell\u00e9pett Sz\u00e1szr\u00e9genben Feh\u00e9r Imre t\u00e1rsulat\u00e1val (1921); Sepsiszentgy\u00f6rgy\u00f6n, Sz\u00e9kelyudvarhelyt, Cs\u00edkszered\u00e1ban, Dics\u0151szentm\u00e1rtonban, Brass\u00f3ban, Gyergy\u00f3szentmikl\u00f3son G\u00e1sp\u00e1r Jen\u0151 t\u00e1rsulat\u00e1ban (1922\u201328). Dr\u00e1m\u00e1ban, n\u00e9psz\u00ednm\u0171ben mint karaktersz\u00edn\u00e9sz szerepelt, operettekben is fell\u00e9pett. \u2013 <strong>F. sz.:<\/strong> Elfrida (Buchbinder-Ascher: A Marcsa katon\u00e1ja); A nemzetes asszony (K\u00e1lm\u00e1n Imre: Obsitos); \u00c1gnes (R\u00e1kosi Jen\u0151: Magdolna); Beatrix (Moln\u00e1r Ferenc: A hatty\u00fa); Csorb\u00e1n\u00e9, \u00c1gnes (Csepreghy Ferenc: A s\u00e1rga csik\u00f3); Marosin\u00e9, nevel\u0151n\u0151 (Moln\u00e1r Ferenc: Doktor \u00far); Izidora (Katona J.: B\u00e1nk b\u00e1n); Biri (Berczik \u00c1rp\u00e1d: Az igm\u00e1ndi kispap); \u00c9va (Mill\u00f6cker: Koldusdi\u00e1k); Dimitri (Sardou: Fedora). <br \/><strong>Irod.:<\/strong> K\u00f6t\u0151; MSZL<\/br><\/p>\n","protected":false},"excerpt":{"rendered":"<p>1864., \u2020 Sz\u00e1szr\u00e9gen, 1929. febr. 21.: sz\u00edn\u00e9szn\u0151. \u2013 Kuthy B\u00e9la t\u00e1rsulat\u00e1ban l\u00e9pett a p\u00e1ly\u00e1ra (1876\u2013). Erd\u00e9lyben dr\u00e1m\u00e1ban, n\u00e9psz\u00ednm\u0171ben, operettekben szerepelt (1902\u20131903); Fell\u00e9pett Sz\u00e1szr\u00e9genben Feh\u00e9r Imre t\u00e1rsulat\u00e1val (1921); Sepsiszentgy\u00f6rgy\u00f6n, Sz\u00e9kelyudvarhelyt, Cs\u00edkszered\u00e1ban, Dics\u0151szentm\u00e1rtonban, Brass\u00f3ban, Gyergy\u00f3szentmikl\u00f3son G\u00e1sp\u00e1r Jen\u0151 t\u00e1rsulat\u00e1ban (1922\u201328). Dr\u00e1m\u00e1ban, n\u00e9psz\u00ednm\u0171ben mint karaktersz\u00edn\u00e9sz szerepelt, operettekben is fell\u00e9pett. \u2013 F. sz.: Elfrida (Buchbinder-Ascher: A Marcsa katon\u00e1ja); A nemzetes [&hellip;]<\/p>\n","protected":false},"featured_media":0,"comment_status":"open","ping_status":"closed","template":"","meta":[],"product_brand":[],"product_cat":[137],"product_tag":[],"class_list":{"0":"post-4411","1":"product","2":"type-product","3":"status-publish","5":"product_cat-maros-megyei-eletrajzi-lexikon","7":"first","8":"instock","9":"shipping-taxable","10":"product-type-simple"},"_links":{"self":[{"href":"https:\/\/uj.adatbank.ro\/lexikon\/wp-json\/wp\/v2\/product\/4411","targetHints":{"allow":["GET"]}}],"collection":[{"href":"https:\/\/uj.adatbank.ro\/lexikon\/wp-json\/wp\/v2\/product"}],"about":[{"href":"https:\/\/uj.adatbank.ro\/lexikon\/wp-json\/wp\/v2\/types\/product"}],"replies":[{"embeddable":true,"href":"https:\/\/uj.adatbank.ro\/lexikon\/wp-json\/wp\/v2\/comments?post=4411"}],"wp:attachment":[{"href":"https:\/\/uj.adatbank.ro\/lexikon\/wp-json\/wp\/v2\/media?parent=4411"}],"wp:term":[{"taxonomy":"product_brand","embeddable":true,"href":"https:\/\/uj.adatbank.ro\/lexikon\/wp-json\/wp\/v2\/product_brand?post=4411"},{"taxonomy":"product_cat","embeddable":true,"href":"https:\/\/uj.adatbank.ro\/lexikon\/wp-json\/wp\/v2\/product_cat?post=4411"},{"taxonomy":"product_tag","embeddable":true,"href":"https:\/\/uj.adatbank.ro\/lexikon\/wp-json\/wp\/v2\/product_tag?post=4411"}],"curies":[{"name":"wp","href":"https:\/\/api.w.org\/{rel}","templated":true}]}}

BERA Rózsi

<p>1864., † Szászrégen, 1929. febr. 21.: színésznő. – Kuthy Béla társulatában lépett a pályára (1876–). Erdélyben drámában, népszínműben, operettekben szerepelt (1902–1903); Fellépett Szászrégenben Fehér Imre társulatával (1921); Sepsiszentgyörgyön, Székelyudvarhelyt, Csíkszeredában, Dicsőszentmártonban, Brassóban, Gyergyószentmiklóson Gáspár Jenő társulatában (1922–28). Drámában, népszínműben mint karakterszínész szerepelt, operettekben is fellépett. – <strong>F. sz.:</strong> Elfrida (Buchbinder-Ascher: A Marcsa katonája); A nemzetes asszony (Kálmán Imre: Obsitos); Ágnes (Rákosi Jenő: Magdolna); Beatrix (Molnár Ferenc: A hattyú); Csorbáné, Ágnes (Csepreghy Ferenc: A sárga csikó); Marosiné, nevelőnő (Molnár Ferenc: Doktor úr); Izidora (Katona J.: Bánk bán); Biri (Berczik Árpád: Az igmándi kispap); Éva (Millöcker: Koldusdiák); Dimitri (Sardou: Fedora). <br /><strong>Irod.:</strong> Kötő; MSZL</br></p>

<p>1864., † Szászrégen, 1929. febr. 21.: színésznő. – Kuthy Béla társulatában lépett a pályára (1876–). Erdélyben drámában, népszínműben, operettekben szerepelt (1902–1903); Fellépett Szászrégenben Fehér Imre társulatával (1921); Sepsiszentgyörgyön, Székelyudvarhelyt, Csíkszeredában, Dicsőszentmártonban, Brassóban, Gyergyószentmiklóson Gáspár Jenő társulatában (1922–28). Drámában, népszínműben mint karakterszínész szerepelt, operettekben is fellépett. – F. sz.: Elfrida (Buchbinder-Ascher: A Marcsa katonája); A nemzetes [&hellip;]</p>
