{"id":4415,"date":"2025-06-28T16:40:49","date_gmt":"2025-06-28T14:40:49","guid":{"rendered":"https:\/\/uj.adatbank.ro\/lexikon\/termek\/bercsenyi-laszlo-szekesi-gr\/"},"modified":"2025-06-28T16:40:49","modified_gmt":"2025-06-28T14:40:49","slug":"bercsenyi-laszlo-szekesi-gr","status":"publish","type":"product","link":"https:\/\/uj.adatbank.ro\/lexikon\/termek\/bercsenyi-laszlo-szekesi-gr\/","title":{"rendered":"BERCS\u00c9NYI L\u00e1szl\u00f3, sz\u00e9kesi gr."},"content":{"rendered":"<p>1689 \u2020 Franciao., 1778.: test\u0151r sz\u00e1zados. \u2013 Bercs\u00e9nyi Mikl\u00f3s \u00e9s Drugeth Krisztina fia.-Sz\u00e9kesen nagy f\u00f6ldbirtokaik voltak. Tanulm\u00e1nyait Ungv\u00e1ron \u00e9s Kass\u00e1n v\u00e9gezte, majd II. R\u00e1k\u00f3czi Ferenc udvar\u00e1ba ker\u00fclt. A nemesi test\u0151rs\u00e9gben mint sz\u00e1zados \u00e9s korn\u00e9t\u00e1s r\u00e9szt vett a trencs\u00e9ni \u00fctk\u00f6zetben (1708). A fejedelemmel Lengyelo.-ba t\u00e1vozott (1710). A fejedelem Franciao.-ba k\u00fcldte, ahol XIV. Lajos test\u0151r gr\u00e1n\u00e1tosainak sz\u00e1zadosa lett (1712). A francia hadsereg ezredese (1719), a m. menek\u00fcltekb\u0151l megszervezte a Bercs\u00e9nyi-husz\u00e1rezredet. A francia husz\u00e1rezredben dand\u00e1rnok (1735), t\u00e1bornok (1738), alt\u00e1bornagy (1742), majd lovass\u00e1gi f\u0151parancsnok lett (1744). \u00c9rdemei\u00e9rt a Szent-Lajos -rend keresztj\u00e9t kapta meg, majd a legnagyobb katonai m\u00e9lt\u00f3s\u00e1g, Franciao. marsallj\u00e1v\u00e1 nevezt\u00e9k ki (1758). K\u0151szobr\u00e1t felavatt\u00e1k Sz\u00e9kesen, Miholcsa J\u00f3zsef szobr\u00e1szm\u0171v\u00e9sz alkot\u00e1sa (felavatt\u00e1k, 2010. m\u00e1rc. 14.). <br \/><strong>Irod.:<\/strong> Sz\u00e9kes<\/br><\/p>\n","protected":false},"excerpt":{"rendered":"<p>1689 \u2020 Franciao., 1778.: test\u0151r sz\u00e1zados. \u2013 Bercs\u00e9nyi Mikl\u00f3s \u00e9s Drugeth Krisztina fia.-Sz\u00e9kesen nagy f\u00f6ldbirtokaik voltak. Tanulm\u00e1nyait Ungv\u00e1ron \u00e9s Kass\u00e1n v\u00e9gezte, majd II. R\u00e1k\u00f3czi Ferenc udvar\u00e1ba ker\u00fclt. A nemesi test\u0151rs\u00e9gben mint sz\u00e1zados \u00e9s korn\u00e9t\u00e1s r\u00e9szt vett a trencs\u00e9ni \u00fctk\u00f6zetben (1708). A fejedelemmel Lengyelo.-ba t\u00e1vozott (1710). A fejedelem Franciao.-ba k\u00fcldte, ahol XIV. Lajos test\u0151r gr\u00e1n\u00e1tosainak sz\u00e1zadosa [&hellip;]<\/p>\n","protected":false},"featured_media":0,"comment_status":"open","ping_status":"closed","template":"","meta":[],"product_brand":[],"product_cat":[137],"product_tag":[],"class_list":{"0":"post-4415","1":"product","2":"type-product","3":"status-publish","5":"product_cat-maros-megyei-eletrajzi-lexikon","7":"first","8":"instock","9":"shipping-taxable","10":"product-type-simple"},"_links":{"self":[{"href":"https:\/\/uj.adatbank.ro\/lexikon\/wp-json\/wp\/v2\/product\/4415","targetHints":{"allow":["GET"]}}],"collection":[{"href":"https:\/\/uj.adatbank.ro\/lexikon\/wp-json\/wp\/v2\/product"}],"about":[{"href":"https:\/\/uj.adatbank.ro\/lexikon\/wp-json\/wp\/v2\/types\/product"}],"replies":[{"embeddable":true,"href":"https:\/\/uj.adatbank.ro\/lexikon\/wp-json\/wp\/v2\/comments?post=4415"}],"wp:attachment":[{"href":"https:\/\/uj.adatbank.ro\/lexikon\/wp-json\/wp\/v2\/media?parent=4415"}],"wp:term":[{"taxonomy":"product_brand","embeddable":true,"href":"https:\/\/uj.adatbank.ro\/lexikon\/wp-json\/wp\/v2\/product_brand?post=4415"},{"taxonomy":"product_cat","embeddable":true,"href":"https:\/\/uj.adatbank.ro\/lexikon\/wp-json\/wp\/v2\/product_cat?post=4415"},{"taxonomy":"product_tag","embeddable":true,"href":"https:\/\/uj.adatbank.ro\/lexikon\/wp-json\/wp\/v2\/product_tag?post=4415"}],"curies":[{"name":"wp","href":"https:\/\/api.w.org\/{rel}","templated":true}]}}

BERCSÉNYI László, székesi gr.

<p>1689 † Franciao., 1778.: testőr százados. – Bercsényi Miklós és Drugeth Krisztina fia.-Székesen nagy földbirtokaik voltak. Tanulmányait Ungváron és Kassán végezte, majd II. Rákóczi Ferenc udvarába került. A nemesi testőrségben mint százados és kornétás részt vett a trencséni ütközetben (1708). A fejedelemmel Lengyelo.-ba távozott (1710). A fejedelem Franciao.-ba küldte, ahol XIV. Lajos testőr gránátosainak századosa lett (1712). A francia hadsereg ezredese (1719), a m. menekültekből megszervezte a Bercsényi-huszárezredet. A francia huszárezredben dandárnok (1735), tábornok (1738), altábornagy (1742), majd lovassági főparancsnok lett (1744). Érdemeiért a Szent-Lajos -rend keresztjét kapta meg, majd a legnagyobb katonai méltóság, Franciao. marsalljává nevezték ki (1758). Kőszobrát felavatták Székesen, Miholcsa József szobrászművész alkotása (felavatták, 2010. márc. 14.). <br /><strong>Irod.:</strong> Székes</br></p>

<p>1689 † Franciao., 1778.: testőr százados. – Bercsényi Miklós és Drugeth Krisztina fia.-Székesen nagy földbirtokaik voltak. Tanulmányait Ungváron és Kassán végezte, majd II. Rákóczi Ferenc udvarába került. A nemesi testőrségben mint százados és kornétás részt vett a trencséni ütközetben (1708). A fejedelemmel Lengyelo.-ba távozott (1710). A fejedelem Franciao.-ba küldte, ahol XIV. Lajos testőr gránátosainak századosa [&hellip;]</p>
