{"id":4419,"date":"2025-06-28T16:40:56","date_gmt":"2025-06-28T14:40:56","guid":{"rendered":"https:\/\/uj.adatbank.ro\/lexikon\/termek\/berde-amal-%c2%a7-doczyne-berde-amalia-doczy-ferencne\/"},"modified":"2025-06-28T16:40:56","modified_gmt":"2025-06-28T14:40:56","slug":"berde-amal-%c2%a7-doczyne-berde-amalia-doczy-ferencne","status":"publish","type":"product","link":"https:\/\/uj.adatbank.ro\/lexikon\/termek\/berde-amal-%c2%a7-doczyne-berde-amalia-doczy-ferencne\/","title":{"rendered":"BERDE Am\u00e1l, \u00a7 D\u00f3czyn\u00e9 Berde Am\u00e1lia, D\u00f3czy Ferencn\u00e9"},"content":{"rendered":"<p>Kack\u00f3, 1886. dec. 15., \u2020 Kv., 1976. dec. 15. a H\u00e1zsong\u00e1rdi temet\u0151ben nyugszik: fest\u0151m\u0171v\u00e9sz, tan\u00e1r. \u2013 B. M\u00e1ria n\u0151v\u00e9re. \u2013 M\u00fcnchenben tanult (1938). Bp.-en szerepelt ki\u00e1ll\u00edt\u00e1sokon (1940\u201344). A KZST felolvas\u00f3 estj\u00e9n el\u0151ad\u00e1sa: Mi ihleti Erd\u00e9ly f\u00f6ldj\u00e9n a m\u0171v\u00e9szt? Tagja volt rom\u00e1n K\u00e9pz\u0151m\u0171v\u00e9szek Sz\u00f6vets\u00e9g\u00e9nek (1947\u2013). A 70-es \u00e9vekben a mv.-i m. k\u00e9pz\u0151m\u0171v\u00e9szek koreln\u00f6ke volt. Eml\u00e9kt\u00e1bl\u00e1t avattak B. M\u00e1ria \u00e9s B. A. tisztelet\u00e9re Kack\u00f3n (2011. m\u00e1j. 14.). \u2013 <strong>F. ki\u00e1ll.:<\/strong> London (1909), M\u00fcnchen (1913), Nagyenyed (1919, 1920), Nagyv\u00e1rad (1920), Nagyb\u00e1nya (1920, 1925), Kv. (1922), Mv. (1920, 1925, 31), Torda (1926), Buc. (1932). Illusztr.: Fejes \u00c1ron \u2013 Felm\u00e9ri S\u00e1ndor: \u00daj Ab\u00e9c\u00e9 (Cluj-Kv., 1921); A sz\u00fcl\u0151ih\u00e1z maradv\u00e1nya; A Maros v\u00f6lgye Magyarkapud k\u00f6r\u00fcl; A nagyenyedi \u201eBurg\u201d; A magyarkapudi br. Kem\u00e9ny-k\u00faria romjai; A Maros v\u00f6lgye Magyarkapud k\u00f6r\u00fcl =\u00dcnnepi k\u00f6nyv (Mv., 1930). <br \/><strong>Irod.:<\/strong> Gy\u00f6rgy 1926; H\u00e1zsong\u00e1rd; Id\u0151t\u00e1r 3; Katona Szab\u00f3 Istv\u00e1n: Az \u00daj \u00c9let lexikona, 47. (\u00daj \u00c9let, 11. sz., 1972.); Marosi-KZST; Marosi Ildik\u00f3: L\u00e1togat\u00f3ban D\u00f3czyn\u00e9 B. A.-n\u00e1l (\u00daj \u00c9let, 19. sz., 1969); Metamorphosis Transilvaniae (Kv., 1937); Molter 1.; Pelin; E. Szab\u00f3 Ilona: D\u00f3czyn\u00e9 B. A. (\u00daj \u00c9let, 12. sz., 1971); Sz\u00f3, eszme, l\u00e1tv\u00e1ny; Vita Zsigmond: A sz\u00ednj\u00e1tsz\u00e1s cs\u00e1b\u00edt\u00e1sa (Helikon, 6. sz., 1991. febr. 8.); Vita Zsigmond: Irodalmi \u00e9s m\u0171v\u00e9szi hat\u00e1sok egy kisv\u00e1rosban [Nagyenyeden] a XX. sz\u00e1zad elej\u00e9n (4. sz., 1992. febr. 14.)<\/br><\/p>\n","protected":false},"excerpt":{"rendered":"<p>Kack\u00f3, 1886. dec. 15., \u2020 Kv., 1976. dec. 15. a H\u00e1zsong\u00e1rdi temet\u0151ben nyugszik: fest\u0151m\u0171v\u00e9sz, tan\u00e1r. \u2013 B. M\u00e1ria n\u0151v\u00e9re. \u2013 M\u00fcnchenben tanult (1938). Bp.-en szerepelt ki\u00e1ll\u00edt\u00e1sokon (1940\u201344). A KZST felolvas\u00f3 estj\u00e9n el\u0151ad\u00e1sa: Mi ihleti Erd\u00e9ly f\u00f6ldj\u00e9n a m\u0171v\u00e9szt? Tagja volt rom\u00e1n K\u00e9pz\u0151m\u0171v\u00e9szek Sz\u00f6vets\u00e9g\u00e9nek (1947\u2013). A 70-es \u00e9vekben a mv.-i m. k\u00e9pz\u0151m\u0171v\u00e9szek koreln\u00f6ke volt. Eml\u00e9kt\u00e1bl\u00e1t avattak [&hellip;]<\/p>\n","protected":false},"featured_media":0,"comment_status":"open","ping_status":"closed","template":"","meta":[],"product_brand":[],"product_cat":[137],"product_tag":[],"class_list":{"0":"post-4419","1":"product","2":"type-product","3":"status-publish","5":"product_cat-maros-megyei-eletrajzi-lexikon","7":"first","8":"instock","9":"shipping-taxable","10":"product-type-simple"},"_links":{"self":[{"href":"https:\/\/uj.adatbank.ro\/lexikon\/wp-json\/wp\/v2\/product\/4419","targetHints":{"allow":["GET"]}}],"collection":[{"href":"https:\/\/uj.adatbank.ro\/lexikon\/wp-json\/wp\/v2\/product"}],"about":[{"href":"https:\/\/uj.adatbank.ro\/lexikon\/wp-json\/wp\/v2\/types\/product"}],"replies":[{"embeddable":true,"href":"https:\/\/uj.adatbank.ro\/lexikon\/wp-json\/wp\/v2\/comments?post=4419"}],"wp:attachment":[{"href":"https:\/\/uj.adatbank.ro\/lexikon\/wp-json\/wp\/v2\/media?parent=4419"}],"wp:term":[{"taxonomy":"product_brand","embeddable":true,"href":"https:\/\/uj.adatbank.ro\/lexikon\/wp-json\/wp\/v2\/product_brand?post=4419"},{"taxonomy":"product_cat","embeddable":true,"href":"https:\/\/uj.adatbank.ro\/lexikon\/wp-json\/wp\/v2\/product_cat?post=4419"},{"taxonomy":"product_tag","embeddable":true,"href":"https:\/\/uj.adatbank.ro\/lexikon\/wp-json\/wp\/v2\/product_tag?post=4419"}],"curies":[{"name":"wp","href":"https:\/\/api.w.org\/{rel}","templated":true}]}}

BERDE Amál, § Dóczyné Berde Amália, Dóczy Ferencné

<p>Kackó, 1886. dec. 15., † Kv., 1976. dec. 15. a Házsongárdi temetőben nyugszik: festőművész, tanár. – B. Mária nővére. – Münchenben tanult (1938). Bp.-en szerepelt kiállításokon (1940–44). A KZST felolvasó estjén előadása: Mi ihleti Erdély földjén a művészt? Tagja volt román Képzőművészek Szövetségének (1947–). A 70-es években a mv.-i m. képzőművészek korelnöke volt. Emléktáblát avattak B. Mária és B. A. tiszteletére Kackón (2011. máj. 14.). – <strong>F. kiáll.:</strong> London (1909), München (1913), Nagyenyed (1919, 1920), Nagyvárad (1920), Nagybánya (1920, 1925), Kv. (1922), Mv. (1920, 1925, 31), Torda (1926), Buc. (1932). Illusztr.: Fejes Áron – Felméri Sándor: Új Abécé (Cluj-Kv., 1921); A szülőiház maradványa; A Maros völgye Magyarkapud körül; A nagyenyedi „Burg”; A magyarkapudi br. Kemény-kúria romjai; A Maros völgye Magyarkapud körül =Ünnepi könyv (Mv., 1930). <br /><strong>Irod.:</strong> György 1926; Házsongárd; Időtár 3; Katona Szabó István: Az Új Élet lexikona, 47. (Új Élet, 11. sz., 1972.); Marosi-KZST; Marosi Ildikó: Látogatóban Dóczyné B. A.-nál (Új Élet, 19. sz., 1969); Metamorphosis Transilvaniae (Kv., 1937); Molter 1.; Pelin; E. Szabó Ilona: Dóczyné B. A. (Új Élet, 12. sz., 1971); Szó, eszme, látvány; Vita Zsigmond: A színjátszás csábítása (Helikon, 6. sz., 1991. febr. 8.); Vita Zsigmond: Irodalmi és művészi hatások egy kisvárosban [Nagyenyeden] a XX. század elején (4. sz., 1992. febr. 14.)</br></p>

<p>Kackó, 1886. dec. 15., † Kv., 1976. dec. 15. a Házsongárdi temetőben nyugszik: festőművész, tanár. – B. Mária nővére. – Münchenben tanult (1938). Bp.-en szerepelt kiállításokon (1940–44). A KZST felolvasó estjén előadása: Mi ihleti Erdély földjén a művészt? Tagja volt román Képzőművészek Szövetségének (1947–). A 70-es években a mv.-i m. képzőművészek korelnöke volt. Emléktáblát avattak [&hellip;]</p>
