{"id":4422,"date":"2025-06-28T16:41:03","date_gmt":"2025-06-28T14:41:03","guid":{"rendered":"https:\/\/uj.adatbank.ro\/lexikon\/termek\/berde-mozes\/"},"modified":"2025-06-28T16:41:03","modified_gmt":"2025-06-28T14:41:03","slug":"berde-mozes","status":"publish","type":"product","link":"https:\/\/uj.adatbank.ro\/lexikon\/termek\/berde-mozes\/","title":{"rendered":"BERDE M\u00f3zes"},"content":{"rendered":"<p>1815., \u2020\u00a01893.: f\u00f6ldbirtokos, \u00fcgyv\u00e9d. \u2013 Mv.-en jogot tanult (1837\u2013). Radn\u00f3ton a gr. bethleni Bethlen csal\u00e1d meghatalmazottja. R\u00e9szt vett az 1848-as forradalomban, az agyagfalvi sz\u00e9kely gy\u0171l\u00e9s egyik eln\u00f6ke, korm\u00e1nybiztos. Hal\u00e1lra \u00edt\u00e9lt\u00e9k de b\u00fcntet\u00e9s\u00e9t 4 \u00e9vi v\u00e1rfogs\u00e1gra v\u00e1ltoztatt\u00e1k. Kiszabadul\u00e1sa ut\u00e1n vagyon\u00e1t egyh\u00e1z\u00e1ra hagyta. Alap\u00edtv\u00e1nya felhaszn\u00e1l\u00e1s\u00e1val \u00e9p\u00fclt a kv.-i \u00e9s sz\u00e9kelykereszt\u00fari unit. koll. Nev\u00e9hez f\u00fcz\u0151dik a szeg\u00e9ny tanul\u00f3knak naponta kij\u00e1r\u00f3 Berde cip\u00f3. B\u00fanban is jelent\u0151s nagys\u00e1g\u00fa birtokai voltak, amelyb\u0151l, k\u00f6zel 1400 holdat, az Unit. Egyh\u00e1zra hagyom\u00e1nyozta, m\u00e1s birtokait a Ref. Egyh\u00e1zra hagyta. A f\u00f6ldoszt\u00e1skor a b\u00fani f\u00f6ldeket kisaj\u00e1t\u00edtott\u00e1k, az unit. egyh\u00e1znak 2 holdat hagytak meg. Az egyh\u00e1z fellebbezett a kisaj\u00e1t\u00edt\u00e1s ellen, de a 2 holdon k\u00edv\u00fcl, csak a kast\u00e9ly hely\u00e9t (5 hold) hagyt\u00e1k m\u00e9g j\u00f3v\u00e1 sz\u00e1mukra (1923. \u00e1pr. 4.). Az egyh\u00e1znak egy k\u00e9s\u0151bbi konteszt\u00e1ci\u00f3ja nyom\u00e1n m\u00e9g 250 hold erd\u0151t mentettek fel a kisaj\u00e1t\u00edt\u00e1s al\u00f3l (1930. dec. 22.). Ugyanakkor a ref. egyh\u00e1zt\u00f3l a kereszt\u00fari birtokokb\u00f3l kisaj\u00e1t\u00edtottak egy holdat a kereszt\u00fari ort. templom \u00e9p\u00edt\u00e9s\u00e9re is (1930). <br \/><strong>Irod.:<\/strong> De\u00e1k Farkas: Fogs\u00e1gom t\u00f6rt\u00e9nete (Buk., 1972); Egyed \u00c1. 2013; Pesty 2014; Prozan<\/br><\/p>\n","protected":false},"excerpt":{"rendered":"<p>1815., \u2020\u00a01893.: f\u00f6ldbirtokos, \u00fcgyv\u00e9d. \u2013 Mv.-en jogot tanult (1837\u2013). Radn\u00f3ton a gr. bethleni Bethlen csal\u00e1d meghatalmazottja. R\u00e9szt vett az 1848-as forradalomban, az agyagfalvi sz\u00e9kely gy\u0171l\u00e9s egyik eln\u00f6ke, korm\u00e1nybiztos. Hal\u00e1lra \u00edt\u00e9lt\u00e9k de b\u00fcntet\u00e9s\u00e9t 4 \u00e9vi v\u00e1rfogs\u00e1gra v\u00e1ltoztatt\u00e1k. Kiszabadul\u00e1sa ut\u00e1n vagyon\u00e1t egyh\u00e1z\u00e1ra hagyta. Alap\u00edtv\u00e1nya felhaszn\u00e1l\u00e1s\u00e1val \u00e9p\u00fclt a kv.-i \u00e9s sz\u00e9kelykereszt\u00fari unit. koll. Nev\u00e9hez f\u00fcz\u0151dik a szeg\u00e9ny tanul\u00f3knak [&hellip;]<\/p>\n","protected":false},"featured_media":0,"comment_status":"open","ping_status":"closed","template":"","meta":[],"product_brand":[],"product_cat":[137],"product_tag":[],"class_list":{"0":"post-4422","1":"product","2":"type-product","3":"status-publish","5":"product_cat-maros-megyei-eletrajzi-lexikon","7":"first","8":"instock","9":"shipping-taxable","10":"product-type-simple"},"_links":{"self":[{"href":"https:\/\/uj.adatbank.ro\/lexikon\/wp-json\/wp\/v2\/product\/4422","targetHints":{"allow":["GET"]}}],"collection":[{"href":"https:\/\/uj.adatbank.ro\/lexikon\/wp-json\/wp\/v2\/product"}],"about":[{"href":"https:\/\/uj.adatbank.ro\/lexikon\/wp-json\/wp\/v2\/types\/product"}],"replies":[{"embeddable":true,"href":"https:\/\/uj.adatbank.ro\/lexikon\/wp-json\/wp\/v2\/comments?post=4422"}],"wp:attachment":[{"href":"https:\/\/uj.adatbank.ro\/lexikon\/wp-json\/wp\/v2\/media?parent=4422"}],"wp:term":[{"taxonomy":"product_brand","embeddable":true,"href":"https:\/\/uj.adatbank.ro\/lexikon\/wp-json\/wp\/v2\/product_brand?post=4422"},{"taxonomy":"product_cat","embeddable":true,"href":"https:\/\/uj.adatbank.ro\/lexikon\/wp-json\/wp\/v2\/product_cat?post=4422"},{"taxonomy":"product_tag","embeddable":true,"href":"https:\/\/uj.adatbank.ro\/lexikon\/wp-json\/wp\/v2\/product_tag?post=4422"}],"curies":[{"name":"wp","href":"https:\/\/api.w.org\/{rel}","templated":true}]}}

BERDE Mózes

<p>1815., † 1893.: földbirtokos, ügyvéd. – Mv.-en jogot tanult (1837–). Radnóton a gr. bethleni Bethlen család meghatalmazottja. Részt vett az 1848-as forradalomban, az agyagfalvi székely gyűlés egyik elnöke, kormánybiztos. Halálra ítélték de büntetését 4 évi várfogságra változtatták. Kiszabadulása után vagyonát egyházára hagyta. Alapítványa felhasználásával épült a kv.-i és székelykeresztúri unit. koll. Nevéhez füződik a szegény tanulóknak naponta kijáró Berde cipó. Búnban is jelentős nagyságú birtokai voltak, amelyből, közel 1400 holdat, az Unit. Egyházra hagyományozta, más birtokait a Ref. Egyházra hagyta. A földosztáskor a búni földeket kisajátították, az unit. egyháznak 2 holdat hagytak meg. Az egyház fellebbezett a kisajátítás ellen, de a 2 holdon kívül, csak a kastély helyét (5 hold) hagyták még jóvá számukra (1923. ápr. 4.). Az egyháznak egy későbbi kontesztációja nyomán még 250 hold erdőt mentettek fel a kisajátítás alól (1930. dec. 22.). Ugyanakkor a ref. egyháztól a keresztúri birtokokból kisajátítottak egy holdat a keresztúri ort. templom építésére is (1930). <br /><strong>Irod.:</strong> Deák Farkas: Fogságom története (Buk., 1972); Egyed Á. 2013; Pesty 2014; Prozan</br></p>

<p>1815., † 1893.: földbirtokos, ügyvéd. – Mv.-en jogot tanult (1837–). Radnóton a gr. bethleni Bethlen család meghatalmazottja. Részt vett az 1848-as forradalomban, az agyagfalvi székely gyűlés egyik elnöke, kormánybiztos. Halálra ítélték de büntetését 4 évi várfogságra változtatták. Kiszabadulása után vagyonát egyházára hagyta. Alapítványa felhasználásával épült a kv.-i és székelykeresztúri unit. koll. Nevéhez füződik a szegény tanulóknak [&hellip;]</p>
