{"id":4424,"date":"2025-06-28T16:41:06","date_gmt":"2025-06-28T14:41:06","guid":{"rendered":"https:\/\/uj.adatbank.ro\/lexikon\/termek\/berecz-ferenc-%c2%a7\/"},"modified":"2025-06-28T16:41:06","modified_gmt":"2025-06-28T14:41:06","slug":"berecz-ferenc-%c2%a7","status":"publish","type":"product","link":"https:\/\/uj.adatbank.ro\/lexikon\/termek\/berecz-ferenc-%c2%a7\/","title":{"rendered":"BERECZ Ferenc, \u00a7"},"content":{"rendered":"<p>Medgyes, 1942. okt. 22., \u2020 Mv., 2004. szept. 27.: \u00f6tv\u00f6sm\u0171v\u00e9sz, \u00e9kszer\u00e9sz, m\u0171kedvel\u0151 k\u00e9pz\u0151m\u0171v\u00e9sz. \u2013Testv\u00e9re B. Erzs\u00e9bet. Feles\u00e9ge Erd\u0151s Ir\u00e9n franciatan\u00e1r. Le\u00e1nyaik: Zselyke, Zsuzsa. \u2013 Elemi iskol\u00e1t Sz\u00e1szmedgyesen, k\u00f6z\u00e9piskolai tanulm\u00e1nyait a nagyenyedi Bethlen G\u00e1bor koll.-ban v\u00e9gezte (1960); Kiskapuson v\u00e9gzett technikumot sz\u00ednesf\u00e9mkoh\u00e1szat \u00e9s vegy\u00e9szet szakon. Egy \u00e9vig \u00fczemvezet\u0151 Nagyb\u00e1ny\u00e1n, majd m\u00e1sf\u00e9l \u00e9vig katona volt; a mv.-i Azomure\u015f Combinat alkalmazottja: el\u0151bb \u00fczemvezet\u0151, majd f\u0151technikus a munkav\u00e9delmi oszt\u00e1lyon nyugd\u00edjaz\u00e1s\u00e1ig (1965\u201398). Rezet \u00e9s ez\u00fcst\u00f6t dombor\u00edtott, de csontot, f\u00e1t, magvakat is megmunk\u00e1lt: t\u00e1lakat, kelyheket, kit\u0171z\u0151ket, klipszeket, kark\u00f6t\u0151ket, gy\u0171r\u0171ket k\u00e9sz\u00edtett, kegyt\u00e1rgyakat, \u00e9kszereket jav\u00edtott. Nagy hat\u00e1ssal volt r\u00e1 a n\u00e9pm\u0171v\u00e9szet, hajl\u00e9kony, l\u00e1gy vonalakkal alak\u00edtotta mint\u00e1it. Els\u0151 alkalommal jelentkezett \u00f6tv\u00f6smunk\u00e1ival csoportos ki\u00e1ll\u00edt\u00e1son Mv. \u2013megyei t\u00e1rlaton (1970); majd \u00e9venk\u00e9nt Mv.-en \u00e9s Szov\u00e1t\u00e1n, Tusn\u00e1don, Sz\u00e1szr\u00e9genben, Segesv\u00e1ron, Sz\u00e1szmedgyesen, Sz\u00e9kelykereszt\u00faron, Gyulafeh\u00e9rv\u00e1ron, Kv.-on, Buk.-ben is (1978\u201383). D\u00edjazt\u00e1k: Mv. megyei II. d\u00edj (1981), Buk. orsz\u00e1gos II. d\u00edj (1981), Mv. megyei t\u00e1rlaton I. d\u00edj (1985\u201387). A Maros Megyei Amat\u0151r K\u00e9pz\u0151m\u0171v\u00e9szek Sz\u00f6vets\u00e9ge alap\u00edt\u00f3 tagja (1977\u20132001), \u00e9s bevitte a csal\u00e1d m\u00e1sik n\u00e9gy tagj\u00e1t is. \u2013 <strong>F. ki\u00e1ll.:<\/strong> A mv.-i St\u00fadi\u00f3 Sz\u00ednh\u00e1z el\u0151csarnok\u00e1ban (1974), csoportos ki\u00e1ll\u00edt\u00e1s a Nemzeti Sz\u00ednh\u00e1z el\u0151csarnok\u00e1ban (1980), az Apoll\u00f3ban (1985\u201386); mv.-i Unit. egyh\u00e1z Tan\u00e1csterm\u00e9ben k\u00f6z\u00f6sen a csal\u00e1dtagjaival (2002, 2003). <br \/><strong>Irod.:<\/strong> APM; Berecz Ir\u00e9n: Tulip\u00e1nb\u00f3l meg lehet \u00e9lni: B. F. \u00f6tv\u00f6sm\u0171v\u00e9sz-\u00e9kszer\u00e9sz \u00e9lete \u00e9s munk\u00e1ss\u00e1ga (Korond, 2006); Borda, Dorin \u2013 Romeo, Soare: Galaxia valorilor (Tg. M., 2007); Ferencz Mel\u00e1nia: \u00cdr\u00e1sba foglalt \u00e9letm\u0171 (N\u00fa., 2006. szept. 19.); F\u0151szerepben a B. csal\u00e1d (N\u00fa., 2002. dec. 11.); Opri\u015f 2018; Opri\u015f-Mure\u015fan; Todea 2013 \/49-ben = P\u00e1l-Antal\u2013Simon<\/br><\/p>\n","protected":false},"excerpt":{"rendered":"<p>Medgyes, 1942. okt. 22., \u2020 Mv., 2004. szept. 27.: \u00f6tv\u00f6sm\u0171v\u00e9sz, \u00e9kszer\u00e9sz, m\u0171kedvel\u0151 k\u00e9pz\u0151m\u0171v\u00e9sz. \u2013Testv\u00e9re B. Erzs\u00e9bet. Feles\u00e9ge Erd\u0151s Ir\u00e9n franciatan\u00e1r. Le\u00e1nyaik: Zselyke, Zsuzsa. \u2013 Elemi iskol\u00e1t Sz\u00e1szmedgyesen, k\u00f6z\u00e9piskolai tanulm\u00e1nyait a nagyenyedi Bethlen G\u00e1bor koll.-ban v\u00e9gezte (1960); Kiskapuson v\u00e9gzett technikumot sz\u00ednesf\u00e9mkoh\u00e1szat \u00e9s vegy\u00e9szet szakon. Egy \u00e9vig \u00fczemvezet\u0151 Nagyb\u00e1ny\u00e1n, majd m\u00e1sf\u00e9l \u00e9vig katona volt; a mv.-i Azomure\u015f [&hellip;]<\/p>\n","protected":false},"featured_media":0,"comment_status":"open","ping_status":"closed","template":"","meta":[],"product_brand":[],"product_cat":[137],"product_tag":[],"class_list":{"0":"post-4424","1":"product","2":"type-product","3":"status-publish","5":"product_cat-maros-megyei-eletrajzi-lexikon","7":"first","8":"instock","9":"shipping-taxable","10":"product-type-simple"},"_links":{"self":[{"href":"https:\/\/uj.adatbank.ro\/lexikon\/wp-json\/wp\/v2\/product\/4424","targetHints":{"allow":["GET"]}}],"collection":[{"href":"https:\/\/uj.adatbank.ro\/lexikon\/wp-json\/wp\/v2\/product"}],"about":[{"href":"https:\/\/uj.adatbank.ro\/lexikon\/wp-json\/wp\/v2\/types\/product"}],"replies":[{"embeddable":true,"href":"https:\/\/uj.adatbank.ro\/lexikon\/wp-json\/wp\/v2\/comments?post=4424"}],"wp:attachment":[{"href":"https:\/\/uj.adatbank.ro\/lexikon\/wp-json\/wp\/v2\/media?parent=4424"}],"wp:term":[{"taxonomy":"product_brand","embeddable":true,"href":"https:\/\/uj.adatbank.ro\/lexikon\/wp-json\/wp\/v2\/product_brand?post=4424"},{"taxonomy":"product_cat","embeddable":true,"href":"https:\/\/uj.adatbank.ro\/lexikon\/wp-json\/wp\/v2\/product_cat?post=4424"},{"taxonomy":"product_tag","embeddable":true,"href":"https:\/\/uj.adatbank.ro\/lexikon\/wp-json\/wp\/v2\/product_tag?post=4424"}],"curies":[{"name":"wp","href":"https:\/\/api.w.org\/{rel}","templated":true}]}}