{"id":4425,"date":"2025-06-28T16:41:09","date_gmt":"2025-06-28T14:41:09","guid":{"rendered":"https:\/\/uj.adatbank.ro\/lexikon\/termek\/bereczki-andras\/"},"modified":"2025-06-28T16:41:09","modified_gmt":"2025-06-28T14:41:09","slug":"bereczki-andras","status":"publish","type":"product","link":"https:\/\/uj.adatbank.ro\/lexikon\/termek\/bereczki-andras\/","title":{"rendered":"BERECZKI Andr\u00e1s"},"content":{"rendered":"<p>? \u2020\u00a0? : f\u00f6ldbirtokos. \u2013 Feles\u00e9ge: S\u00e1rosi S\u00e1ra. Fia B. Ferenc. \u2013 A csal\u00e1dnak el\u00e9v\u00fclhetetlen \u00e9rdemei voltak a torboszl\u00f3i ref. egyh\u00e1z fenntart\u00e1s\u00e1ban, a feles\u00e9ge \u00e9s fia templom- \u00e9s cinterem helyet adom\u00e1nyozott az egyh\u00e1znak (1713), az els\u0151 egyh\u00e1zi vagyonlelt\u00e1r szerint (1756), klenodiumokat is aj\u00e1nd\u00e9koztak (1720). <br \/><strong>Irod.:<\/strong> Torboszl\u00f3<\/br><\/p>\n","protected":false},"excerpt":{"rendered":"<p>? \u2020\u00a0? : f\u00f6ldbirtokos. \u2013 Feles\u00e9ge: S\u00e1rosi S\u00e1ra. Fia B. Ferenc. \u2013 A csal\u00e1dnak el\u00e9v\u00fclhetetlen \u00e9rdemei voltak a torboszl\u00f3i ref. egyh\u00e1z fenntart\u00e1s\u00e1ban, a feles\u00e9ge \u00e9s fia templom- \u00e9s cinterem helyet adom\u00e1nyozott az egyh\u00e1znak (1713), az els\u0151 egyh\u00e1zi vagyonlelt\u00e1r szerint (1756), klenodiumokat is aj\u00e1nd\u00e9koztak (1720). Irod.: Torboszl\u00f3<\/p>\n","protected":false},"featured_media":0,"comment_status":"open","ping_status":"closed","template":"","meta":[],"product_brand":[],"product_cat":[137],"product_tag":[],"class_list":{"0":"post-4425","1":"product","2":"type-product","3":"status-publish","5":"product_cat-maros-megyei-eletrajzi-lexikon","7":"first","8":"instock","9":"shipping-taxable","10":"product-type-simple"},"_links":{"self":[{"href":"https:\/\/uj.adatbank.ro\/lexikon\/wp-json\/wp\/v2\/product\/4425","targetHints":{"allow":["GET"]}}],"collection":[{"href":"https:\/\/uj.adatbank.ro\/lexikon\/wp-json\/wp\/v2\/product"}],"about":[{"href":"https:\/\/uj.adatbank.ro\/lexikon\/wp-json\/wp\/v2\/types\/product"}],"replies":[{"embeddable":true,"href":"https:\/\/uj.adatbank.ro\/lexikon\/wp-json\/wp\/v2\/comments?post=4425"}],"wp:attachment":[{"href":"https:\/\/uj.adatbank.ro\/lexikon\/wp-json\/wp\/v2\/media?parent=4425"}],"wp:term":[{"taxonomy":"product_brand","embeddable":true,"href":"https:\/\/uj.adatbank.ro\/lexikon\/wp-json\/wp\/v2\/product_brand?post=4425"},{"taxonomy":"product_cat","embeddable":true,"href":"https:\/\/uj.adatbank.ro\/lexikon\/wp-json\/wp\/v2\/product_cat?post=4425"},{"taxonomy":"product_tag","embeddable":true,"href":"https:\/\/uj.adatbank.ro\/lexikon\/wp-json\/wp\/v2\/product_tag?post=4425"}],"curies":[{"name":"wp","href":"https:\/\/api.w.org\/{rel}","templated":true}]}}