{"id":4426,"date":"2025-06-28T16:41:12","date_gmt":"2025-06-28T14:41:12","guid":{"rendered":"https:\/\/uj.adatbank.ro\/lexikon\/termek\/bereczki-andras-2\/"},"modified":"2025-06-28T16:41:12","modified_gmt":"2025-06-28T14:41:12","slug":"bereczki-andras-2","status":"publish","type":"product","link":"https:\/\/uj.adatbank.ro\/lexikon\/termek\/bereczki-andras-2\/","title":{"rendered":"BERECZKI Andr\u00e1s"},"content":{"rendered":"<p>? \u2020\u00a01805. \u00e1pr. 14.: r. k. pap. \u2013 Mv.-en (1778\u201381), Gyulafeh\u00e9rv\u00e1ron (1783) \u00e9s Pesten tanult. K\u00e1pl\u00e1n Brass\u00f3ban (1787 ut\u00e1n), pl\u00e9b\u00e1nos T\u00fcrk\u00f6s\u00f6n (1794), Ny\u00e1r\u00e1dk\u00f6szv\u00e9nyes-Ny\u00e1r\u00e1dremet\u00e9n (1802\u2013). <br \/><strong>Irod.:<\/strong> Ferenczi S\u00e1ndor 2009<\/br><\/p>\n","protected":false},"excerpt":{"rendered":"<p>? \u2020\u00a01805. \u00e1pr. 14.: r. k. pap. \u2013 Mv.-en (1778\u201381), Gyulafeh\u00e9rv\u00e1ron (1783) \u00e9s Pesten tanult. K\u00e1pl\u00e1n Brass\u00f3ban (1787 ut\u00e1n), pl\u00e9b\u00e1nos T\u00fcrk\u00f6s\u00f6n (1794), Ny\u00e1r\u00e1dk\u00f6szv\u00e9nyes-Ny\u00e1r\u00e1dremet\u00e9n (1802\u2013). Irod.: Ferenczi S\u00e1ndor 2009<\/p>\n","protected":false},"featured_media":0,"comment_status":"open","ping_status":"closed","template":"","meta":[],"product_brand":[],"product_cat":[137],"product_tag":[],"class_list":{"0":"post-4426","1":"product","2":"type-product","3":"status-publish","5":"product_cat-maros-megyei-eletrajzi-lexikon","7":"first","8":"instock","9":"shipping-taxable","10":"product-type-simple"},"_links":{"self":[{"href":"https:\/\/uj.adatbank.ro\/lexikon\/wp-json\/wp\/v2\/product\/4426","targetHints":{"allow":["GET"]}}],"collection":[{"href":"https:\/\/uj.adatbank.ro\/lexikon\/wp-json\/wp\/v2\/product"}],"about":[{"href":"https:\/\/uj.adatbank.ro\/lexikon\/wp-json\/wp\/v2\/types\/product"}],"replies":[{"embeddable":true,"href":"https:\/\/uj.adatbank.ro\/lexikon\/wp-json\/wp\/v2\/comments?post=4426"}],"wp:attachment":[{"href":"https:\/\/uj.adatbank.ro\/lexikon\/wp-json\/wp\/v2\/media?parent=4426"}],"wp:term":[{"taxonomy":"product_brand","embeddable":true,"href":"https:\/\/uj.adatbank.ro\/lexikon\/wp-json\/wp\/v2\/product_brand?post=4426"},{"taxonomy":"product_cat","embeddable":true,"href":"https:\/\/uj.adatbank.ro\/lexikon\/wp-json\/wp\/v2\/product_cat?post=4426"},{"taxonomy":"product_tag","embeddable":true,"href":"https:\/\/uj.adatbank.ro\/lexikon\/wp-json\/wp\/v2\/product_tag?post=4426"}],"curies":[{"name":"wp","href":"https:\/\/api.w.org\/{rel}","templated":true}]}}