{"id":4440,"date":"2025-06-28T16:41:42","date_gmt":"2025-06-28T14:41:42","guid":{"rendered":"https:\/\/uj.adatbank.ro\/lexikon\/termek\/bereczki-sandor-torboszloi-beretzky-sandor\/"},"modified":"2025-06-28T16:41:42","modified_gmt":"2025-06-28T14:41:42","slug":"bereczki-sandor-torboszloi-beretzky-sandor","status":"publish","type":"product","link":"https:\/\/uj.adatbank.ro\/lexikon\/termek\/bereczki-sandor-torboszloi-beretzky-sandor\/","title":{"rendered":"BERECZKI S\u00e1ndor, torboszl\u00f3i, Beretzky S\u00e1ndor"},"content":{"rendered":"<p>1817.?, \u2020 Torboszl\u00f3, 1885. aug. 20.: f\u00f6ldbirtokos, szolgab\u00edr\u00f3. \u2013 Testv\u00e9re: L\u00e1szl\u00f3. Feles\u00e9ge: tarcsfalvi P\u00e1lffi Zsuzsa. \u2013 Testv\u00e9r\u00e9vel az 1848\u201349-es szabads\u00e1gharc \u00fcgy\u00e9nek t\u00e1mogat\u00f3ja volt. Szolgab\u00edr\u00f3, dull\u00f3 biztos Sz\u00e9kelyber\u00e9ben, az \u00f6nk\u00e9nt jelentkez\u0151 lakosokb\u00f3l egy sz\u00e1zadot \u00e1ll\u00edtott a f\u0151kir\u00e1lyb\u00edr\u00f3 rendelkez\u00e9s\u00e9re, fegyvert ig\u00e9nyelt nekik (1848. szept. 20.). <br \/><strong>Irod.:<\/strong> 1848\u20131849 Marossz\u00e9k; Gy\u00e1szjelent\u0151; Torboszl\u00f3<\/br><\/p>\n","protected":false},"excerpt":{"rendered":"<p>1817.?, \u2020 Torboszl\u00f3, 1885. aug. 20.: f\u00f6ldbirtokos, szolgab\u00edr\u00f3. \u2013 Testv\u00e9re: L\u00e1szl\u00f3. Feles\u00e9ge: tarcsfalvi P\u00e1lffi Zsuzsa. \u2013 Testv\u00e9r\u00e9vel az 1848\u201349-es szabads\u00e1gharc \u00fcgy\u00e9nek t\u00e1mogat\u00f3ja volt. Szolgab\u00edr\u00f3, dull\u00f3 biztos Sz\u00e9kelyber\u00e9ben, az \u00f6nk\u00e9nt jelentkez\u0151 lakosokb\u00f3l egy sz\u00e1zadot \u00e1ll\u00edtott a f\u0151kir\u00e1lyb\u00edr\u00f3 rendelkez\u00e9s\u00e9re, fegyvert ig\u00e9nyelt nekik (1848. szept. 20.). Irod.: 1848\u20131849 Marossz\u00e9k; Gy\u00e1szjelent\u0151; Torboszl\u00f3<\/p>\n","protected":false},"featured_media":0,"comment_status":"open","ping_status":"closed","template":"","meta":[],"product_brand":[],"product_cat":[137],"product_tag":[],"class_list":{"0":"post-4440","1":"product","2":"type-product","3":"status-publish","5":"product_cat-maros-megyei-eletrajzi-lexikon","7":"first","8":"instock","9":"shipping-taxable","10":"product-type-simple"},"_links":{"self":[{"href":"https:\/\/uj.adatbank.ro\/lexikon\/wp-json\/wp\/v2\/product\/4440","targetHints":{"allow":["GET"]}}],"collection":[{"href":"https:\/\/uj.adatbank.ro\/lexikon\/wp-json\/wp\/v2\/product"}],"about":[{"href":"https:\/\/uj.adatbank.ro\/lexikon\/wp-json\/wp\/v2\/types\/product"}],"replies":[{"embeddable":true,"href":"https:\/\/uj.adatbank.ro\/lexikon\/wp-json\/wp\/v2\/comments?post=4440"}],"wp:attachment":[{"href":"https:\/\/uj.adatbank.ro\/lexikon\/wp-json\/wp\/v2\/media?parent=4440"}],"wp:term":[{"taxonomy":"product_brand","embeddable":true,"href":"https:\/\/uj.adatbank.ro\/lexikon\/wp-json\/wp\/v2\/product_brand?post=4440"},{"taxonomy":"product_cat","embeddable":true,"href":"https:\/\/uj.adatbank.ro\/lexikon\/wp-json\/wp\/v2\/product_cat?post=4440"},{"taxonomy":"product_tag","embeddable":true,"href":"https:\/\/uj.adatbank.ro\/lexikon\/wp-json\/wp\/v2\/product_tag?post=4440"}],"curies":[{"name":"wp","href":"https:\/\/api.w.org\/{rel}","templated":true}]}}

BERECZKI Sándor, torboszlói, Beretzky Sándor

<p>1817.?, † Torboszló, 1885. aug. 20.: földbirtokos, szolgabíró. – Testvére: László. Felesége: tarcsfalvi Pálffi Zsuzsa. – Testvérével az 1848–49-es szabadságharc ügyének támogatója volt. Szolgabíró, dulló biztos Székelyberében, az önként jelentkező lakosokból egy századot állított a főkirálybíró rendelkezésére, fegyvert igényelt nekik (1848. szept. 20.). <br /><strong>Irod.:</strong> 1848–1849 Marosszék; Gyászjelentő; Torboszló</br></p>

<p>1817.?, † Torboszló, 1885. aug. 20.: földbirtokos, szolgabíró. – Testvére: László. Felesége: tarcsfalvi Pálffi Zsuzsa. – Testvérével az 1848–49-es szabadságharc ügyének támogatója volt. Szolgabíró, dulló biztos Székelyberében, az önként jelentkező lakosokból egy századot állított a főkirálybíró rendelkezésére, fegyvert igényelt nekik (1848. szept. 20.). Irod.: 1848–1849 Marosszék; Gyászjelentő; Torboszló</p>
