{"id":4446,"date":"2025-06-28T16:42:00","date_gmt":"2025-06-28T14:42:00","guid":{"rendered":"https:\/\/uj.adatbank.ro\/lexikon\/termek\/bereczky-mathe-torboszloi-es-szentrontasi-bereczki-mathe\/"},"modified":"2025-06-28T16:42:00","modified_gmt":"2025-06-28T14:42:00","slug":"bereczky-mathe-torboszloi-es-szentrontasi-bereczki-mathe","status":"publish","type":"product","link":"https:\/\/uj.adatbank.ro\/lexikon\/termek\/bereczky-mathe-torboszloi-es-szentrontasi-bereczki-mathe\/","title":{"rendered":"BERECZKY M\u00e1th\u00e9, torboszl\u00f3i \u00e9s szentront\u00e1si, Bereczki M\u00e1th\u00e9"},"content":{"rendered":"<p>? \u2020\u00a0? : birtokos nemes, f\u0151kir\u00e1lyb\u00edr\u00f3. \u2013 Szentront\u00e1si \u00e9s torboszl\u00f3i birtokos volt (1579-ben), Szenth\u00e1roms\u00e1gon lakott, Marossz\u00e9k f\u0151kir\u00e1lyb\u00edr\u00e1ja (1594). B\u00e1thori G\u00e1bor birtokokat adom\u00e1nyozott neki Szov\u00e1t\u00e1n, Havadt\u0151n, Gegesen, Szentl\u00e1szl\u00f3n, Szentront\u00e1son (1609. okt. 20.); Maros sz\u00e9kben n\u00e9h\u00e1ny jobb\u00e1gyot kapott adom\u00e1nyba B\u00e1thori G\u00e1bort\u00f3l (1609. okt. 20). majd Torboszl\u00f3, Ernye, Bezed, Szov\u00e1ta, Kib\u00e9d, Havadt\u0151, Szentgerice, Szentimre \u00e9s Szentl\u00e1szl\u00f3 falvakat adta nova donati\u00f3ban (1612. m\u00e1j. 22.), a primori rendben szerepelt (1614), Marossz\u00e9k alkir\u00e1lyb\u00edr\u00e1ja volt (1622). <br \/><strong>Irod.:<\/strong> Nagy Iv\u00e1n; P\u00e1lmay; Szenth\u00e1roms\u00e1g; SzOkl 6; Szov\u00e1ta; \u00daIL<\/br><\/p>\n","protected":false},"excerpt":{"rendered":"<p>? \u2020\u00a0? : birtokos nemes, f\u0151kir\u00e1lyb\u00edr\u00f3. \u2013 Szentront\u00e1si \u00e9s torboszl\u00f3i birtokos volt (1579-ben), Szenth\u00e1roms\u00e1gon lakott, Marossz\u00e9k f\u0151kir\u00e1lyb\u00edr\u00e1ja (1594). B\u00e1thori G\u00e1bor birtokokat adom\u00e1nyozott neki Szov\u00e1t\u00e1n, Havadt\u0151n, Gegesen, Szentl\u00e1szl\u00f3n, Szentront\u00e1son (1609. okt. 20.); Maros sz\u00e9kben n\u00e9h\u00e1ny jobb\u00e1gyot kapott adom\u00e1nyba B\u00e1thori G\u00e1bort\u00f3l (1609. okt. 20). majd Torboszl\u00f3, Ernye, Bezed, Szov\u00e1ta, Kib\u00e9d, Havadt\u0151, Szentgerice, Szentimre \u00e9s Szentl\u00e1szl\u00f3 falvakat adta [&hellip;]<\/p>\n","protected":false},"featured_media":0,"comment_status":"open","ping_status":"closed","template":"","meta":[],"product_brand":[],"product_cat":[137],"product_tag":[],"class_list":{"0":"post-4446","1":"product","2":"type-product","3":"status-publish","5":"product_cat-maros-megyei-eletrajzi-lexikon","7":"first","8":"instock","9":"shipping-taxable","10":"product-type-simple"},"_links":{"self":[{"href":"https:\/\/uj.adatbank.ro\/lexikon\/wp-json\/wp\/v2\/product\/4446","targetHints":{"allow":["GET"]}}],"collection":[{"href":"https:\/\/uj.adatbank.ro\/lexikon\/wp-json\/wp\/v2\/product"}],"about":[{"href":"https:\/\/uj.adatbank.ro\/lexikon\/wp-json\/wp\/v2\/types\/product"}],"replies":[{"embeddable":true,"href":"https:\/\/uj.adatbank.ro\/lexikon\/wp-json\/wp\/v2\/comments?post=4446"}],"wp:attachment":[{"href":"https:\/\/uj.adatbank.ro\/lexikon\/wp-json\/wp\/v2\/media?parent=4446"}],"wp:term":[{"taxonomy":"product_brand","embeddable":true,"href":"https:\/\/uj.adatbank.ro\/lexikon\/wp-json\/wp\/v2\/product_brand?post=4446"},{"taxonomy":"product_cat","embeddable":true,"href":"https:\/\/uj.adatbank.ro\/lexikon\/wp-json\/wp\/v2\/product_cat?post=4446"},{"taxonomy":"product_tag","embeddable":true,"href":"https:\/\/uj.adatbank.ro\/lexikon\/wp-json\/wp\/v2\/product_tag?post=4446"}],"curies":[{"name":"wp","href":"https:\/\/api.w.org\/{rel}","templated":true}]}}

BERECZKY Máthé, torboszlói és szentrontási, Bereczki Máthé

<p>? † ? : birtokos nemes, főkirálybíró. – Szentrontási és torboszlói birtokos volt (1579-ben), Szentháromságon lakott, Marosszék főkirálybírája (1594). Báthori Gábor birtokokat adományozott neki Szovátán, Havadtőn, Gegesen, Szentlászlón, Szentrontáson (1609. okt. 20.); Maros székben néhány jobbágyot kapott adományba Báthori Gábortól (1609. okt. 20). majd Torboszló, Ernye, Bezed, Szováta, Kibéd, Havadtő, Szentgerice, Szentimre és Szentlászló falvakat adta nova donatióban (1612. máj. 22.), a primori rendben szerepelt (1614), Marosszék alkirálybírája volt (1622). <br /><strong>Irod.:</strong> Nagy Iván; Pálmay; Szentháromság; SzOkl 6; Szováta; ÚIL</br></p>

<p>? † ? : birtokos nemes, főkirálybíró. – Szentrontási és torboszlói birtokos volt (1579-ben), Szentháromságon lakott, Marosszék főkirálybírája (1594). Báthori Gábor birtokokat adományozott neki Szovátán, Havadtőn, Gegesen, Szentlászlón, Szentrontáson (1609. okt. 20.); Maros székben néhány jobbágyot kapott adományba Báthori Gábortól (1609. okt. 20). majd Torboszló, Ernye, Bezed, Szováta, Kibéd, Havadtő, Szentgerice, Szentimre és Szentlászló falvakat adta [&hellip;]</p>
