{"id":4449,"date":"2025-06-28T16:42:05","date_gmt":"2025-06-28T14:42:05","guid":{"rendered":"https:\/\/uj.adatbank.ro\/lexikon\/termek\/bereczky-sandor-bereczki-sandor-torboszloi-es-szentrontasi\/"},"modified":"2025-06-28T16:42:05","modified_gmt":"2025-06-28T14:42:05","slug":"bereczky-sandor-bereczki-sandor-torboszloi-es-szentrontasi","status":"publish","type":"product","link":"https:\/\/uj.adatbank.ro\/lexikon\/termek\/bereczky-sandor-bereczki-sandor-torboszloi-es-szentrontasi\/","title":{"rendered":"BERECZKY S\u00e1ndor, Bereczki S\u00e1ndor, torboszl\u00f3i \u00e9s szentront\u00e1si"},"content":{"rendered":"<p>Torboszl\u00f3, 1815, \u2020 Torboszl\u00f3, 1885. aug. 20. A torboszl\u00f3i Bereczki-temet\u0151ben van a s\u00edrk\u00f6ve, melyet \u00f6zvegye, emelt: ref. lelk\u00e9sz; \u00edr\u00f3, zeneszerz\u0151, ogy.-i k\u00e9pvisel\u0151. \u2013 Feles\u00e9ge: Tarcsfalvi P\u00e1lffi Zsuzsanna (1822\u20131894. m\u00e1rc. 13.). Az 1848\/49-es szabads\u00e1gharban Bem alatt, mint honv\u00e9dkapit\u00e1ny harcolt. A szov\u00e1tai f\u0171rd\u0151\u00e9let szervez\u0151je D\u00f3zsa D\u00e1niellel, kezdem\u00e9nyez\u00e9s\u00fckre \u00e9p\u00fcltek Szov\u00e1taf\u00fcrd\u0151 els\u0151 mag\u00e1nvill\u00e1i. Ny\u00e1r\u00e1dszereda ker\u00fclet ogy.-i k\u00e9pvisel\u0151je volt (1870-es \u00e9vek v\u00e9g\u00e9n). T\u00f6bb n\u00e9pdal sz\u00f6veg\u00e9nek \u00e9s dallam\u00e1nak volt a szerz\u0151je pl. Marossz\u00e9ki piros p\u00e1ris, Lehullott a len vir\u00e1ga. \u2013 <strong>F. m.:<\/strong> A mi dalaink: Ifj\u00fas\u00e1gi dalosk\u00f6nyv (szerk.; Kv., 1936.; 6. kiad., Kv., 1941). <br \/><strong>Irod.:<\/strong> Jakab Elek: Szabads\u00e1gharcunk t\u00f6rt\u00e9net\u00e9hez (Bp., 1880); J\u00f3zsa Andr\u00e1s: Szov\u00e1taf\u00fcrd\u0151 (Korunk, 8. sz., 2009); Koron\u00e1z\u00e1si eml\u00e9kk\u00f6nyv (Bp., 1874); Nagy \u00d6d\u00f6n; P\u00e1lmay; Sepsisz\u00e9ki; \u00daIL<\/br><\/p>\n","protected":false},"excerpt":{"rendered":"<p>Torboszl\u00f3, 1815, \u2020 Torboszl\u00f3, 1885. aug. 20. A torboszl\u00f3i Bereczki-temet\u0151ben van a s\u00edrk\u00f6ve, melyet \u00f6zvegye, emelt: ref. lelk\u00e9sz; \u00edr\u00f3, zeneszerz\u0151, ogy.-i k\u00e9pvisel\u0151. \u2013 Feles\u00e9ge: Tarcsfalvi P\u00e1lffi Zsuzsanna (1822\u20131894. m\u00e1rc. 13.). Az 1848\/49-es szabads\u00e1gharban Bem alatt, mint honv\u00e9dkapit\u00e1ny harcolt. A szov\u00e1tai f\u0171rd\u0151\u00e9let szervez\u0151je D\u00f3zsa D\u00e1niellel, kezdem\u00e9nyez\u00e9s\u00fckre \u00e9p\u00fcltek Szov\u00e1taf\u00fcrd\u0151 els\u0151 mag\u00e1nvill\u00e1i. Ny\u00e1r\u00e1dszereda ker\u00fclet ogy.-i k\u00e9pvisel\u0151je volt (1870-es [&hellip;]<\/p>\n","protected":false},"featured_media":0,"comment_status":"open","ping_status":"closed","template":"","meta":[],"product_brand":[],"product_cat":[137],"product_tag":[],"class_list":{"0":"post-4449","1":"product","2":"type-product","3":"status-publish","5":"product_cat-maros-megyei-eletrajzi-lexikon","7":"first","8":"instock","9":"shipping-taxable","10":"product-type-simple"},"_links":{"self":[{"href":"https:\/\/uj.adatbank.ro\/lexikon\/wp-json\/wp\/v2\/product\/4449","targetHints":{"allow":["GET"]}}],"collection":[{"href":"https:\/\/uj.adatbank.ro\/lexikon\/wp-json\/wp\/v2\/product"}],"about":[{"href":"https:\/\/uj.adatbank.ro\/lexikon\/wp-json\/wp\/v2\/types\/product"}],"replies":[{"embeddable":true,"href":"https:\/\/uj.adatbank.ro\/lexikon\/wp-json\/wp\/v2\/comments?post=4449"}],"wp:attachment":[{"href":"https:\/\/uj.adatbank.ro\/lexikon\/wp-json\/wp\/v2\/media?parent=4449"}],"wp:term":[{"taxonomy":"product_brand","embeddable":true,"href":"https:\/\/uj.adatbank.ro\/lexikon\/wp-json\/wp\/v2\/product_brand?post=4449"},{"taxonomy":"product_cat","embeddable":true,"href":"https:\/\/uj.adatbank.ro\/lexikon\/wp-json\/wp\/v2\/product_cat?post=4449"},{"taxonomy":"product_tag","embeddable":true,"href":"https:\/\/uj.adatbank.ro\/lexikon\/wp-json\/wp\/v2\/product_tag?post=4449"}],"curies":[{"name":"wp","href":"https:\/\/api.w.org\/{rel}","templated":true}]}}