{"id":4451,"date":"2025-06-28T16:42:10","date_gmt":"2025-06-28T14:42:10","guid":{"rendered":"https:\/\/uj.adatbank.ro\/lexikon\/termek\/bereczky-sandor-berecki-sandor\/"},"modified":"2025-06-28T16:42:10","modified_gmt":"2025-06-28T14:42:10","slug":"bereczky-sandor-berecki-sandor","status":"publish","type":"product","link":"https:\/\/uj.adatbank.ro\/lexikon\/termek\/bereczky-sandor-berecki-sandor\/","title":{"rendered":"BERECZKY S\u00e1ndor; Berecki S\u00e1ndor"},"content":{"rendered":"<p>Szenth\u00e1roms\u00e1g, 1861, \u2020\u00a0? : f\u00f6ldbirtokos, gazdatiszt. \u2013 Magasabb tanulm\u00e1nyokkal rendelkezett, k\u00fcl\u00f6nb\u00f6z\u0151 erd\u00e9lyi uradalmakban gazdatiszt volt. Megv\u00e1s\u00e1rolta (1928) Szenth\u00e1roms\u00e1gon a S\u00e1ntha csal\u00e1d udvarh\u00e1z\u00e1t, amit a 18. sz. v\u00e9g\u00e9n \u00e9p\u00edtettek. Az utols\u00f3 tuladonosa, Bereczky S\u00e1ndor (1899\u2013) \u00e9s feles\u00e9ge. <br \/><strong>Irod.:<\/strong> Nagy Iv\u00e1n; P\u00e1lmay; Sepsisz\u00e9ki, Szenth\u00e1roms\u00e1g<\/br><\/p>\n","protected":false},"excerpt":{"rendered":"<p>Szenth\u00e1roms\u00e1g, 1861, \u2020\u00a0? : f\u00f6ldbirtokos, gazdatiszt. \u2013 Magasabb tanulm\u00e1nyokkal rendelkezett, k\u00fcl\u00f6nb\u00f6z\u0151 erd\u00e9lyi uradalmakban gazdatiszt volt. Megv\u00e1s\u00e1rolta (1928) Szenth\u00e1roms\u00e1gon a S\u00e1ntha csal\u00e1d udvarh\u00e1z\u00e1t, amit a 18. sz. v\u00e9g\u00e9n \u00e9p\u00edtettek. Az utols\u00f3 tuladonosa, Bereczky S\u00e1ndor (1899\u2013) \u00e9s feles\u00e9ge. Irod.: Nagy Iv\u00e1n; P\u00e1lmay; Sepsisz\u00e9ki, Szenth\u00e1roms\u00e1g<\/p>\n","protected":false},"featured_media":0,"comment_status":"open","ping_status":"closed","template":"","meta":[],"product_brand":[],"product_cat":[137],"product_tag":[],"class_list":{"0":"post-4451","1":"product","2":"type-product","3":"status-publish","5":"product_cat-maros-megyei-eletrajzi-lexikon","7":"first","8":"instock","9":"shipping-taxable","10":"product-type-simple"},"_links":{"self":[{"href":"https:\/\/uj.adatbank.ro\/lexikon\/wp-json\/wp\/v2\/product\/4451","targetHints":{"allow":["GET"]}}],"collection":[{"href":"https:\/\/uj.adatbank.ro\/lexikon\/wp-json\/wp\/v2\/product"}],"about":[{"href":"https:\/\/uj.adatbank.ro\/lexikon\/wp-json\/wp\/v2\/types\/product"}],"replies":[{"embeddable":true,"href":"https:\/\/uj.adatbank.ro\/lexikon\/wp-json\/wp\/v2\/comments?post=4451"}],"wp:attachment":[{"href":"https:\/\/uj.adatbank.ro\/lexikon\/wp-json\/wp\/v2\/media?parent=4451"}],"wp:term":[{"taxonomy":"product_brand","embeddable":true,"href":"https:\/\/uj.adatbank.ro\/lexikon\/wp-json\/wp\/v2\/product_brand?post=4451"},{"taxonomy":"product_cat","embeddable":true,"href":"https:\/\/uj.adatbank.ro\/lexikon\/wp-json\/wp\/v2\/product_cat?post=4451"},{"taxonomy":"product_tag","embeddable":true,"href":"https:\/\/uj.adatbank.ro\/lexikon\/wp-json\/wp\/v2\/product_tag?post=4451"}],"curies":[{"name":"wp","href":"https:\/\/api.w.org\/{rel}","templated":true}]}}