{"id":4454,"date":"2025-06-28T16:42:14","date_gmt":"2025-06-28T14:42:14","guid":{"rendered":"https:\/\/uj.adatbank.ro\/lexikon\/termek\/beregszaszi-samuel\/"},"modified":"2025-06-28T16:42:14","modified_gmt":"2025-06-28T14:42:14","slug":"beregszaszi-samuel","status":"publish","type":"product","link":"https:\/\/uj.adatbank.ro\/lexikon\/termek\/beregszaszi-samuel\/","title":{"rendered":"BEREGSZ\u00c1SZI S\u00e1muel"},"content":{"rendered":"<p>? \u2020 ? : ref. levita. \u2013 A mv.-i Szentmikl\u00f3s u. k\u00f3rh\u00e1z lelkip\u00e1sztora, a szeg\u00e9ny\u00e1polda el\u0151lj\u00e1r\u00f3ja. \u00d6ssze\u00e1ll\u00edtotta 23 pontban a k\u00f3rh\u00e1z int\u00e9zm\u00e9ny\u00e9nek m\u00f3dos\u00edtott t\u00f6rv\u00e9nyeit, amelyb\u0151l megismerhet\u0151 az int\u00e9zm\u00e9ny tev\u00e9kenys\u00e9ge, \u00e9s azt felterjesztette a f\u0151konziszt\u00f3riumhoz (1722. jan. 30). Ir\u00e1s\u00e1b\u00f3l ismerhet\u0151k az el\u0151tte ott m\u0171k\u00f6d\u0151 papok n\u00e9vsora: B\u00e1nyai Sz\u00e9kely J\u00e1nos 30 \u00e9vet, Sz\u00e9kely P\u00e1l 26 \u00e9vet \u00e9s T\u00f3tfakusi Sz\u00e9kely J\u00e1nos 22 \u00e9vet szolg\u00e1lt. <br \/><strong>Irod.:<\/strong> Id\u0151t\u00e1r 1; Kr\u00f3n. F\u00fcz. (1940. 4\/10)<\/br><\/p>\n","protected":false},"excerpt":{"rendered":"<p>? \u2020 ? : ref. levita. \u2013 A mv.-i Szentmikl\u00f3s u. k\u00f3rh\u00e1z lelkip\u00e1sztora, a szeg\u00e9ny\u00e1polda el\u0151lj\u00e1r\u00f3ja. \u00d6ssze\u00e1ll\u00edtotta 23 pontban a k\u00f3rh\u00e1z int\u00e9zm\u00e9ny\u00e9nek m\u00f3dos\u00edtott t\u00f6rv\u00e9nyeit, amelyb\u0151l megismerhet\u0151 az int\u00e9zm\u00e9ny tev\u00e9kenys\u00e9ge, \u00e9s azt felterjesztette a f\u0151konziszt\u00f3riumhoz (1722. jan. 30). Ir\u00e1s\u00e1b\u00f3l ismerhet\u0151k az el\u0151tte ott m\u0171k\u00f6d\u0151 papok n\u00e9vsora: B\u00e1nyai Sz\u00e9kely J\u00e1nos 30 \u00e9vet, Sz\u00e9kely P\u00e1l 26 \u00e9vet \u00e9s [&hellip;]<\/p>\n","protected":false},"featured_media":0,"comment_status":"open","ping_status":"closed","template":"","meta":[],"product_brand":[],"product_cat":[137],"product_tag":[],"class_list":{"0":"post-4454","1":"product","2":"type-product","3":"status-publish","5":"product_cat-maros-megyei-eletrajzi-lexikon","7":"first","8":"instock","9":"shipping-taxable","10":"product-type-simple"},"_links":{"self":[{"href":"https:\/\/uj.adatbank.ro\/lexikon\/wp-json\/wp\/v2\/product\/4454","targetHints":{"allow":["GET"]}}],"collection":[{"href":"https:\/\/uj.adatbank.ro\/lexikon\/wp-json\/wp\/v2\/product"}],"about":[{"href":"https:\/\/uj.adatbank.ro\/lexikon\/wp-json\/wp\/v2\/types\/product"}],"replies":[{"embeddable":true,"href":"https:\/\/uj.adatbank.ro\/lexikon\/wp-json\/wp\/v2\/comments?post=4454"}],"wp:attachment":[{"href":"https:\/\/uj.adatbank.ro\/lexikon\/wp-json\/wp\/v2\/media?parent=4454"}],"wp:term":[{"taxonomy":"product_brand","embeddable":true,"href":"https:\/\/uj.adatbank.ro\/lexikon\/wp-json\/wp\/v2\/product_brand?post=4454"},{"taxonomy":"product_cat","embeddable":true,"href":"https:\/\/uj.adatbank.ro\/lexikon\/wp-json\/wp\/v2\/product_cat?post=4454"},{"taxonomy":"product_tag","embeddable":true,"href":"https:\/\/uj.adatbank.ro\/lexikon\/wp-json\/wp\/v2\/product_tag?post=4454"}],"curies":[{"name":"wp","href":"https:\/\/api.w.org\/{rel}","templated":true}]}}

BEREGSZÁSZI Sámuel

<p>? † ? : ref. levita. – A mv.-i Szentmiklós u. kórház lelkipásztora, a szegényápolda előljárója. Összeállította 23 pontban a kórház intézményének módosított törvényeit, amelyből megismerhető az intézmény tevékenysége, és azt felterjesztette a főkonzisztóriumhoz (1722. jan. 30). Irásából ismerhetők az előtte ott működő papok névsora: Bányai Székely János 30 évet, Székely Pál 26 évet és Tótfakusi Székely János 22 évet szolgált. <br /><strong>Irod.:</strong> Időtár 1; Krón. Füz. (1940. 4/10)</br></p>

<p>? † ? : ref. levita. – A mv.-i Szentmiklós u. kórház lelkipásztora, a szegényápolda előljárója. Összeállította 23 pontban a kórház intézményének módosított törvényeit, amelyből megismerhető az intézmény tevékenysége, és azt felterjesztette a főkonzisztóriumhoz (1722. jan. 30). Irásából ismerhetők az előtte ott működő papok névsora: Bányai Székely János 30 évet, Székely Pál 26 évet és [&hellip;]</p>
