{"id":4471,"date":"2025-06-28T16:42:53","date_gmt":"2025-06-28T14:42:53","guid":{"rendered":"https:\/\/uj.adatbank.ro\/lexikon\/termek\/bergel-erich\/"},"modified":"2025-06-28T16:42:53","modified_gmt":"2025-06-28T14:42:53","slug":"bergel-erich","status":"publish","type":"product","link":"https:\/\/uj.adatbank.ro\/lexikon\/termek\/bergel-erich\/","title":{"rendered":"BERGEL Erich"},"content":{"rendered":"<p>Barcarozsny\u00f3, 1930. j\u00fan. 1., \u2020\u00a0Ruhpolding (No.), 1998. m\u00e1j. 3.: karmester. \u2013 Testv\u00e9re: Hans Bergel, \u00edr\u00f3. \u2013 Segesv\u00e1ron volt k\u00f6z\u00e9piskol\u00e1s, Kv.-on v\u00e9gezte a Zeneakad\u00e9mi\u00e1t (1950\u201355), karmester, orgona \u00e9s zeneszerz\u00e9s szakon, Antonin Ciolan \u00e9s Liviu Comes tan\u00edtv\u00e1nyak\u00e9nt. Nagyv\u00e1radon m\u0171k\u00f6d\u00f6tt zeneigazgat\u00f3k\u00e9nt, majd a kv.-i Filharm\u00f3nikusok karmestere lett. Feljelentett\u00e9k egyh\u00e1zi zene templomi n\u00e9pszer\u0171s\u00edt\u00e9se, n\u00e9met nyelv\u0171 \u201efasiszta\u201d \u00e9nekl\u00e9s v\u00e1dj\u00e1val. Letart\u00f3ztatt\u00e1k (1959. jan. 13.) koncepci\u00f3s per ut\u00e1n 12 \u00e9vre it\u00e9lt\u00e9k, b\u00f6rt\u00f6nbe z\u00e1rt\u00e1k \u00e9s a 772\/ 1962 t\u00f6rv\u00e9ny alapj\u00e1n szabadult ki (1962. okt. 4.). Trombit\u00e1sk\u00e9nt kezdhette \u00fajra zenei karrierj\u00e9t. Majd el\u0151sz\u0151r Mv.-en vez\u00e9nyelt. Havonta dirig\u00e1lt Mv.-en, a Filharm\u00f3nikusokkal k\u00f6t\u00f6tt f\u00e9lnorm\u00e1s szerz\u0151d\u00e9se \u00e9rtelm\u00e9ben. A kv.-i Filharm\u00f3nia karmestere (1966\u201371). Reperto\u00e1rja, tekint\u00e9lye, sikere egyre n\u0151tt. Karajan megh\u00edv\u00e1s\u00e1ra N\u00e9meto.-ba sz\u00f6k\u00f6tt (1971). A Nemzetk\u00f6zi Bayreuther Ifj\u00fas\u00e1gij\u00e1t\u00e9kok vezet\u0151je (1974\u201380), Ny. Berlinben a M\u0171v\u00e9szeti Akad.-\u00e1n a vez\u00e9nyl\u00e9s \u00e9s zenekari nevel\u00e9s tan\u00e1ra (1979\u2013). Karmesterk\u00e9nt mintegy 160 zenekarral dolgozott valamennyi f\u00f6ldr\u00e9sz harminc\u00f6t orsz\u00e1g\u00e1ban. A Houstoni Szimfonikusok, a BBC t\u00f6bb zenekara, a br\u00fcsszeli Flamand R\u00e1di\u00f3 Zenekara hosszabb ideig is ir\u00e1ny\u00edt\u00e1sa alatt m\u0171k\u00f6d\u00f6tt. A Bp.-i Filharm\u00f3niai T\u00e1rsas\u00e1g Zenekar\u00e1nak vezet\u0151 karnagya, \u00e9s a M. \u00c1llami Operah\u00e1z rendszeres vend\u00e9gkarmestere. Szinf\u00f3nikus Zenekar karmestere (1989\u201394). Sok rom\u00e1niai zenekart is dirg\u00e1lt (1990 ut\u00e1n). R\u00e9szt vett a bp.-i MTV szervezte karmesterverseny zs\u0171rij\u00e9ben. Nagy gonddal befejezte p\u00e9ldak\u00e9p\u00e9nek, J. S. Bachnak A fuga m\u0171v\u00e9szete c. m\u0171v\u00e9t, amit a mv.-i V\u00e1rtemplomban hal\u00e1la el\u0151tt m\u00e9g el\u0151adtak. A Buk.-i Zeneakad\u00e9mia post-mortem Doctor Honoris Causa c.-mel t\u00fcntette ki. Brass\u00f3 d\u00edszpolg\u00e1ra (1996). \u2013 <strong>F. m.:<\/strong> Johann Sebastian Bach. Die Kunst der Fuge: ihre geistige Grundlage im Zeichen der thematischen Bipolaritat\u00a0(Bonn, 1980); Bachs letzte Fuge (Bonn, 1985); Johann Sebastian Bach. Die Kunst der Fuge. Partitur (Bonn, 1997); Lemezei: Metamorphosen \/ Symphonie 2: Strauss und Honegger (Camerata Transylvania; Bp.: Music Center, 2001); Chopin. Piano Concertos no 1 &#038; 2, (Bp. Symphonic Orchestra; Denon, 2003); Johann Sebastian Bach revisited (Cluj Philharmonic Orchestra; Erich Bergel and Gergely Vajda; Audio CD, 2005). <br \/><strong>Irod.:<\/strong> Bergel, Hans: E. B.: Ein Musikerleben (2006, rom\u00e1nul is megjelent 2013); Cazan, Vasile: Erich Bergel eml\u00e9kkoncert (N\u00fa., 1998. j\u00fan. 5.); Csiky Boldizs\u00e1r: Egy hatty\u00fadalra eml\u00e9kezve (N\u00fa., 1998. m\u00e1j. 7.); Filarmonica 50; Internet; Intelectuali rom.<\/br><\/p>\n","protected":false},"excerpt":{"rendered":"<p>Barcarozsny\u00f3, 1930. j\u00fan. 1., \u2020\u00a0Ruhpolding (No.), 1998. m\u00e1j. 3.: karmester. \u2013 Testv\u00e9re: Hans Bergel, \u00edr\u00f3. \u2013 Segesv\u00e1ron volt k\u00f6z\u00e9piskol\u00e1s, Kv.-on v\u00e9gezte a Zeneakad\u00e9mi\u00e1t (1950\u201355), karmester, orgona \u00e9s zeneszerz\u00e9s szakon, Antonin Ciolan \u00e9s Liviu Comes tan\u00edtv\u00e1nyak\u00e9nt. Nagyv\u00e1radon m\u0171k\u00f6d\u00f6tt zeneigazgat\u00f3k\u00e9nt, majd a kv.-i Filharm\u00f3nikusok karmestere lett. Feljelentett\u00e9k egyh\u00e1zi zene templomi n\u00e9pszer\u0171s\u00edt\u00e9se, n\u00e9met nyelv\u0171 \u201efasiszta\u201d \u00e9nekl\u00e9s v\u00e1dj\u00e1val. Letart\u00f3ztatt\u00e1k [&hellip;]<\/p>\n","protected":false},"featured_media":0,"comment_status":"open","ping_status":"closed","template":"","meta":[],"product_brand":[],"product_cat":[137],"product_tag":[],"class_list":{"0":"post-4471","1":"product","2":"type-product","3":"status-publish","5":"product_cat-maros-megyei-eletrajzi-lexikon","7":"first","8":"instock","9":"shipping-taxable","10":"product-type-simple"},"_links":{"self":[{"href":"https:\/\/uj.adatbank.ro\/lexikon\/wp-json\/wp\/v2\/product\/4471","targetHints":{"allow":["GET"]}}],"collection":[{"href":"https:\/\/uj.adatbank.ro\/lexikon\/wp-json\/wp\/v2\/product"}],"about":[{"href":"https:\/\/uj.adatbank.ro\/lexikon\/wp-json\/wp\/v2\/types\/product"}],"replies":[{"embeddable":true,"href":"https:\/\/uj.adatbank.ro\/lexikon\/wp-json\/wp\/v2\/comments?post=4471"}],"wp:attachment":[{"href":"https:\/\/uj.adatbank.ro\/lexikon\/wp-json\/wp\/v2\/media?parent=4471"}],"wp:term":[{"taxonomy":"product_brand","embeddable":true,"href":"https:\/\/uj.adatbank.ro\/lexikon\/wp-json\/wp\/v2\/product_brand?post=4471"},{"taxonomy":"product_cat","embeddable":true,"href":"https:\/\/uj.adatbank.ro\/lexikon\/wp-json\/wp\/v2\/product_cat?post=4471"},{"taxonomy":"product_tag","embeddable":true,"href":"https:\/\/uj.adatbank.ro\/lexikon\/wp-json\/wp\/v2\/product_tag?post=4471"}],"curies":[{"name":"wp","href":"https:\/\/api.w.org\/{rel}","templated":true}]}}

<p>Barcarozsnyó, 1930. jún. 1., † Ruhpolding (No.), 1998. máj. 3.: karmester. – Testvére: Hans Bergel, író. – Segesváron volt középiskolás, Kv.-on végezte a Zeneakadémiát (1950–55), karmester, orgona és zeneszerzés szakon, Antonin Ciolan és Liviu Comes tanítványaként. Nagyváradon működött zeneigazgatóként, majd a kv.-i Filharmónikusok karmestere lett. Feljelentették egyházi zene templomi népszerűsítése, német nyelvű „fasiszta” éneklés vádjával. Letartóztatták (1959. jan. 13.) koncepciós per után 12 évre itélték, börtönbe zárták és a 772/ 1962 törvény alapján szabadult ki (1962. okt. 4.). Trombitásként kezdhette újra zenei karrierjét. Majd előszőr Mv.-en vezényelt. Havonta dirigált Mv.-en, a Filharmónikusokkal kötött félnormás szerződése értelmében. A kv.-i Filharmónia karmestere (1966–71). Repertoárja, tekintélye, sikere egyre nőtt. Karajan meghívására Németo.-ba szökött (1971). A Nemzetközi Bayreuther Ifjúságijátékok vezetője (1974–80), Ny. Berlinben a Művészeti Akad.-án a vezénylés és zenekari nevelés tanára (1979–). Karmesterként mintegy 160 zenekarral dolgozott valamennyi földrész harmincöt országában. A Houstoni Szimfonikusok, a BBC több zenekara, a brüsszeli Flamand Rádió Zenekara hosszabb ideig is irányítása alatt működött. A Bp.-i Filharmóniai Társaság Zenekarának vezető karnagya, és a M. Állami Operaház rendszeres vendégkarmestere. Szinfónikus Zenekar karmestere (1989–94). Sok romániai zenekart is dirgált (1990 után). Részt vett a bp.-i MTV szervezte karmesterverseny zsűrijében. Nagy gonddal befejezte példaképének, J. S. Bachnak A fuga művészete c. művét, amit a mv.-i Vártemplomban halála előtt még előadtak. A Buk.-i Zeneakadémia post-mortem Doctor Honoris Causa c.-mel tüntette ki. Brassó díszpolgára (1996). – <strong>F. m.:</strong> Johann Sebastian Bach. Die Kunst der Fuge: ihre geistige Grundlage im Zeichen der thematischen Bipolaritat (Bonn, 1980); Bachs letzte Fuge (Bonn, 1985); Johann Sebastian Bach. Die Kunst der Fuge. Partitur (Bonn, 1997); Lemezei: Metamorphosen / Symphonie 2: Strauss und Honegger (Camerata Transylvania; Bp.: Music Center, 2001); Chopin. Piano Concertos no 1 &#038; 2, (Bp. Symphonic Orchestra; Denon, 2003); Johann Sebastian Bach revisited (Cluj Philharmonic Orchestra; Erich Bergel and Gergely Vajda; Audio CD, 2005). <br /><strong>Irod.:</strong> Bergel, Hans: E. B.: Ein Musikerleben (2006, románul is megjelent 2013); Cazan, Vasile: Erich Bergel emlékkoncert (Nú., 1998. jún. 5.); Csiky Boldizsár: Egy hattyúdalra emlékezve (Nú., 1998. máj. 7.); Filarmonica 50; Internet; Intelectuali rom.</br></p>

<p>Barcarozsnyó, 1930. jún. 1., † Ruhpolding (No.), 1998. máj. 3.: karmester. – Testvére: Hans Bergel, író. – Segesváron volt középiskolás, Kv.-on végezte a Zeneakadémiát (1950–55), karmester, orgona és zeneszerzés szakon, Antonin Ciolan és Liviu Comes tanítványaként. Nagyváradon működött zeneigazgatóként, majd a kv.-i Filharmónikusok karmestere lett. Feljelentették egyházi zene templomi népszerűsítése, német nyelvű „fasiszta” éneklés vádjával. Letartóztatták [&hellip;]</p>
