{"id":4472,"date":"2025-06-28T16:42:57","date_gmt":"2025-06-28T14:42:57","guid":{"rendered":"https:\/\/uj.adatbank.ro\/lexikon\/termek\/berger-andreas\/"},"modified":"2025-06-28T16:42:57","modified_gmt":"2025-06-28T14:42:57","slug":"berger-andreas","status":"publish","type":"product","link":"https:\/\/uj.adatbank.ro\/lexikon\/termek\/berger-andreas\/","title":{"rendered":"BERGER Andreas"},"content":{"rendered":"<p>Kem\u00e9nynagysz\u00f6ll\u0151s, 1850. okt. 13., \u2020 Nagyszeben, 1919. aug. 7.: katonatiszt, vad\u00e1sz. \u2013 Apja pap volt. \u2013 A gimn.-ot Segesv\u00e1ron v\u00e9gezte, orvosi tanulm\u00e1nyokat J\u00e9n\u00e1ban folytatott, de nem fejezte be (1871\u2013); hadapr\u00f3d iskol\u00e1ba j\u00e1rt Szebenben \u00e9s katonai p\u00e1ly\u00e1ra l\u00e9pett, v\u00e9gezve hadnagy lett a 31-es gyalogezredben (1878. m\u00e1j.), alezredesi rangig jutott (1909). R\u00e9szt vett az I. vh.&#8211;ban. Erd\u00e9ly els\u0151 hegyi turist\u00e1i k\u00f6zz\u00e9 tartozott, alap\u00edt\u00f3 tagja volt az Erd\u00e9lyi K\u00e1rp\u00e1t Egyes\u00fcletnek. Mestere volt az erd\u00e9lyi vad\u00e1szatnak (vad\u00e1szbalesetben halt meg). A Fogarasi-havasokban a r\u00f3la elnevezett Berger-cs\u00facs \u00e9s Berger-csap\u00e1s eml\u00e9keztet az erd\u00e9lyi hegyek megh\u00f3d\u00edt\u00e1s\u00e1\u00e9rt kifejtett szolg\u00e1lataira. Cikkeit k\u00f6zli: Jahrbuch des Siebenb\u00fcrgischen Karpatenvereins; Verhandlungen und Mitteilungen des Siebenb\u00fcrgischen Vereins f\u00fcr Naturwissenschaften in Hermannstadt. <br \/><strong>Irod.:<\/strong> LSS; Szab\u00f3\u2013Simon\u2013Sz\u00f6gi<\/br><\/p>\n","protected":false},"excerpt":{"rendered":"<p>Kem\u00e9nynagysz\u00f6ll\u0151s, 1850. okt. 13., \u2020 Nagyszeben, 1919. aug. 7.: katonatiszt, vad\u00e1sz. \u2013 Apja pap volt. \u2013 A gimn.-ot Segesv\u00e1ron v\u00e9gezte, orvosi tanulm\u00e1nyokat J\u00e9n\u00e1ban folytatott, de nem fejezte be (1871\u2013); hadapr\u00f3d iskol\u00e1ba j\u00e1rt Szebenben \u00e9s katonai p\u00e1ly\u00e1ra l\u00e9pett, v\u00e9gezve hadnagy lett a 31-es gyalogezredben (1878. m\u00e1j.), alezredesi rangig jutott (1909). R\u00e9szt vett az I. vh.&#8211;ban. Erd\u00e9ly [&hellip;]<\/p>\n","protected":false},"featured_media":0,"comment_status":"open","ping_status":"closed","template":"","meta":[],"product_brand":[],"product_cat":[137],"product_tag":[],"class_list":{"0":"post-4472","1":"product","2":"type-product","3":"status-publish","5":"product_cat-maros-megyei-eletrajzi-lexikon","7":"first","8":"instock","9":"shipping-taxable","10":"product-type-simple"},"_links":{"self":[{"href":"https:\/\/uj.adatbank.ro\/lexikon\/wp-json\/wp\/v2\/product\/4472","targetHints":{"allow":["GET"]}}],"collection":[{"href":"https:\/\/uj.adatbank.ro\/lexikon\/wp-json\/wp\/v2\/product"}],"about":[{"href":"https:\/\/uj.adatbank.ro\/lexikon\/wp-json\/wp\/v2\/types\/product"}],"replies":[{"embeddable":true,"href":"https:\/\/uj.adatbank.ro\/lexikon\/wp-json\/wp\/v2\/comments?post=4472"}],"wp:attachment":[{"href":"https:\/\/uj.adatbank.ro\/lexikon\/wp-json\/wp\/v2\/media?parent=4472"}],"wp:term":[{"taxonomy":"product_brand","embeddable":true,"href":"https:\/\/uj.adatbank.ro\/lexikon\/wp-json\/wp\/v2\/product_brand?post=4472"},{"taxonomy":"product_cat","embeddable":true,"href":"https:\/\/uj.adatbank.ro\/lexikon\/wp-json\/wp\/v2\/product_cat?post=4472"},{"taxonomy":"product_tag","embeddable":true,"href":"https:\/\/uj.adatbank.ro\/lexikon\/wp-json\/wp\/v2\/product_tag?post=4472"}],"curies":[{"name":"wp","href":"https:\/\/api.w.org\/{rel}","templated":true}]}}

<p>Keménynagyszöllős, 1850. okt. 13., † Nagyszeben, 1919. aug. 7.: katonatiszt, vadász. – Apja pap volt. – A gimn.-ot Segesváron végezte, orvosi tanulmányokat Jénában folytatott, de nem fejezte be (1871–); hadapród iskolába járt Szebenben és katonai pályára lépett, végezve hadnagy lett a 31-es gyalogezredben (1878. máj.), alezredesi rangig jutott (1909). Részt vett az I. vh.&#8211;ban. Erdély első hegyi turistái közzé tartozott, alapító tagja volt az Erdélyi Kárpát Egyesületnek. Mestere volt az erdélyi vadászatnak (vadászbalesetben halt meg). A Fogarasi-havasokban a róla elnevezett Berger-csúcs és Berger-csapás emlékeztet az erdélyi hegyek meghódításáért kifejtett szolgálataira. Cikkeit közli: Jahrbuch des Siebenbürgischen Karpatenvereins; Verhandlungen und Mitteilungen des Siebenbürgischen Vereins für Naturwissenschaften in Hermannstadt. <br /><strong>Irod.:</strong> LSS; Szabó–Simon–Szögi</br></p>

<p>Keménynagyszöllős, 1850. okt. 13., † Nagyszeben, 1919. aug. 7.: katonatiszt, vadász. – Apja pap volt. – A gimn.-ot Segesváron végezte, orvosi tanulmányokat Jénában folytatott, de nem fejezte be (1871–); hadapród iskolába járt Szebenben és katonai pályára lépett, végezve hadnagy lett a 31-es gyalogezredben (1878. máj.), alezredesi rangig jutott (1909). Részt vett az I. vh.&#8211;ban. Erdély [&hellip;]</p>
