{"id":4476,"date":"2025-06-28T16:43:09","date_gmt":"2025-06-28T14:43:09","guid":{"rendered":"https:\/\/uj.adatbank.ro\/lexikon\/termek\/berger-ferenc-%c2%a7\/"},"modified":"2025-06-28T16:43:09","modified_gmt":"2025-06-28T14:43:09","slug":"berger-ferenc-%c2%a7","status":"publish","type":"product","link":"https:\/\/uj.adatbank.ro\/lexikon\/termek\/berger-ferenc-%c2%a7\/","title":{"rendered":"BERGER Ferenc, \u00a7"},"content":{"rendered":"<p>? \u2020\u00a0? : orvos. \u2013 Tiszti orvos Mv.-en (1866). A zsid\u00f3 ortodox lakoss\u00e1g seg\u00edt\u0151je. <br \/><strong>Irod.:<\/strong> A Magyar Orvosok \u00e9s Term\u00e9szetvizsg\u00e1l\u00f3k 1866. szept. 12. Bp.-en tartott XXVIII. V\u00e1ndorgy\u0171l\u00e9s\u00e9nek t\u00f6rt\u00e9neti v\u00e1zlatai \u00e9s munk\u00e1latai (Pozsony, 1866); Mv. zsid\u00f3s\u00e1ga<\/br><\/p>\n","protected":false},"excerpt":{"rendered":"<p>? \u2020\u00a0? : orvos. \u2013 Tiszti orvos Mv.-en (1866). A zsid\u00f3 ortodox lakoss\u00e1g seg\u00edt\u0151je. Irod.: A Magyar Orvosok \u00e9s Term\u00e9szetvizsg\u00e1l\u00f3k 1866. szept. 12. Bp.-en tartott XXVIII. V\u00e1ndorgy\u0171l\u00e9s\u00e9nek t\u00f6rt\u00e9neti v\u00e1zlatai \u00e9s munk\u00e1latai (Pozsony, 1866); Mv. zsid\u00f3s\u00e1ga<\/p>\n","protected":false},"featured_media":0,"comment_status":"open","ping_status":"closed","template":"","meta":[],"product_brand":[],"product_cat":[137],"product_tag":[],"class_list":{"0":"post-4476","1":"product","2":"type-product","3":"status-publish","5":"product_cat-maros-megyei-eletrajzi-lexikon","7":"first","8":"instock","9":"shipping-taxable","10":"product-type-simple"},"_links":{"self":[{"href":"https:\/\/uj.adatbank.ro\/lexikon\/wp-json\/wp\/v2\/product\/4476","targetHints":{"allow":["GET"]}}],"collection":[{"href":"https:\/\/uj.adatbank.ro\/lexikon\/wp-json\/wp\/v2\/product"}],"about":[{"href":"https:\/\/uj.adatbank.ro\/lexikon\/wp-json\/wp\/v2\/types\/product"}],"replies":[{"embeddable":true,"href":"https:\/\/uj.adatbank.ro\/lexikon\/wp-json\/wp\/v2\/comments?post=4476"}],"wp:attachment":[{"href":"https:\/\/uj.adatbank.ro\/lexikon\/wp-json\/wp\/v2\/media?parent=4476"}],"wp:term":[{"taxonomy":"product_brand","embeddable":true,"href":"https:\/\/uj.adatbank.ro\/lexikon\/wp-json\/wp\/v2\/product_brand?post=4476"},{"taxonomy":"product_cat","embeddable":true,"href":"https:\/\/uj.adatbank.ro\/lexikon\/wp-json\/wp\/v2\/product_cat?post=4476"},{"taxonomy":"product_tag","embeddable":true,"href":"https:\/\/uj.adatbank.ro\/lexikon\/wp-json\/wp\/v2\/product_tag?post=4476"}],"curies":[{"name":"wp","href":"https:\/\/api.w.org\/{rel}","templated":true}]}}