{"id":4479,"date":"2025-06-28T16:43:15","date_gmt":"2025-06-28T14:43:15","guid":{"rendered":"https:\/\/uj.adatbank.ro\/lexikon\/termek\/berger-lipot\/"},"modified":"2025-06-28T16:43:15","modified_gmt":"2025-06-28T14:43:15","slug":"berger-lipot","status":"publish","type":"product","link":"https:\/\/uj.adatbank.ro\/lexikon\/termek\/berger-lipot\/","title":{"rendered":"BERGER Lip\u00f3t"},"content":{"rendered":"<p>? \u2020\u00a0? : t\u0151k\u00e9s. \u2013 Volt t\u0151k\u00e9s, cionista \u00fcgyn\u00f6k. A mv.-i Ciocanul kisipari termel\u0151sz\u00f6vet rossz eredm\u00e9nyei\u00e9rt a befurakodott ellens\u00e9ges er\u0151k\u00e9nt a felel\u0151s t\u00f6bb t\u00e1rs\u00e1val egy\u00fctt (1953. m\u00e1rc.). <br \/><strong>Irod.:<\/strong> Id\u0151t\u00e1r 4.<\/br><\/p>\n","protected":false},"excerpt":{"rendered":"<p>? \u2020\u00a0? : t\u0151k\u00e9s. \u2013 Volt t\u0151k\u00e9s, cionista \u00fcgyn\u00f6k. A mv.-i Ciocanul kisipari termel\u0151sz\u00f6vet rossz eredm\u00e9nyei\u00e9rt a befurakodott ellens\u00e9ges er\u0151k\u00e9nt a felel\u0151s t\u00f6bb t\u00e1rs\u00e1val egy\u00fctt (1953. m\u00e1rc.). Irod.: Id\u0151t\u00e1r 4.<\/p>\n","protected":false},"featured_media":0,"comment_status":"open","ping_status":"closed","template":"","meta":[],"product_brand":[],"product_cat":[137],"product_tag":[],"class_list":{"0":"post-4479","1":"product","2":"type-product","3":"status-publish","5":"product_cat-maros-megyei-eletrajzi-lexikon","7":"first","8":"instock","9":"shipping-taxable","10":"product-type-simple"},"_links":{"self":[{"href":"https:\/\/uj.adatbank.ro\/lexikon\/wp-json\/wp\/v2\/product\/4479","targetHints":{"allow":["GET"]}}],"collection":[{"href":"https:\/\/uj.adatbank.ro\/lexikon\/wp-json\/wp\/v2\/product"}],"about":[{"href":"https:\/\/uj.adatbank.ro\/lexikon\/wp-json\/wp\/v2\/types\/product"}],"replies":[{"embeddable":true,"href":"https:\/\/uj.adatbank.ro\/lexikon\/wp-json\/wp\/v2\/comments?post=4479"}],"wp:attachment":[{"href":"https:\/\/uj.adatbank.ro\/lexikon\/wp-json\/wp\/v2\/media?parent=4479"}],"wp:term":[{"taxonomy":"product_brand","embeddable":true,"href":"https:\/\/uj.adatbank.ro\/lexikon\/wp-json\/wp\/v2\/product_brand?post=4479"},{"taxonomy":"product_cat","embeddable":true,"href":"https:\/\/uj.adatbank.ro\/lexikon\/wp-json\/wp\/v2\/product_cat?post=4479"},{"taxonomy":"product_tag","embeddable":true,"href":"https:\/\/uj.adatbank.ro\/lexikon\/wp-json\/wp\/v2\/product_tag?post=4479"}],"curies":[{"name":"wp","href":"https:\/\/api.w.org\/{rel}","templated":true}]}}