{"id":4482,"date":"2025-06-28T16:43:19","date_gmt":"2025-06-28T14:43:19","guid":{"rendered":"https:\/\/uj.adatbank.ro\/lexikon\/termek\/berianu-nicolau\/"},"modified":"2025-06-28T16:43:19","modified_gmt":"2025-06-28T14:43:19","slug":"berianu-nicolau","status":"publish","type":"product","link":"https:\/\/uj.adatbank.ro\/lexikon\/termek\/berianu-nicolau\/","title":{"rendered":"BERIANU Nicolau"},"content":{"rendered":"<p>Nagyf\u00fclp\u00f6s, 1849 \u2020 ? : g. kat. pap. \u2013 K\u00e9t fi\u00fa apja. \u2013 A sz\u00fcl\u0151falujabeli h\u00edvek nem akart\u00e1k papjukk\u00e9nt elfogadni. A mitropolita nem adott helyet a g\u00e1ncsoskod\u00e1snak, \u00e9s kinevezte Nagyf\u00fclp\u00f6s papj\u00e1v\u00e1, apj\u00e1nak a hely\u00e9re (1877\u201391). Az \u0151 idej\u00e9ben \u00e9p\u00fclt a g. kat. iskola (1888). Mez\u0151k\u00f6lp\u00e9nyben is szolg\u00e1lt 5 \u00e9vet. \u2013 Irod: Dobozi<\/br><\/p>\n","protected":false},"excerpt":{"rendered":"<p>Nagyf\u00fclp\u00f6s, 1849 \u2020 ? : g. kat. pap. \u2013 K\u00e9t fi\u00fa apja. \u2013 A sz\u00fcl\u0151falujabeli h\u00edvek nem akart\u00e1k papjukk\u00e9nt elfogadni. A mitropolita nem adott helyet a g\u00e1ncsoskod\u00e1snak, \u00e9s kinevezte Nagyf\u00fclp\u00f6s papj\u00e1v\u00e1, apj\u00e1nak a hely\u00e9re (1877\u201391). Az \u0151 idej\u00e9ben \u00e9p\u00fclt a g. kat. iskola (1888). Mez\u0151k\u00f6lp\u00e9nyben is szolg\u00e1lt 5 \u00e9vet. \u2013 Irod: Dobozi<\/p>\n","protected":false},"featured_media":0,"comment_status":"open","ping_status":"closed","template":"","meta":[],"product_brand":[],"product_cat":[137],"product_tag":[],"class_list":{"0":"post-4482","1":"product","2":"type-product","3":"status-publish","5":"product_cat-maros-megyei-eletrajzi-lexikon","7":"first","8":"instock","9":"shipping-taxable","10":"product-type-simple"},"_links":{"self":[{"href":"https:\/\/uj.adatbank.ro\/lexikon\/wp-json\/wp\/v2\/product\/4482","targetHints":{"allow":["GET"]}}],"collection":[{"href":"https:\/\/uj.adatbank.ro\/lexikon\/wp-json\/wp\/v2\/product"}],"about":[{"href":"https:\/\/uj.adatbank.ro\/lexikon\/wp-json\/wp\/v2\/types\/product"}],"replies":[{"embeddable":true,"href":"https:\/\/uj.adatbank.ro\/lexikon\/wp-json\/wp\/v2\/comments?post=4482"}],"wp:attachment":[{"href":"https:\/\/uj.adatbank.ro\/lexikon\/wp-json\/wp\/v2\/media?parent=4482"}],"wp:term":[{"taxonomy":"product_brand","embeddable":true,"href":"https:\/\/uj.adatbank.ro\/lexikon\/wp-json\/wp\/v2\/product_brand?post=4482"},{"taxonomy":"product_cat","embeddable":true,"href":"https:\/\/uj.adatbank.ro\/lexikon\/wp-json\/wp\/v2\/product_cat?post=4482"},{"taxonomy":"product_tag","embeddable":true,"href":"https:\/\/uj.adatbank.ro\/lexikon\/wp-json\/wp\/v2\/product_tag?post=4482"}],"curies":[{"name":"wp","href":"https:\/\/api.w.org\/{rel}","templated":true}]}}