{"id":4483,"date":"2025-06-28T16:43:22","date_gmt":"2025-06-28T14:43:22","guid":{"rendered":"https:\/\/uj.adatbank.ro\/lexikon\/termek\/berkes-istvan\/"},"modified":"2025-06-28T16:43:22","modified_gmt":"2025-06-28T14:43:22","slug":"berkes-istvan","status":"publish","type":"product","link":"https:\/\/uj.adatbank.ro\/lexikon\/termek\/berkes-istvan\/","title":{"rendered":"BERKES Istv\u00e1n"},"content":{"rendered":"<p>? \u2020 Mv., 1749. m\u00e1rc. 21.: ref. lelk\u00e9sz. \u2013 A mv.-i Ref. Koll.-ban, majd k\u00fclf\u00f6ldi akad\u00e9mi\u00e1kon tanult; gr. Teleki S\u00e1ndor fi\u00e1nak Lajosnak nevel\u0151je (1733); lelk\u00e9sz Szil\u00e1gys\u00e1msonban (1737), pap a biharmegyei B\u00e1lyokon (1738\u201345), majd Mv.-en lelkitan\u00edt\u00f3, ref. pap (1745\u201349). Val\u00f3sz\u00edn\u0171leg \u0151 gy\u0171jt\u00fctte \u00f6ssze a ref. ekl\u00e9zsia lelkitan\u00edt\u00f3inak n\u00e9vsor\u00e1t (1745). <br \/><strong>Irod.:<\/strong> Farcz\u00e1dy; Id\u0151t\u00e1r 1; Kr\u00f3n. F\u00fcz. (1940. 4\/10); Marossz\u00e9ki kr\u00f3nik\u00e1k 1.; A mv.-i ref. egyh\u00e1z (1727\u2013) anyak\u00f6nyve [k\u00e9zirat]<\/br><\/p>\n","protected":false},"excerpt":{"rendered":"<p>? \u2020 Mv., 1749. m\u00e1rc. 21.: ref. lelk\u00e9sz. \u2013 A mv.-i Ref. Koll.-ban, majd k\u00fclf\u00f6ldi akad\u00e9mi\u00e1kon tanult; gr. Teleki S\u00e1ndor fi\u00e1nak Lajosnak nevel\u0151je (1733); lelk\u00e9sz Szil\u00e1gys\u00e1msonban (1737), pap a biharmegyei B\u00e1lyokon (1738\u201345), majd Mv.-en lelkitan\u00edt\u00f3, ref. pap (1745\u201349). Val\u00f3sz\u00edn\u0171leg \u0151 gy\u0171jt\u00fctte \u00f6ssze a ref. ekl\u00e9zsia lelkitan\u00edt\u00f3inak n\u00e9vsor\u00e1t (1745). Irod.: Farcz\u00e1dy; Id\u0151t\u00e1r 1; Kr\u00f3n. F\u00fcz. (1940. [&hellip;]<\/p>\n","protected":false},"featured_media":0,"comment_status":"open","ping_status":"closed","template":"","meta":[],"product_brand":[],"product_cat":[137],"product_tag":[],"class_list":{"0":"post-4483","1":"product","2":"type-product","3":"status-publish","5":"product_cat-maros-megyei-eletrajzi-lexikon","7":"first","8":"instock","9":"shipping-taxable","10":"product-type-simple"},"_links":{"self":[{"href":"https:\/\/uj.adatbank.ro\/lexikon\/wp-json\/wp\/v2\/product\/4483","targetHints":{"allow":["GET"]}}],"collection":[{"href":"https:\/\/uj.adatbank.ro\/lexikon\/wp-json\/wp\/v2\/product"}],"about":[{"href":"https:\/\/uj.adatbank.ro\/lexikon\/wp-json\/wp\/v2\/types\/product"}],"replies":[{"embeddable":true,"href":"https:\/\/uj.adatbank.ro\/lexikon\/wp-json\/wp\/v2\/comments?post=4483"}],"wp:attachment":[{"href":"https:\/\/uj.adatbank.ro\/lexikon\/wp-json\/wp\/v2\/media?parent=4483"}],"wp:term":[{"taxonomy":"product_brand","embeddable":true,"href":"https:\/\/uj.adatbank.ro\/lexikon\/wp-json\/wp\/v2\/product_brand?post=4483"},{"taxonomy":"product_cat","embeddable":true,"href":"https:\/\/uj.adatbank.ro\/lexikon\/wp-json\/wp\/v2\/product_cat?post=4483"},{"taxonomy":"product_tag","embeddable":true,"href":"https:\/\/uj.adatbank.ro\/lexikon\/wp-json\/wp\/v2\/product_tag?post=4483"}],"curies":[{"name":"wp","href":"https:\/\/api.w.org\/{rel}","templated":true}]}}

BERKES István

<p>? † Mv., 1749. márc. 21.: ref. lelkész. – A mv.-i Ref. Koll.-ban, majd külföldi akadémiákon tanult; gr. Teleki Sándor fiának Lajosnak nevelője (1733); lelkész Szilágysámsonban (1737), pap a biharmegyei Bályokon (1738–45), majd Mv.-en lelkitanító, ref. pap (1745–49). Valószínűleg ő gyűjtütte össze a ref. eklézsia lelkitanítóinak névsorát (1745). <br /><strong>Irod.:</strong> Farczády; Időtár 1; Krón. Füz. (1940. 4/10); Marosszéki krónikák 1.; A mv.-i ref. egyház (1727–) anyakönyve [kézirat]</br></p>

<p>? † Mv., 1749. márc. 21.: ref. lelkész. – A mv.-i Ref. Koll.-ban, majd külföldi akadémiákon tanult; gr. Teleki Sándor fiának Lajosnak nevelője (1733); lelkész Szilágysámsonban (1737), pap a biharmegyei Bályokon (1738–45), majd Mv.-en lelkitanító, ref. pap (1745–49). Valószínűleg ő gyűjtütte össze a ref. eklézsia lelkitanítóinak névsorát (1745). Irod.: Farczády; Időtár 1; Krón. Füz. (1940. [&hellip;]</p>
