{"id":4486,"date":"2025-06-28T16:43:28","date_gmt":"2025-06-28T14:43:28","guid":{"rendered":"https:\/\/uj.adatbank.ro\/lexikon\/termek\/berkeszi-marton-berketzi-marton\/"},"modified":"2025-06-28T16:43:28","modified_gmt":"2025-06-28T14:43:28","slug":"berkeszi-marton-berketzi-marton","status":"publish","type":"product","link":"https:\/\/uj.adatbank.ro\/lexikon\/termek\/berkeszi-marton-berketzi-marton\/","title":{"rendered":"BERKESZI M\u00e1rton; Berketzi M\u00e1rton"},"content":{"rendered":"<p>? \u2020\u00a0? : f\u0151b\u00edr\u00f3. \u2013 A mv.-i esk\u00fcdt k\u00f6z\u00f6ns\u00e9g tagja (1684). Mv. f\u0151b\u00edr\u00e1ja (1703-04), amikor n\u00e1la sz\u00e1llt meg \u00e9s eb\u00e9delt a Mv.-re \u00e9rkez\u0151 Ludwig- Ferdinand Graven cs\u00e1sz\u00e1ri ezredes, a labanc hadak parancsnoka (1703. \u0151sz). <br \/><strong>Irod.:<\/strong> Fodor\u2013Bal\u00e1s, Id\u0151t\u00e1r 1., 5 \/1.; Kr\u00f3n. F\u00fcz. (1940. 4\/10); P\u00e1l-Antal 2006<\/br><\/p>\n","protected":false},"excerpt":{"rendered":"<p>? \u2020\u00a0? : f\u0151b\u00edr\u00f3. \u2013 A mv.-i esk\u00fcdt k\u00f6z\u00f6ns\u00e9g tagja (1684). Mv. f\u0151b\u00edr\u00e1ja (1703-04), amikor n\u00e1la sz\u00e1llt meg \u00e9s eb\u00e9delt a Mv.-re \u00e9rkez\u0151 Ludwig- Ferdinand Graven cs\u00e1sz\u00e1ri ezredes, a labanc hadak parancsnoka (1703. \u0151sz). Irod.: Fodor\u2013Bal\u00e1s, Id\u0151t\u00e1r 1., 5 \/1.; Kr\u00f3n. F\u00fcz. (1940. 4\/10); P\u00e1l-Antal 2006<\/p>\n","protected":false},"featured_media":0,"comment_status":"open","ping_status":"closed","template":"","meta":[],"product_brand":[],"product_cat":[137],"product_tag":[],"class_list":{"0":"post-4486","1":"product","2":"type-product","3":"status-publish","5":"product_cat-maros-megyei-eletrajzi-lexikon","7":"first","8":"instock","9":"shipping-taxable","10":"product-type-simple"},"_links":{"self":[{"href":"https:\/\/uj.adatbank.ro\/lexikon\/wp-json\/wp\/v2\/product\/4486","targetHints":{"allow":["GET"]}}],"collection":[{"href":"https:\/\/uj.adatbank.ro\/lexikon\/wp-json\/wp\/v2\/product"}],"about":[{"href":"https:\/\/uj.adatbank.ro\/lexikon\/wp-json\/wp\/v2\/types\/product"}],"replies":[{"embeddable":true,"href":"https:\/\/uj.adatbank.ro\/lexikon\/wp-json\/wp\/v2\/comments?post=4486"}],"wp:attachment":[{"href":"https:\/\/uj.adatbank.ro\/lexikon\/wp-json\/wp\/v2\/media?parent=4486"}],"wp:term":[{"taxonomy":"product_brand","embeddable":true,"href":"https:\/\/uj.adatbank.ro\/lexikon\/wp-json\/wp\/v2\/product_brand?post=4486"},{"taxonomy":"product_cat","embeddable":true,"href":"https:\/\/uj.adatbank.ro\/lexikon\/wp-json\/wp\/v2\/product_cat?post=4486"},{"taxonomy":"product_tag","embeddable":true,"href":"https:\/\/uj.adatbank.ro\/lexikon\/wp-json\/wp\/v2\/product_tag?post=4486"}],"curies":[{"name":"wp","href":"https:\/\/api.w.org\/{rel}","templated":true}]}}