{"id":4490,"date":"2025-06-28T16:43:34","date_gmt":"2025-06-28T14:43:34","guid":{"rendered":"https:\/\/uj.adatbank.ro\/lexikon\/termek\/bernady-daniel-magyarlaposi-maramarosszigeti\/"},"modified":"2025-06-28T16:43:34","modified_gmt":"2025-06-28T14:43:34","slug":"bernady-daniel-magyarlaposi-maramarosszigeti","status":"publish","type":"product","link":"https:\/\/uj.adatbank.ro\/lexikon\/termek\/bernady-daniel-magyarlaposi-maramarosszigeti\/","title":{"rendered":"BERN\u00c1DY D\u00e1niel, magyarl\u00e1posi, m\u00e1ramarosszigeti"},"content":{"rendered":"<p>Ol\u00e1hl\u00e1pos, 1839. m\u00e1j. 29.,\u2020 Bikafalva, 1884. aug. 2. Mv.-en temett\u00e9k (aug. 4.) a Ref. temet\u0151 S\u00edrk\u0151m\u00fazeum\u00e1ban: gy\u00f3gyszer\u00e9sz. \u2013 Nagyapja: B. Gy\u00f6rgy Fels\u0151b\u00e1ny\u00e1n volt m\u00e9sz\u00e1ros. B. D\u00e1niel b\u00e1nyaorvos, Szolnok-Doboka vm. tiszti f\u0151orvosa \u00e9s Schubert Franciska (1803- Bethlen, 1874) fia. Feles\u00e9ge: 1. Mike Juli\u00e1nna (1843 \u2013 Bethlen, 1864. \u00e1pr. 29.), fi\u00fak: Gy\u00f6rgy. 2. bikfalvi M\u00e1th\u00e9 Janette [Johanna] (1846\u20131904. m\u00e1j. 12.). Gyermekeik: D\u00e1niel (Bethlen, 1867-Bp.,1923), Lajosfalv\u00e1n, B\u00e1nlakon orvos. Feles\u00e9ge (1894. m\u00e1rc. 13. \u2013): Heged\u0171s R\u00f3zsika, B. Gy\u00f6rgy volt els\u0151 feles\u00e9ge; Margit (Bethlen, 1868. dec. 18. \u2013 1903. okt. 1.), v\u00e1rosi alkapit\u00e1ny Ger\u00e9b Lajos (1855\u20131911) feles\u00e9ge; Lajos (Bethlen, 1870. j\u00fal. 30. \u2013 Mv., 1903. j\u00fal. 3.), f\u0151hadnagy. \u2013 Iskolai tanulm\u00e1nyait Nagyb\u00e1ny\u00e1n v\u00e9gezte. Apja nyugd\u00edjba vonul\u00e1sa ut\u00e1n Magyarl\u00e1posra k\u00f6lt\u00f6ztek, ahol megkezdte gy\u00f3gyszer\u00e9szeti gyakornoks\u00e1g\u00e1t, majd Beszterc\u00e9n volt gyakornok. Bp.-en v\u00e9gezte tanulm\u00e1nyait \u00e9s kapott gy\u00f3gyszer\u00e9sz oklevelet (1860. j\u00fal.17.). Magyarl\u00e1poson kezdte meg a gyakornoks\u00e1got, majd Kv.-on, D\u00e9sen dolgozott, ahol megn\u0151s\u00fclt (1863) feles\u00e9ge Mike Juli\u00e1nna, kor\u00e1n meghalt, \u00fajran\u0151s\u00fclt. Bethlen k\u00f6zs\u00e9gben nyitott gy\u00f3gyszert\u00e1rat (1863\u2013), postahivatalt is m\u0171k\u00f6dtetett, takar\u00e9kp\u00e9nzt\u00e1rt alap\u00edtott (1869. nov. 25.), melynek vez\u00e9rigazgat\u00f3ja volt (1872\u201378). Bethlenben m\u00e9g Olvas\u00f3 Egyletet is szervezett, amelynek k\u00f6nyvt\u00e1rosa is volt. Mv.-en polg\u00e1ri esk\u00fct tett (1878. nov. 13.). Itt kib\u00e9relte (1878), ill. megvette (1879) G\u00f6r\u00f6g J\u00f3zsefn\u00e9, sz\u00fcl. Brandekker Ann\u00e1t\u00f3l az Arany Szarvas gy\u00f3gyszert\u00e1rat (ma a feh\u00e9rm\u00e1rv\u00e1ny homlokzat\u00fa Atlas patika), amely a Bern\u00e1dy csal\u00e1d tulajdona lett (1878\u20131908). Sz\u00e1mos tiszteletbeli \u00e1ll\u00e1st t\u00f6lt\u00f6tt be: tagja a v\u00e1ros t\u00f6rv\u00e9nyhat\u00f3s\u00e1gi bizotts\u00e1g\u00e1nak, ev. egyh\u00e1z presbitere, a N\u0151egylet, a V\u00f6r\u00f6skereszt, a Sz\u00e9kely K\u00f6zm\u0171vel\u0151d\u00e9si egylet p\u00e9nzt\u00e1rosa, a Szabadelv\u0171 P\u00e1rt v\u00e1laszt\u00f3ker\u00fcleti eln\u00f6ke, a Mo.-i Gy\u00f3gyszer\u00e9sz Egyes\u00fclet Erd\u00e9lyi Ker\u00fclet\u00e9ben a mv.-i k\u00f6zpont\u00fa j\u00e1r\u00e1s igazgat\u00f3ja. A Mv.-i Sz\u00ednp\u00e1rtol\u00f3 Egyletnek nagyobb alap\u00edtv\u00e1nyi \u00f6sszeget adom\u00e1nyozott, 300 forintot (1884). Fia B. Gy\u00f6rgy \u00f6r\u00f6k\u00f6lte a gy\u00f3gyszert\u00e1rat. <br \/><strong>Irod.:<\/strong> Bern\u00e1dy; D\u00f6rnyei 2005; Gy\u00e1szjelent\u0151; Id\u0151t\u00e1r 2; J\u00f3zsa Andr\u00e1s: A B. csal\u00e1d Bethlenben (N\u00fa., Sz\u00ednes Vil\u00e1g, 2015. j\u00fan.12.); Kusz\u00e1lik\u2013Zal\u00e1nyi; P\u00e1lmay J\u00f3zsef; P\u00e9ter H. M.; P\u00e9ter H. M. 2013; P\u00e9ter H. M\u00e1ria: A gy\u00f3gyszer\u00e9szet metamorf\u00f3zisa (N\u00fa. 2006. febr. 7); Sz\u00e9kely Napt\u00e1r (hirdet\u00e9sei; 1888)<\/br><\/p>\n","protected":false},"excerpt":{"rendered":"<p>Ol\u00e1hl\u00e1pos, 1839. m\u00e1j. 29.,\u2020 Bikafalva, 1884. aug. 2. Mv.-en temett\u00e9k (aug. 4.) a Ref. temet\u0151 S\u00edrk\u0151m\u00fazeum\u00e1ban: gy\u00f3gyszer\u00e9sz. \u2013 Nagyapja: B. Gy\u00f6rgy Fels\u0151b\u00e1ny\u00e1n volt m\u00e9sz\u00e1ros. B. D\u00e1niel b\u00e1nyaorvos, Szolnok-Doboka vm. tiszti f\u0151orvosa \u00e9s Schubert Franciska (1803- Bethlen, 1874) fia. Feles\u00e9ge: 1. Mike Juli\u00e1nna (1843 \u2013 Bethlen, 1864. \u00e1pr. 29.), fi\u00fak: Gy\u00f6rgy. 2. bikfalvi M\u00e1th\u00e9 Janette [Johanna] [&hellip;]<\/p>\n","protected":false},"featured_media":0,"comment_status":"open","ping_status":"closed","template":"","meta":[],"product_brand":[],"product_cat":[137],"product_tag":[],"class_list":{"0":"post-4490","1":"product","2":"type-product","3":"status-publish","5":"product_cat-maros-megyei-eletrajzi-lexikon","7":"first","8":"instock","9":"shipping-taxable","10":"product-type-simple"},"_links":{"self":[{"href":"https:\/\/uj.adatbank.ro\/lexikon\/wp-json\/wp\/v2\/product\/4490","targetHints":{"allow":["GET"]}}],"collection":[{"href":"https:\/\/uj.adatbank.ro\/lexikon\/wp-json\/wp\/v2\/product"}],"about":[{"href":"https:\/\/uj.adatbank.ro\/lexikon\/wp-json\/wp\/v2\/types\/product"}],"replies":[{"embeddable":true,"href":"https:\/\/uj.adatbank.ro\/lexikon\/wp-json\/wp\/v2\/comments?post=4490"}],"wp:attachment":[{"href":"https:\/\/uj.adatbank.ro\/lexikon\/wp-json\/wp\/v2\/media?parent=4490"}],"wp:term":[{"taxonomy":"product_brand","embeddable":true,"href":"https:\/\/uj.adatbank.ro\/lexikon\/wp-json\/wp\/v2\/product_brand?post=4490"},{"taxonomy":"product_cat","embeddable":true,"href":"https:\/\/uj.adatbank.ro\/lexikon\/wp-json\/wp\/v2\/product_cat?post=4490"},{"taxonomy":"product_tag","embeddable":true,"href":"https:\/\/uj.adatbank.ro\/lexikon\/wp-json\/wp\/v2\/product_tag?post=4490"}],"curies":[{"name":"wp","href":"https:\/\/api.w.org\/{rel}","templated":true}]}}