{"id":4491,"date":"2025-06-28T16:43:36","date_gmt":"2025-06-28T14:43:36","guid":{"rendered":"https:\/\/uj.adatbank.ro\/lexikon\/termek\/bernady-elvira-bernady-gyorgyne\/"},"modified":"2025-06-28T16:43:36","modified_gmt":"2025-06-28T14:43:36","slug":"bernady-elvira-bernady-gyorgyne","status":"publish","type":"product","link":"https:\/\/uj.adatbank.ro\/lexikon\/termek\/bernady-elvira-bernady-gyorgyne\/","title":{"rendered":"BERN\u00c1DY Elvira, Bern\u00e1dy Gy\u00f6rgyn\u00e9"},"content":{"rendered":"<p>? \u2020\u00a0?: A securitate megfigyeltette tev\u00e9kenys\u00e9g\u00e9t, jelent\u00e9seikb\u0151l tudhat\u00f3 (195??? j\u00fan. 27. \u2013), h. mv.-i lak\u00f3s, egyetemi v\u00e9gzetts\u00e9g\u0171. A Mv.-en k\u00e9nyszerlakhelyen \u00e9l\u0151, volt m. f\u00f6ldbirtokosok k\u00e9t nagyobb csoportba t\u00f6m\u00f6r\u00fcltek \u00e9s heti gyakoris\u00e1ggal tal\u00e1lkoztak. Az egyik csoport vezet\u0151je volt, tal\u00e1lkoz\u00f3 hely\u00fck lak\u00e1s\u00e1n volt (Lenin u. 31.), a m\u00e1sik csoport\u00e9 Rozsnyai Gy\u00f6rgy. Csoportj\u00e1ba tartoztak: Bethlen G\u00e1bor, Thorma Mikl\u00f3s, Cz\u00e1r\u00e1n Viktor, Pika Mikl\u00f3s, Orb\u00e1n K\u00e1roly, Betegh S\u00e1ndor, Jakobovits J\u00e1nos, Keltz Simon. K\u00f6z\u00fcl\u00fck az els\u0151 h\u00e1rom l\u00e1togatta a Rozsnyai csoportot is. <br \/><strong>Irod.:<\/strong> Bartos 2012<\/br><\/p>\n","protected":false},"excerpt":{"rendered":"<p>? \u2020\u00a0?: A securitate megfigyeltette tev\u00e9kenys\u00e9g\u00e9t, jelent\u00e9seikb\u0151l tudhat\u00f3 (195??? j\u00fan. 27. \u2013), h. mv.-i lak\u00f3s, egyetemi v\u00e9gzetts\u00e9g\u0171. A Mv.-en k\u00e9nyszerlakhelyen \u00e9l\u0151, volt m. f\u00f6ldbirtokosok k\u00e9t nagyobb csoportba t\u00f6m\u00f6r\u00fcltek \u00e9s heti gyakoris\u00e1ggal tal\u00e1lkoztak. Az egyik csoport vezet\u0151je volt, tal\u00e1lkoz\u00f3 hely\u00fck lak\u00e1s\u00e1n volt (Lenin u. 31.), a m\u00e1sik csoport\u00e9 Rozsnyai Gy\u00f6rgy. Csoportj\u00e1ba tartoztak: Bethlen G\u00e1bor, Thorma Mikl\u00f3s, [&hellip;]<\/p>\n","protected":false},"featured_media":0,"comment_status":"open","ping_status":"closed","template":"","meta":[],"product_brand":[],"product_cat":[137],"product_tag":[],"class_list":{"0":"post-4491","1":"product","2":"type-product","3":"status-publish","5":"product_cat-maros-megyei-eletrajzi-lexikon","7":"first","8":"instock","9":"shipping-taxable","10":"product-type-simple"},"_links":{"self":[{"href":"https:\/\/uj.adatbank.ro\/lexikon\/wp-json\/wp\/v2\/product\/4491","targetHints":{"allow":["GET"]}}],"collection":[{"href":"https:\/\/uj.adatbank.ro\/lexikon\/wp-json\/wp\/v2\/product"}],"about":[{"href":"https:\/\/uj.adatbank.ro\/lexikon\/wp-json\/wp\/v2\/types\/product"}],"replies":[{"embeddable":true,"href":"https:\/\/uj.adatbank.ro\/lexikon\/wp-json\/wp\/v2\/comments?post=4491"}],"wp:attachment":[{"href":"https:\/\/uj.adatbank.ro\/lexikon\/wp-json\/wp\/v2\/media?parent=4491"}],"wp:term":[{"taxonomy":"product_brand","embeddable":true,"href":"https:\/\/uj.adatbank.ro\/lexikon\/wp-json\/wp\/v2\/product_brand?post=4491"},{"taxonomy":"product_cat","embeddable":true,"href":"https:\/\/uj.adatbank.ro\/lexikon\/wp-json\/wp\/v2\/product_cat?post=4491"},{"taxonomy":"product_tag","embeddable":true,"href":"https:\/\/uj.adatbank.ro\/lexikon\/wp-json\/wp\/v2\/product_tag?post=4491"}],"curies":[{"name":"wp","href":"https:\/\/api.w.org\/{rel}","templated":true}]}}

BERNÁDY Elvira, Bernády Györgyné

<p>? † ?: A securitate megfigyeltette tevékenységét, jelentéseikből tudható (195??? jún. 27. –), h. mv.-i lakós, egyetemi végzettségű. A Mv.-en kényszerlakhelyen élő, volt m. földbirtokosok két nagyobb csoportba tömörültek és heti gyakorisággal találkoztak. Az egyik csoport vezetője volt, találkozó helyük lakásán volt (Lenin u. 31.), a másik csoporté Rozsnyai György. Csoportjába tartoztak: Bethlen Gábor, Thorma Miklós, Czárán Viktor, Pika Miklós, Orbán Károly, Betegh Sándor, Jakobovits János, Keltz Simon. Közülük az első három látogatta a Rozsnyai csoportot is. <br /><strong>Irod.:</strong> Bartos 2012</br></p>

<p>? † ?: A securitate megfigyeltette tevékenységét, jelentéseikből tudható (195??? jún. 27. –), h. mv.-i lakós, egyetemi végzettségű. A Mv.-en kényszerlakhelyen élő, volt m. földbirtokosok két nagyobb csoportba tömörültek és heti gyakorisággal találkoztak. Az egyik csoport vezetője volt, találkozó helyük lakásán volt (Lenin u. 31.), a másik csoporté Rozsnyai György. Csoportjába tartoztak: Bethlen Gábor, Thorma Miklós, [&hellip;]</p>
