{"id":4493,"date":"2025-06-28T16:43:39","date_gmt":"2025-06-28T14:43:39","guid":{"rendered":"https:\/\/uj.adatbank.ro\/lexikon\/termek\/bernady-margit-glauber-margit\/"},"modified":"2025-06-28T16:43:39","modified_gmt":"2025-06-28T14:43:39","slug":"bernady-margit-glauber-margit","status":"publish","type":"product","link":"https:\/\/uj.adatbank.ro\/lexikon\/termek\/bernady-margit-glauber-margit\/","title":{"rendered":"BERN\u00c1DY Margit, Glauber Margit"},"content":{"rendered":"<p>Mv., 1893., \u2020 ?.: tan\u00e1r. \u2013 B. Gy\u00f6rgy 2. feles\u00e9g\u00e9vel, Madar\u00e1sz Erzs\u00e9bettel \u00f6r\u00f6kbe fogadtak (1893) egy kisl\u00e1nyt, Glauber Margitk\u00e1t, egy zsid\u00f3 p\u00e9k h\u00e1rom \u00e1rv\u00e1ja k\u00f6z\u00fcl a legkisebbet, a nyolch\u00f3napos csecsm\u0151t. Felnevelt\u00e9k \u00e9s tan\u00edtatt\u00e1k. Drezd\u00e1ban szerzett tan\u00e1ri diplom\u00e1t. B. Gy. \u2013t\u0151l \u00e9s Kelemen Margit feles\u00e9g\u00e9t\u0151l kikapta az \u00f6r\u00f6ks\u00e9gr\u00e9sz\u00e9t, m\u00e1r v\u00e9grendelet\u00fck meg\u00edr\u00e1sa (1935. j\u00fan. 4.) el\u0151tt. <br \/><strong>Irod.:<\/strong> Bern\u00e1dy<\/br><\/p>\n","protected":false},"excerpt":{"rendered":"<p>Mv., 1893., \u2020 ?.: tan\u00e1r. \u2013 B. Gy\u00f6rgy 2. feles\u00e9g\u00e9vel, Madar\u00e1sz Erzs\u00e9bettel \u00f6r\u00f6kbe fogadtak (1893) egy kisl\u00e1nyt, Glauber Margitk\u00e1t, egy zsid\u00f3 p\u00e9k h\u00e1rom \u00e1rv\u00e1ja k\u00f6z\u00fcl a legkisebbet, a nyolch\u00f3napos csecsm\u0151t. Felnevelt\u00e9k \u00e9s tan\u00edtatt\u00e1k. Drezd\u00e1ban szerzett tan\u00e1ri diplom\u00e1t. B. Gy. \u2013t\u0151l \u00e9s Kelemen Margit feles\u00e9g\u00e9t\u0151l kikapta az \u00f6r\u00f6ks\u00e9gr\u00e9sz\u00e9t, m\u00e1r v\u00e9grendelet\u00fck meg\u00edr\u00e1sa (1935. j\u00fan. 4.) el\u0151tt. Irod.: [&hellip;]<\/p>\n","protected":false},"featured_media":0,"comment_status":"open","ping_status":"closed","template":"","meta":[],"product_brand":[],"product_cat":[137],"product_tag":[],"class_list":{"0":"post-4493","1":"product","2":"type-product","3":"status-publish","5":"product_cat-maros-megyei-eletrajzi-lexikon","7":"first","8":"instock","9":"shipping-taxable","10":"product-type-simple"},"_links":{"self":[{"href":"https:\/\/uj.adatbank.ro\/lexikon\/wp-json\/wp\/v2\/product\/4493","targetHints":{"allow":["GET"]}}],"collection":[{"href":"https:\/\/uj.adatbank.ro\/lexikon\/wp-json\/wp\/v2\/product"}],"about":[{"href":"https:\/\/uj.adatbank.ro\/lexikon\/wp-json\/wp\/v2\/types\/product"}],"replies":[{"embeddable":true,"href":"https:\/\/uj.adatbank.ro\/lexikon\/wp-json\/wp\/v2\/comments?post=4493"}],"wp:attachment":[{"href":"https:\/\/uj.adatbank.ro\/lexikon\/wp-json\/wp\/v2\/media?parent=4493"}],"wp:term":[{"taxonomy":"product_brand","embeddable":true,"href":"https:\/\/uj.adatbank.ro\/lexikon\/wp-json\/wp\/v2\/product_brand?post=4493"},{"taxonomy":"product_cat","embeddable":true,"href":"https:\/\/uj.adatbank.ro\/lexikon\/wp-json\/wp\/v2\/product_cat?post=4493"},{"taxonomy":"product_tag","embeddable":true,"href":"https:\/\/uj.adatbank.ro\/lexikon\/wp-json\/wp\/v2\/product_tag?post=4493"}],"curies":[{"name":"wp","href":"https:\/\/api.w.org\/{rel}","templated":true}]}}

BERNÁDY Margit, Glauber Margit

<p>Mv., 1893., † ?.: tanár. – B. György 2. feleségével, Madarász Erzsébettel örökbe fogadtak (1893) egy kislányt, Glauber Margitkát, egy zsidó pék három árvája közül a legkisebbet, a nyolchónapos csecsmőt. Felnevelték és tanítatták. Drezdában szerzett tanári diplomát. B. Gy. –től és Kelemen Margit feleségétől kikapta az örökségrészét, már végrendeletük megírása (1935. jún. 4.) előtt. <br /><strong>Irod.:</strong> Bernády</br></p>

<p>Mv., 1893., † ?.: tanár. – B. György 2. feleségével, Madarász Erzsébettel örökbe fogadtak (1893) egy kislányt, Glauber Margitkát, egy zsidó pék három árvája közül a legkisebbet, a nyolchónapos csecsmőt. Felnevelték és tanítatták. Drezdában szerzett tanári diplomát. B. Gy. –től és Kelemen Margit feleségétől kikapta az örökségrészét, már végrendeletük megírása (1935. jún. 4.) előtt. Irod.: [&hellip;]</p>
