{"id":4496,"date":"2025-06-28T16:43:46","date_gmt":"2025-06-28T14:43:46","guid":{"rendered":"https:\/\/uj.adatbank.ro\/lexikon\/termek\/bernath-jozsef\/"},"modified":"2025-06-28T16:43:46","modified_gmt":"2025-06-28T14:43:46","slug":"bernath-jozsef","status":"publish","type":"product","link":"https:\/\/uj.adatbank.ro\/lexikon\/termek\/bernath-jozsef\/","title":{"rendered":"BERN\u00c1TH J\u00f3zsef"},"content":{"rendered":"<p>1897., \u2020\u00a0? : malomtulajdonos. \u2013 A marosszentkir\u00e1lyi Bern\u00e1th Malom tulajdonosa (1921\u2013). Az \u00e1llamos\u00edt\u00e1skor a k\u00f6zs\u00e9gh\u00e1za tulajdon\u00e1ba ker\u00fclt, \u00e9s Kiss J\u00e1nos, 43 \u00e9ves, RMP tag, g\u00e9plakatost nevezt\u00e9k ki igazgat\u00f3nak (1948. j\u00fan. 11.). A malom hat alkalmazottat foglalkoztatott, \u00e9s naponta egy vagon gabon\u00e1t tudott feldolgozni, de vesztes\u00e9gesen m\u0171k\u0151d\u00f6tt, ez\u00e9rt kilakoltat\u00e1sa ut\u00e1n 100 f\u0151s diszn\u00f3hizlald\u00e1t rendeztek be a volt tulajdonos lak\u00e1s\u00e1ban (1950. j\u00fan.). Deport\u00e1lt\u00e1k Mv.-r\u0151l feles\u00e9g\u00e9vel egy\u00fctt (1944. m\u00e1j. 29.). <br \/><strong>Irod.:<\/strong> Bartos Zolt\u00e1n; Mv. zsid\u00f3s\u00e1ga<\/br><\/p>\n","protected":false},"excerpt":{"rendered":"<p>1897., \u2020\u00a0? : malomtulajdonos. \u2013 A marosszentkir\u00e1lyi Bern\u00e1th Malom tulajdonosa (1921\u2013). Az \u00e1llamos\u00edt\u00e1skor a k\u00f6zs\u00e9gh\u00e1za tulajdon\u00e1ba ker\u00fclt, \u00e9s Kiss J\u00e1nos, 43 \u00e9ves, RMP tag, g\u00e9plakatost nevezt\u00e9k ki igazgat\u00f3nak (1948. j\u00fan. 11.). A malom hat alkalmazottat foglalkoztatott, \u00e9s naponta egy vagon gabon\u00e1t tudott feldolgozni, de vesztes\u00e9gesen m\u0171k\u0151d\u00f6tt, ez\u00e9rt kilakoltat\u00e1sa ut\u00e1n 100 f\u0151s diszn\u00f3hizlald\u00e1t rendeztek be a [&hellip;]<\/p>\n","protected":false},"featured_media":0,"comment_status":"open","ping_status":"closed","template":"","meta":[],"product_brand":[],"product_cat":[137],"product_tag":[],"class_list":{"0":"post-4496","1":"product","2":"type-product","3":"status-publish","5":"product_cat-maros-megyei-eletrajzi-lexikon","7":"first","8":"instock","9":"shipping-taxable","10":"product-type-simple"},"_links":{"self":[{"href":"https:\/\/uj.adatbank.ro\/lexikon\/wp-json\/wp\/v2\/product\/4496","targetHints":{"allow":["GET"]}}],"collection":[{"href":"https:\/\/uj.adatbank.ro\/lexikon\/wp-json\/wp\/v2\/product"}],"about":[{"href":"https:\/\/uj.adatbank.ro\/lexikon\/wp-json\/wp\/v2\/types\/product"}],"replies":[{"embeddable":true,"href":"https:\/\/uj.adatbank.ro\/lexikon\/wp-json\/wp\/v2\/comments?post=4496"}],"wp:attachment":[{"href":"https:\/\/uj.adatbank.ro\/lexikon\/wp-json\/wp\/v2\/media?parent=4496"}],"wp:term":[{"taxonomy":"product_brand","embeddable":true,"href":"https:\/\/uj.adatbank.ro\/lexikon\/wp-json\/wp\/v2\/product_brand?post=4496"},{"taxonomy":"product_cat","embeddable":true,"href":"https:\/\/uj.adatbank.ro\/lexikon\/wp-json\/wp\/v2\/product_cat?post=4496"},{"taxonomy":"product_tag","embeddable":true,"href":"https:\/\/uj.adatbank.ro\/lexikon\/wp-json\/wp\/v2\/product_tag?post=4496"}],"curies":[{"name":"wp","href":"https:\/\/api.w.org\/{rel}","templated":true}]}}

BERNÁTH József

<p>1897., † ? : malomtulajdonos. – A marosszentkirályi Bernáth Malom tulajdonosa (1921–). Az államosításkor a községháza tulajdonába került, és Kiss János, 43 éves, RMP tag, géplakatost nevezték ki igazgatónak (1948. jún. 11.). A malom hat alkalmazottat foglalkoztatott, és naponta egy vagon gabonát tudott feldolgozni, de veszteségesen műkődött, ezért kilakoltatása után 100 fős disznóhizlaldát rendeztek be a volt tulajdonos lakásában (1950. jún.). Deportálták Mv.-ről feleségével együtt (1944. máj. 29.). <br /><strong>Irod.:</strong> Bartos Zoltán; Mv. zsidósága</br></p>

<p>1897., † ? : malomtulajdonos. – A marosszentkirályi Bernáth Malom tulajdonosa (1921–). Az államosításkor a községháza tulajdonába került, és Kiss János, 43 éves, RMP tag, géplakatost nevezték ki igazgatónak (1948. jún. 11.). A malom hat alkalmazottat foglalkoztatott, és naponta egy vagon gabonát tudott feldolgozni, de veszteségesen műkődött, ezért kilakoltatása után 100 fős disznóhizlaldát rendeztek be a [&hellip;]</p>
