{"id":4497,"date":"2025-06-28T16:43:48","date_gmt":"2025-06-28T14:43:48","guid":{"rendered":"https:\/\/uj.adatbank.ro\/lexikon\/termek\/bernath-zsigmond\/"},"modified":"2025-06-28T16:43:48","modified_gmt":"2025-06-28T14:43:48","slug":"bernath-zsigmond","status":"publish","type":"product","link":"https:\/\/uj.adatbank.ro\/lexikon\/termek\/bernath-zsigmond\/","title":{"rendered":"BERN\u00c1TH Zsigmond"},"content":{"rendered":"<p>Kolozs, 1893. j\u00fal. 18. \u2020 ? : malomtulajdonos. \u2013 K\u00e9t gimn.-i oszt\u00e1llyal rendelkezett, tagja volt a MADOSZ-nak. A maross\u00e1rpataki Bern\u00e1th Malom tulajdonosa (alap\u00edtott\u00e1k 1945). Az \u00e1llamos\u00edt\u00e1skor a malom Maross\u00e1rpatak K\u00f6zs\u00e9gh\u00e1za birtok\u00e1ba ker\u00fclt, \u00e9s Hanesz Gy\u00f6rgy-\u00f6t nevezt\u00e9k ki \u00fcgyint\u00e9z\u0151nek az 5 alkalmazottal dolgoz\u00f3, napi egy vagon gabon\u00e1t meg\u0151rl\u0151 malom \u00e9l\u00e9re (1948. j\u00fan. 18.). A volt tulajdonos a marosszentgy\u00f6rgyi T\u00e9glagy\u00e1rban kapott g\u00e9p\u00e9szi alkalmaz\u00e1st. A malmot Maros Megye Ideiglenes Bizotts\u00e1ga beolvasztotta a mv.-i sz\u00e9khely\u0171 Interna\u0163ionala V\u00e1llalatba (1950. j\u00fal. 1. \u2013). <br \/><strong>Irod.:<\/strong> Bartos Zolt\u00e1n gr.<\/br><\/p>\n","protected":false},"excerpt":{"rendered":"<p>Kolozs, 1893. j\u00fal. 18. \u2020 ? : malomtulajdonos. \u2013 K\u00e9t gimn.-i oszt\u00e1llyal rendelkezett, tagja volt a MADOSZ-nak. A maross\u00e1rpataki Bern\u00e1th Malom tulajdonosa (alap\u00edtott\u00e1k 1945). Az \u00e1llamos\u00edt\u00e1skor a malom Maross\u00e1rpatak K\u00f6zs\u00e9gh\u00e1za birtok\u00e1ba ker\u00fclt, \u00e9s Hanesz Gy\u00f6rgy-\u00f6t nevezt\u00e9k ki \u00fcgyint\u00e9z\u0151nek az 5 alkalmazottal dolgoz\u00f3, napi egy vagon gabon\u00e1t meg\u0151rl\u0151 malom \u00e9l\u00e9re (1948. j\u00fan. 18.). A volt tulajdonos [&hellip;]<\/p>\n","protected":false},"featured_media":0,"comment_status":"open","ping_status":"closed","template":"","meta":[],"product_brand":[],"product_cat":[137],"product_tag":[],"class_list":{"0":"post-4497","1":"product","2":"type-product","3":"status-publish","5":"product_cat-maros-megyei-eletrajzi-lexikon","7":"first","8":"instock","9":"shipping-taxable","10":"product-type-simple"},"_links":{"self":[{"href":"https:\/\/uj.adatbank.ro\/lexikon\/wp-json\/wp\/v2\/product\/4497","targetHints":{"allow":["GET"]}}],"collection":[{"href":"https:\/\/uj.adatbank.ro\/lexikon\/wp-json\/wp\/v2\/product"}],"about":[{"href":"https:\/\/uj.adatbank.ro\/lexikon\/wp-json\/wp\/v2\/types\/product"}],"replies":[{"embeddable":true,"href":"https:\/\/uj.adatbank.ro\/lexikon\/wp-json\/wp\/v2\/comments?post=4497"}],"wp:attachment":[{"href":"https:\/\/uj.adatbank.ro\/lexikon\/wp-json\/wp\/v2\/media?parent=4497"}],"wp:term":[{"taxonomy":"product_brand","embeddable":true,"href":"https:\/\/uj.adatbank.ro\/lexikon\/wp-json\/wp\/v2\/product_brand?post=4497"},{"taxonomy":"product_cat","embeddable":true,"href":"https:\/\/uj.adatbank.ro\/lexikon\/wp-json\/wp\/v2\/product_cat?post=4497"},{"taxonomy":"product_tag","embeddable":true,"href":"https:\/\/uj.adatbank.ro\/lexikon\/wp-json\/wp\/v2\/product_tag?post=4497"}],"curies":[{"name":"wp","href":"https:\/\/api.w.org\/{rel}","templated":true}]}}

BERNÁTH Zsigmond

<p>Kolozs, 1893. júl. 18. † ? : malomtulajdonos. – Két gimn.-i osztállyal rendelkezett, tagja volt a MADOSZ-nak. A marossárpataki Bernáth Malom tulajdonosa (alapították 1945). Az államosításkor a malom Marossárpatak Községháza birtokába került, és Hanesz György-öt nevezték ki ügyintézőnek az 5 alkalmazottal dolgozó, napi egy vagon gabonát megőrlő malom élére (1948. jún. 18.). A volt tulajdonos a marosszentgyörgyi Téglagyárban kapott gépészi alkalmazást. A malmot Maros Megye Ideiglenes Bizottsága beolvasztotta a mv.-i székhelyű Internaţionala Vállalatba (1950. júl. 1. –). <br /><strong>Irod.:</strong> Bartos Zoltán gr.</br></p>

<p>Kolozs, 1893. júl. 18. † ? : malomtulajdonos. – Két gimn.-i osztállyal rendelkezett, tagja volt a MADOSZ-nak. A marossárpataki Bernáth Malom tulajdonosa (alapították 1945). Az államosításkor a malom Marossárpatak Községháza birtokába került, és Hanesz György-öt nevezték ki ügyintézőnek az 5 alkalmazottal dolgozó, napi egy vagon gabonát megőrlő malom élére (1948. jún. 18.). A volt tulajdonos [&hellip;]</p>
