{"id":4513,"date":"2025-06-28T16:44:26","date_gmt":"2025-06-28T14:44:26","guid":{"rendered":"https:\/\/uj.adatbank.ro\/lexikon\/termek\/bertia-iuliu-%c2%a7-bertia-gyula\/"},"modified":"2025-06-28T16:44:26","modified_gmt":"2025-06-28T14:44:26","slug":"bertia-iuliu-%c2%a7-bertia-gyula","status":"publish","type":"product","link":"https:\/\/uj.adatbank.ro\/lexikon\/termek\/bertia-iuliu-%c2%a7-bertia-gyula\/","title":{"rendered":"BER\u0162IA Iuliu, \u00a7 Ber\u0163ia Gyula"},"content":{"rendered":"<p>? \u2020\u00a0? : sportol\u00f3, vend\u00e9gl\u0151s. \u2013 Az MSE tagja, a ker\u00e9kp\u00e1rverseny gy\u0151ztesei k\u00f6z\u00f6tt volt (1902. j\u00fan. 21.). Rom\u00e1n r\u00e9szr\u0151l a mv.-i Kereskedelmi \u00e9s Iparkamara tagja, Iosif Bucur pap\u00edrkeresked\u0151vel (1929. febr, 24. \u2013). <br \/><strong>Irod.:<\/strong> Id\u0151t\u00e1r 3.; Illy\u00e9s<\/br><\/p>\n","protected":false},"excerpt":{"rendered":"<p>? \u2020\u00a0? : sportol\u00f3, vend\u00e9gl\u0151s. \u2013 Az MSE tagja, a ker\u00e9kp\u00e1rverseny gy\u0151ztesei k\u00f6z\u00f6tt volt (1902. j\u00fan. 21.). Rom\u00e1n r\u00e9szr\u0151l a mv.-i Kereskedelmi \u00e9s Iparkamara tagja, Iosif Bucur pap\u00edrkeresked\u0151vel (1929. febr, 24. \u2013). Irod.: Id\u0151t\u00e1r 3.; Illy\u00e9s<\/p>\n","protected":false},"featured_media":0,"comment_status":"open","ping_status":"closed","template":"","meta":[],"product_brand":[],"product_cat":[137],"product_tag":[],"class_list":{"0":"post-4513","1":"product","2":"type-product","3":"status-publish","5":"product_cat-maros-megyei-eletrajzi-lexikon","7":"first","8":"instock","9":"shipping-taxable","10":"product-type-simple"},"_links":{"self":[{"href":"https:\/\/uj.adatbank.ro\/lexikon\/wp-json\/wp\/v2\/product\/4513","targetHints":{"allow":["GET"]}}],"collection":[{"href":"https:\/\/uj.adatbank.ro\/lexikon\/wp-json\/wp\/v2\/product"}],"about":[{"href":"https:\/\/uj.adatbank.ro\/lexikon\/wp-json\/wp\/v2\/types\/product"}],"replies":[{"embeddable":true,"href":"https:\/\/uj.adatbank.ro\/lexikon\/wp-json\/wp\/v2\/comments?post=4513"}],"wp:attachment":[{"href":"https:\/\/uj.adatbank.ro\/lexikon\/wp-json\/wp\/v2\/media?parent=4513"}],"wp:term":[{"taxonomy":"product_brand","embeddable":true,"href":"https:\/\/uj.adatbank.ro\/lexikon\/wp-json\/wp\/v2\/product_brand?post=4513"},{"taxonomy":"product_cat","embeddable":true,"href":"https:\/\/uj.adatbank.ro\/lexikon\/wp-json\/wp\/v2\/product_cat?post=4513"},{"taxonomy":"product_tag","embeddable":true,"href":"https:\/\/uj.adatbank.ro\/lexikon\/wp-json\/wp\/v2\/product_tag?post=4513"}],"curies":[{"name":"wp","href":"https:\/\/api.w.org\/{rel}","templated":true}]}}