{"id":4523,"date":"2025-06-28T16:44:40","date_gmt":"2025-06-28T14:44:40","guid":{"rendered":"https:\/\/uj.adatbank.ro\/lexikon\/termek\/berwerth-lorentz-m\/"},"modified":"2025-06-28T16:44:40","modified_gmt":"2025-06-28T14:44:40","slug":"berwerth-lorentz-m","status":"publish","type":"product","link":"https:\/\/uj.adatbank.ro\/lexikon\/termek\/berwerth-lorentz-m\/","title":{"rendered":"BERWERTH Lorentz M."},"content":{"rendered":"<p>Apold, (1747). \u2020 Segesv\u00e1r, 1787. \u00e1pr. 18.: \u2013 pap. <br \/><strong>Irod.:<\/strong> Szab\u00f3. Sz\u00f6gi tan\u00e1r. \u2013 Hall\u00e9ban<\/br><\/p>\n","protected":false},"excerpt":{"rendered":"<p>Apold, (1747). \u2020 Segesv\u00e1r, 1787. \u00e1pr. 18.: \u2013 pap. Irod.: Szab\u00f3. Sz\u00f6gi tan\u00e1r. \u2013 Hall\u00e9ban<\/p>\n","protected":false},"featured_media":0,"comment_status":"open","ping_status":"closed","template":"","meta":[],"product_brand":[],"product_cat":[137],"product_tag":[],"class_list":{"0":"post-4523","1":"product","2":"type-product","3":"status-publish","5":"product_cat-maros-megyei-eletrajzi-lexikon","7":"first","8":"instock","9":"shipping-taxable","10":"product-type-simple"},"_links":{"self":[{"href":"https:\/\/uj.adatbank.ro\/lexikon\/wp-json\/wp\/v2\/product\/4523","targetHints":{"allow":["GET"]}}],"collection":[{"href":"https:\/\/uj.adatbank.ro\/lexikon\/wp-json\/wp\/v2\/product"}],"about":[{"href":"https:\/\/uj.adatbank.ro\/lexikon\/wp-json\/wp\/v2\/types\/product"}],"replies":[{"embeddable":true,"href":"https:\/\/uj.adatbank.ro\/lexikon\/wp-json\/wp\/v2\/comments?post=4523"}],"wp:attachment":[{"href":"https:\/\/uj.adatbank.ro\/lexikon\/wp-json\/wp\/v2\/media?parent=4523"}],"wp:term":[{"taxonomy":"product_brand","embeddable":true,"href":"https:\/\/uj.adatbank.ro\/lexikon\/wp-json\/wp\/v2\/product_brand?post=4523"},{"taxonomy":"product_cat","embeddable":true,"href":"https:\/\/uj.adatbank.ro\/lexikon\/wp-json\/wp\/v2\/product_cat?post=4523"},{"taxonomy":"product_tag","embeddable":true,"href":"https:\/\/uj.adatbank.ro\/lexikon\/wp-json\/wp\/v2\/product_tag?post=4523"}],"curies":[{"name":"wp","href":"https:\/\/api.w.org\/{rel}","templated":true}]}}