{"id":4526,"date":"2025-06-28T16:44:48","date_gmt":"2025-06-28T14:44:48","guid":{"rendered":"https:\/\/uj.adatbank.ro\/lexikon\/termek\/berzenczei-ferenc-gorgenyszrntimrei\/"},"modified":"2025-06-28T16:44:48","modified_gmt":"2025-06-28T14:44:48","slug":"berzenczei-ferenc-gorgenyszrntimrei","status":"publish","type":"product","link":"https:\/\/uj.adatbank.ro\/lexikon\/termek\/berzenczei-ferenc-gorgenyszrntimrei\/","title":{"rendered":"BERZENCZEI Ferenc, g\u00f6rg\u00e9nyszrntimrei"},"content":{"rendered":"<p>? \u2020 ? : f\u00f6ldbirtokos.- B. Mih\u00e1ly \u00e9s Barcsai Erzs\u00e9bet fia. Feles\u00e9ge nagyajtai Cserey Druzsina. Gyermekeik: B. L\u00e1szl\u00f3, Mikl\u00f3s, Johanna; Erzs\u00e9bet Szentkir\u00e1lyi Zsigmondn\u00e9 (1820.? \u2013 Mv., 1861. febr. 5. Gagyba, a f\u00e9rje mell\u00e9 temett\u00e9k). \u2013 Mez\u0151s\u00e1msondon birtokos, udvarh\u00e1za volt, ma m\u00e1r nincs meg. <br \/><strong>Irod.:<\/strong> Benk\u0151 K.: Mv.; Egyed \u00c1kos 2004; Gy\u00e1szjelent\u0151, Keresztes 1995, P\u00e1lmay<\/br><\/p>\n","protected":false},"excerpt":{"rendered":"<p>? \u2020 ? : f\u00f6ldbirtokos.- B. Mih\u00e1ly \u00e9s Barcsai Erzs\u00e9bet fia. Feles\u00e9ge nagyajtai Cserey Druzsina. Gyermekeik: B. L\u00e1szl\u00f3, Mikl\u00f3s, Johanna; Erzs\u00e9bet Szentkir\u00e1lyi Zsigmondn\u00e9 (1820.? \u2013 Mv., 1861. febr. 5. Gagyba, a f\u00e9rje mell\u00e9 temett\u00e9k). \u2013 Mez\u0151s\u00e1msondon birtokos, udvarh\u00e1za volt, ma m\u00e1r nincs meg. Irod.: Benk\u0151 K.: Mv.; Egyed \u00c1kos 2004; Gy\u00e1szjelent\u0151, Keresztes 1995, P\u00e1lmay<\/p>\n","protected":false},"featured_media":0,"comment_status":"open","ping_status":"closed","template":"","meta":[],"product_brand":[],"product_cat":[137],"product_tag":[],"class_list":{"0":"post-4526","1":"product","2":"type-product","3":"status-publish","5":"product_cat-maros-megyei-eletrajzi-lexikon","7":"first","8":"instock","9":"shipping-taxable","10":"product-type-simple"},"_links":{"self":[{"href":"https:\/\/uj.adatbank.ro\/lexikon\/wp-json\/wp\/v2\/product\/4526","targetHints":{"allow":["GET"]}}],"collection":[{"href":"https:\/\/uj.adatbank.ro\/lexikon\/wp-json\/wp\/v2\/product"}],"about":[{"href":"https:\/\/uj.adatbank.ro\/lexikon\/wp-json\/wp\/v2\/types\/product"}],"replies":[{"embeddable":true,"href":"https:\/\/uj.adatbank.ro\/lexikon\/wp-json\/wp\/v2\/comments?post=4526"}],"wp:attachment":[{"href":"https:\/\/uj.adatbank.ro\/lexikon\/wp-json\/wp\/v2\/media?parent=4526"}],"wp:term":[{"taxonomy":"product_brand","embeddable":true,"href":"https:\/\/uj.adatbank.ro\/lexikon\/wp-json\/wp\/v2\/product_brand?post=4526"},{"taxonomy":"product_cat","embeddable":true,"href":"https:\/\/uj.adatbank.ro\/lexikon\/wp-json\/wp\/v2\/product_cat?post=4526"},{"taxonomy":"product_tag","embeddable":true,"href":"https:\/\/uj.adatbank.ro\/lexikon\/wp-json\/wp\/v2\/product_tag?post=4526"}],"curies":[{"name":"wp","href":"https:\/\/api.w.org\/{rel}","templated":true}]}}