{"id":4529,"date":"2025-06-28T16:44:52","date_gmt":"2025-06-28T14:44:52","guid":{"rendered":"https:\/\/uj.adatbank.ro\/lexikon\/termek\/berzenczey-janos\/"},"modified":"2025-06-28T16:44:52","modified_gmt":"2025-06-28T14:44:52","slug":"berzenczey-janos","status":"publish","type":"product","link":"https:\/\/uj.adatbank.ro\/lexikon\/termek\/berzenczey-janos\/","title":{"rendered":"BERZENCZEY J\u00e1nos"},"content":{"rendered":"<p>? \u2020\u00a0Mv., 1859. nov. 11.: cs. kir. kamar\u00e1s. \u2013 Feles\u00e9ge sepsiszentiv\u00e1nyi br. Henter Roz\u00e1lia, H. Antal \u00e9s Haller Anna le\u00e1nya. \u2013 G\u00f6rg\u00e9nyszentimre k\u00fcld\u00f6tte, kir. hivatalos az erd\u00e9lyi 1848. \u00e9vi utols\u00f3 rendi ogy.-en (Kv., 1848. m\u00e1j. 29.-j\u00fal. 18.). <br \/><strong>Irod.:<\/strong> Egyed \u00c1.: Erd\u00e9ly 1848. ogy.; Az Erd\u00e9lyi Nagyfejedelems\u00e9g Kv. V\u00e1ros\u00e1ba 1846. szept. 9. k\u00f6z\u00f6ns\u00e9ges gy\u0171l\u00e9sre \u00f6sszeh\u00edvott tek. nemes rendeinek n\u00e9vsora \u00e9s kirendelt sz\u00e1ll\u00e1sainak kimutat\u00e1sa (Kv., 1848); P\u00e1l-Antal 2002; P\u00e1lmay<\/br><\/p>\n","protected":false},"excerpt":{"rendered":"<p>? \u2020\u00a0Mv., 1859. nov. 11.: cs. kir. kamar\u00e1s. \u2013 Feles\u00e9ge sepsiszentiv\u00e1nyi br. Henter Roz\u00e1lia, H. Antal \u00e9s Haller Anna le\u00e1nya. \u2013 G\u00f6rg\u00e9nyszentimre k\u00fcld\u00f6tte, kir. hivatalos az erd\u00e9lyi 1848. \u00e9vi utols\u00f3 rendi ogy.-en (Kv., 1848. m\u00e1j. 29.-j\u00fal. 18.). Irod.: Egyed \u00c1.: Erd\u00e9ly 1848. ogy.; Az Erd\u00e9lyi Nagyfejedelems\u00e9g Kv. V\u00e1ros\u00e1ba 1846. szept. 9. k\u00f6z\u00f6ns\u00e9ges gy\u0171l\u00e9sre \u00f6sszeh\u00edvott tek. [&hellip;]<\/p>\n","protected":false},"featured_media":0,"comment_status":"open","ping_status":"closed","template":"","meta":[],"product_brand":[],"product_cat":[137],"product_tag":[],"class_list":{"0":"post-4529","1":"product","2":"type-product","3":"status-publish","5":"product_cat-maros-megyei-eletrajzi-lexikon","7":"first","8":"instock","9":"shipping-taxable","10":"product-type-simple"},"_links":{"self":[{"href":"https:\/\/uj.adatbank.ro\/lexikon\/wp-json\/wp\/v2\/product\/4529","targetHints":{"allow":["GET"]}}],"collection":[{"href":"https:\/\/uj.adatbank.ro\/lexikon\/wp-json\/wp\/v2\/product"}],"about":[{"href":"https:\/\/uj.adatbank.ro\/lexikon\/wp-json\/wp\/v2\/types\/product"}],"replies":[{"embeddable":true,"href":"https:\/\/uj.adatbank.ro\/lexikon\/wp-json\/wp\/v2\/comments?post=4529"}],"wp:attachment":[{"href":"https:\/\/uj.adatbank.ro\/lexikon\/wp-json\/wp\/v2\/media?parent=4529"}],"wp:term":[{"taxonomy":"product_brand","embeddable":true,"href":"https:\/\/uj.adatbank.ro\/lexikon\/wp-json\/wp\/v2\/product_brand?post=4529"},{"taxonomy":"product_cat","embeddable":true,"href":"https:\/\/uj.adatbank.ro\/lexikon\/wp-json\/wp\/v2\/product_cat?post=4529"},{"taxonomy":"product_tag","embeddable":true,"href":"https:\/\/uj.adatbank.ro\/lexikon\/wp-json\/wp\/v2\/product_tag?post=4529"}],"curies":[{"name":"wp","href":"https:\/\/api.w.org\/{rel}","templated":true}]}}

BERZENCZEY János

<p>? † Mv., 1859. nov. 11.: cs. kir. kamarás. – Felesége sepsiszentiványi br. Henter Rozália, H. Antal és Haller Anna leánya. – Görgényszentimre küldötte, kir. hivatalos az erdélyi 1848. évi utolsó rendi ogy.-en (Kv., 1848. máj. 29.-júl. 18.). <br /><strong>Irod.:</strong> Egyed Á.: Erdély 1848. ogy.; Az Erdélyi Nagyfejedelemség Kv. Városába 1846. szept. 9. közönséges gyűlésre összehívott tek. nemes rendeinek névsora és kirendelt szállásainak kimutatása (Kv., 1848); Pál-Antal 2002; Pálmay</br></p>

<p>? † Mv., 1859. nov. 11.: cs. kir. kamarás. – Felesége sepsiszentiványi br. Henter Rozália, H. Antal és Haller Anna leánya. – Görgényszentimre küldötte, kir. hivatalos az erdélyi 1848. évi utolsó rendi ogy.-en (Kv., 1848. máj. 29.-júl. 18.). Irod.: Egyed Á.: Erdély 1848. ogy.; Az Erdélyi Nagyfejedelemség Kv. Városába 1846. szept. 9. közönséges gyűlésre összehívott tek. [&hellip;]</p>
