{"id":4546,"date":"2025-06-28T16:45:25","date_gmt":"2025-06-28T14:45:25","guid":{"rendered":"https:\/\/uj.adatbank.ro\/lexikon\/termek\/besenyei-janos\/"},"modified":"2025-06-28T16:45:25","modified_gmt":"2025-06-28T14:45:25","slug":"besenyei-janos","status":"publish","type":"product","link":"https:\/\/uj.adatbank.ro\/lexikon\/termek\/besenyei-janos\/","title":{"rendered":"BESENYEI J\u00e1nos"},"content":{"rendered":"<p>? \u2020 ? : tan\u00edt\u00f3, ref. lelk\u00e9sz. \u2013 G\u00f3g\u00e1nban tan\u00edtott (1643), majd a cs\u00e1v\u00e1si iskola els\u0151 ismert tan\u00edt\u00f3ja (1647- ). Kerel\u0151szentp\u00e1lon (1649\u201350) \u00e9s Magyarherep\u00e9n (1651\u201352) lelk\u00e9sz. <br \/><strong>Irod.:<\/strong> Cs\u00e1v\u00e1si eml\u00e9kk\u00f6nyv; K\u00fck\u00fcll\u0151i Ref. Egyh\u00e1zm. 1., 3.<\/br><\/p>\n","protected":false},"excerpt":{"rendered":"<p>? \u2020 ? : tan\u00edt\u00f3, ref. lelk\u00e9sz. \u2013 G\u00f3g\u00e1nban tan\u00edtott (1643), majd a cs\u00e1v\u00e1si iskola els\u0151 ismert tan\u00edt\u00f3ja (1647- ). Kerel\u0151szentp\u00e1lon (1649\u201350) \u00e9s Magyarherep\u00e9n (1651\u201352) lelk\u00e9sz. Irod.: Cs\u00e1v\u00e1si eml\u00e9kk\u00f6nyv; K\u00fck\u00fcll\u0151i Ref. Egyh\u00e1zm. 1., 3.<\/p>\n","protected":false},"featured_media":0,"comment_status":"open","ping_status":"closed","template":"","meta":[],"product_brand":[],"product_cat":[137],"product_tag":[],"class_list":{"0":"post-4546","1":"product","2":"type-product","3":"status-publish","5":"product_cat-maros-megyei-eletrajzi-lexikon","7":"first","8":"instock","9":"shipping-taxable","10":"product-type-simple"},"_links":{"self":[{"href":"https:\/\/uj.adatbank.ro\/lexikon\/wp-json\/wp\/v2\/product\/4546","targetHints":{"allow":["GET"]}}],"collection":[{"href":"https:\/\/uj.adatbank.ro\/lexikon\/wp-json\/wp\/v2\/product"}],"about":[{"href":"https:\/\/uj.adatbank.ro\/lexikon\/wp-json\/wp\/v2\/types\/product"}],"replies":[{"embeddable":true,"href":"https:\/\/uj.adatbank.ro\/lexikon\/wp-json\/wp\/v2\/comments?post=4546"}],"wp:attachment":[{"href":"https:\/\/uj.adatbank.ro\/lexikon\/wp-json\/wp\/v2\/media?parent=4546"}],"wp:term":[{"taxonomy":"product_brand","embeddable":true,"href":"https:\/\/uj.adatbank.ro\/lexikon\/wp-json\/wp\/v2\/product_brand?post=4546"},{"taxonomy":"product_cat","embeddable":true,"href":"https:\/\/uj.adatbank.ro\/lexikon\/wp-json\/wp\/v2\/product_cat?post=4546"},{"taxonomy":"product_tag","embeddable":true,"href":"https:\/\/uj.adatbank.ro\/lexikon\/wp-json\/wp\/v2\/product_tag?post=4546"}],"curies":[{"name":"wp","href":"https:\/\/api.w.org\/{rel}","templated":true}]}}