{"id":4550,"date":"2025-06-28T16:45:35","date_gmt":"2025-06-28T14:45:35","guid":{"rendered":"https:\/\/uj.adatbank.ro\/lexikon\/termek\/besliu-ioan\/"},"modified":"2025-06-28T16:45:35","modified_gmt":"2025-06-28T14:45:35","slug":"besliu-ioan","status":"publish","type":"product","link":"https:\/\/uj.adatbank.ro\/lexikon\/termek\/besliu-ioan\/","title":{"rendered":"BE\u015eLIU Ioan"},"content":{"rendered":"<p>Sz\u00e1szr\u00e9gen, 1920. m\u00e1j. 2. \u2020 ? : \u0151rmester. \u2013 A 2. craiovai lovasezredben szolg\u00e1lt. A Rom\u00e1n Hadsereggel v\u00e9gigharcolta az eg\u00e9sz II. vh.-t, el\u0151bb a keleti, majd a nyugati fronton (1941\u201345). B\u0103rb\u0103\u0163ie \u015fi credin\u0163\u0103 kit\u00fcntet\u00e9st kapott. <br \/><strong>Irod.:<\/strong> Reghin, militari<\/br><\/p>\n","protected":false},"excerpt":{"rendered":"<p>Sz\u00e1szr\u00e9gen, 1920. m\u00e1j. 2. \u2020 ? : \u0151rmester. \u2013 A 2. craiovai lovasezredben szolg\u00e1lt. A Rom\u00e1n Hadsereggel v\u00e9gigharcolta az eg\u00e9sz II. vh.-t, el\u0151bb a keleti, majd a nyugati fronton (1941\u201345). B\u0103rb\u0103\u0163ie \u015fi credin\u0163\u0103 kit\u00fcntet\u00e9st kapott. Irod.: Reghin, militari<\/p>\n","protected":false},"featured_media":0,"comment_status":"open","ping_status":"closed","template":"","meta":[],"product_brand":[],"product_cat":[137],"product_tag":[],"class_list":{"0":"post-4550","1":"product","2":"type-product","3":"status-publish","5":"product_cat-maros-megyei-eletrajzi-lexikon","7":"first","8":"instock","9":"shipping-taxable","10":"product-type-simple"},"_links":{"self":[{"href":"https:\/\/uj.adatbank.ro\/lexikon\/wp-json\/wp\/v2\/product\/4550","targetHints":{"allow":["GET"]}}],"collection":[{"href":"https:\/\/uj.adatbank.ro\/lexikon\/wp-json\/wp\/v2\/product"}],"about":[{"href":"https:\/\/uj.adatbank.ro\/lexikon\/wp-json\/wp\/v2\/types\/product"}],"replies":[{"embeddable":true,"href":"https:\/\/uj.adatbank.ro\/lexikon\/wp-json\/wp\/v2\/comments?post=4550"}],"wp:attachment":[{"href":"https:\/\/uj.adatbank.ro\/lexikon\/wp-json\/wp\/v2\/media?parent=4550"}],"wp:term":[{"taxonomy":"product_brand","embeddable":true,"href":"https:\/\/uj.adatbank.ro\/lexikon\/wp-json\/wp\/v2\/product_brand?post=4550"},{"taxonomy":"product_cat","embeddable":true,"href":"https:\/\/uj.adatbank.ro\/lexikon\/wp-json\/wp\/v2\/product_cat?post=4550"},{"taxonomy":"product_tag","embeddable":true,"href":"https:\/\/uj.adatbank.ro\/lexikon\/wp-json\/wp\/v2\/product_tag?post=4550"}],"curies":[{"name":"wp","href":"https:\/\/api.w.org\/{rel}","templated":true}]}}