{"id":4558,"date":"2025-06-28T16:45:51","date_gmt":"2025-06-28T14:45:51","guid":{"rendered":"https:\/\/uj.adatbank.ro\/lexikon\/termek\/betegh-sandor-csiktusnadi-2\/"},"modified":"2025-06-28T16:45:51","modified_gmt":"2025-06-28T14:45:51","slug":"betegh-sandor-csiktusnadi-2","status":"publish","type":"product","link":"https:\/\/uj.adatbank.ro\/lexikon\/termek\/betegh-sandor-csiktusnadi-2\/","title":{"rendered":"BETEGH S\u00e1ndor, cs\u00edktusn\u00e1di"},"content":{"rendered":"<p>Mez\u0151szengyel, 1910. okt. 26. \u2020 Mv., 1994. \u00e1pr. 29. A mez\u0151szengyeli csal\u00e1di kript\u00e1ban nyugszik: f\u00f6ldbirtokos. \u2013 B. S. \u00e9s Eckhard M\u00e1ria fia. Feles\u00e9ge: 1. B\u00e9ldi Erzs\u00e9bet. Gyermekeik: Kl\u00e1ra, Anna, S\u00e1ndor. 2. Nagy Kl\u00e1ra. Le\u00e1nyuk: Marietta, nyelvtan\u00e1r, N\u00e9meto.-ban a Jap\u00e1n Nagyk\u00f6vets\u00e9g munkat\u00e1rsa. \u2013 Mez\u0151szengyeli birtokos, udvarh\u00e1za m\u00e1r nem \u00e1ll. Az \u00e1llamos\u00edt\u00e1s ut\u00e1n cukorgy\u00e1ri munk\u00e1s Mv.-en. Nyelvtan\u00edt\u00e1sb\u00f3l tartotta fenn mag\u00e1t. <br \/><strong>Irod.:<\/strong> csal\u00e1di inf.; Mik\u00f3 I.; [Nekrol\u00f3g] (N\u00fa., 1994. m\u00e1j. 4.); S\u00e1ndor<\/br><\/p>\n","protected":false},"excerpt":{"rendered":"<p>Mez\u0151szengyel, 1910. okt. 26. \u2020 Mv., 1994. \u00e1pr. 29. A mez\u0151szengyeli csal\u00e1di kript\u00e1ban nyugszik: f\u00f6ldbirtokos. \u2013 B. S. \u00e9s Eckhard M\u00e1ria fia. Feles\u00e9ge: 1. B\u00e9ldi Erzs\u00e9bet. Gyermekeik: Kl\u00e1ra, Anna, S\u00e1ndor. 2. Nagy Kl\u00e1ra. Le\u00e1nyuk: Marietta, nyelvtan\u00e1r, N\u00e9meto.-ban a Jap\u00e1n Nagyk\u00f6vets\u00e9g munkat\u00e1rsa. \u2013 Mez\u0151szengyeli birtokos, udvarh\u00e1za m\u00e1r nem \u00e1ll. Az \u00e1llamos\u00edt\u00e1s ut\u00e1n cukorgy\u00e1ri munk\u00e1s Mv.-en. Nyelvtan\u00edt\u00e1sb\u00f3l [&hellip;]<\/p>\n","protected":false},"featured_media":0,"comment_status":"open","ping_status":"closed","template":"","meta":[],"product_brand":[],"product_cat":[137],"product_tag":[],"class_list":{"0":"post-4558","1":"product","2":"type-product","3":"status-publish","5":"product_cat-maros-megyei-eletrajzi-lexikon","7":"first","8":"instock","9":"shipping-taxable","10":"product-type-simple"},"_links":{"self":[{"href":"https:\/\/uj.adatbank.ro\/lexikon\/wp-json\/wp\/v2\/product\/4558","targetHints":{"allow":["GET"]}}],"collection":[{"href":"https:\/\/uj.adatbank.ro\/lexikon\/wp-json\/wp\/v2\/product"}],"about":[{"href":"https:\/\/uj.adatbank.ro\/lexikon\/wp-json\/wp\/v2\/types\/product"}],"replies":[{"embeddable":true,"href":"https:\/\/uj.adatbank.ro\/lexikon\/wp-json\/wp\/v2\/comments?post=4558"}],"wp:attachment":[{"href":"https:\/\/uj.adatbank.ro\/lexikon\/wp-json\/wp\/v2\/media?parent=4558"}],"wp:term":[{"taxonomy":"product_brand","embeddable":true,"href":"https:\/\/uj.adatbank.ro\/lexikon\/wp-json\/wp\/v2\/product_brand?post=4558"},{"taxonomy":"product_cat","embeddable":true,"href":"https:\/\/uj.adatbank.ro\/lexikon\/wp-json\/wp\/v2\/product_cat?post=4558"},{"taxonomy":"product_tag","embeddable":true,"href":"https:\/\/uj.adatbank.ro\/lexikon\/wp-json\/wp\/v2\/product_tag?post=4558"}],"curies":[{"name":"wp","href":"https:\/\/api.w.org\/{rel}","templated":true}]}}