{"id":4564,"date":"2025-06-28T16:46:04","date_gmt":"2025-06-28T14:46:04","guid":{"rendered":"https:\/\/uj.adatbank.ro\/lexikon\/termek\/bethlen-adam-bethleni-gr-3\/"},"modified":"2025-06-28T16:46:04","modified_gmt":"2025-06-28T14:46:04","slug":"bethlen-adam-bethleni-gr-3","status":"publish","type":"product","link":"https:\/\/uj.adatbank.ro\/lexikon\/termek\/bethlen-adam-bethleni-gr-3\/","title":{"rendered":"BETHLEN \u00c1d\u00e1m, bethleni gr."},"content":{"rendered":"<p>Bonyha, 1881. aug. 15., \u2020 H\u00e1tszeg, 1958. j\u00fal. 22., \u0150raljaboldogfalv\u00e1n a ref. temet\u0151ben nyugszik: f\u0151hadnagy, cs. \u00e9s kir. kamar\u00e1s, f\u00f6ldbirtokos. \u2013 B. \u00c1rp\u00e1d (1850\u20131912) \u00e9s br. mez\u0151k\u00f6vesdi Husz\u00e1r Margit (1854\u20131927) fia. Feles\u00e9ge br. losonczi B\u00e1nffy Judit (Kv., 1888. jan. 12-. H\u00e1tszeg, 1949. febr. 11). Esk\u00fcv\u0151 (Kv. 1909. m\u00e1j. 27.). Fiaik: G\u00e1bor (1910\u20131998, Buenos Aires), Farkas (1913. j\u00fan 17- Richmond, 2001. j\u00fan 12), \u00c1d\u00e1m (1917\u20132001. febr. 8, Richmond). \u2013 A gimn.-ot Nagyszebenben v\u00e9gezte ezut\u00e1n katonai p\u00e1ly\u00e1ra l\u00e9pett, Nagyszebenben \u00e9s Brass\u00f3ban szolg\u00e1lt mint a cs. \u00e9s kir. 2. husz\u00e1rezred tiszthelyettese; betegs\u00e9ge miatt leszerelt (1902); egy \u00e9vet a mosonmagyar\u00f3v\u00e1ri Gazdas\u00e1gi Akad.-\u00e1n t\u00f6lt\u00f6tt. Bethlen-i ker\u00fclet F\u00fcggetlen p\u00e1rti ogy.-i k\u00e9pvisel\u0151je (1906\u201310), s a H\u00e1z megalakul\u00e1sakor annak egyik korjegyz\u0151je volt. A Johanita-rend tiszteleti lovagja (1918\u201335). F\u00f6ldbirtokai voltak Bonyh\u00e1ban \u00e9s Ol\u00e1hszentl\u00e1szl\u00f3n is. Ez \u00fat\u00f3bbi f\u00f6ldjeib\u0151l a f\u00f6ldoszt\u00e1skor kisaj\u00e1t\u00edtottak 5, 15 hold sz\u00e1nt\u00f3t (1925. m\u00e1rc. 6.). A bonyhai csal\u00e1di birtok\u00e1n gazd\u00e1lkodott h\u00e1rom fi\u00e1val, amig ki nem lakoltatt\u00e1k a kast\u00e9lyb\u00f3l (1946), majd \u00e1llamos\u00edtott\u00e1k a dics\u0151szentm\u00e1rtoni birokukat (1949), h\u00e1tszegi k\u00e9nyszerlakhelyre ker\u00fcltek. Sz\u00e1m\u0171zet\u00e9s\u00fcket m\u00e9lt\u00f3s\u00e1ggal viselt\u00e9k, nagy szeg\u00e9nys\u00e9gben \u00e9ltek H\u00e1tszegen. Fiait kiutas\u00edtott\u00e1k a kommunista Rom\u00e1ni\u00e1b\u00f3l. <br \/><strong>Irod.:<\/strong> Bicsok\u2013Orb\u00e1n; B\u00f6l\u00f6ni Domokos: Mi lesz a bonyhai Bethlen-kast\u00e9ly sorsa? (N\u00fa., 2002. febr. 21.); Guly\u00e1s; Kempelen, Lukinich; A magyar orsz\u00e1ggy\u0171l\u00e9s&#8230; (Bp., s. a.); M. Johannita csal\u00e1dt\u00f6rt.; Prozan<\/br><\/p>\n","protected":false},"excerpt":{"rendered":"<p>Bonyha, 1881. aug. 15., \u2020 H\u00e1tszeg, 1958. j\u00fal. 22., \u0150raljaboldogfalv\u00e1n a ref. temet\u0151ben nyugszik: f\u0151hadnagy, cs. \u00e9s kir. kamar\u00e1s, f\u00f6ldbirtokos. \u2013 B. \u00c1rp\u00e1d (1850\u20131912) \u00e9s br. mez\u0151k\u00f6vesdi Husz\u00e1r Margit (1854\u20131927) fia. Feles\u00e9ge br. losonczi B\u00e1nffy Judit (Kv., 1888. jan. 12-. H\u00e1tszeg, 1949. febr. 11). Esk\u00fcv\u0151 (Kv. 1909. m\u00e1j. 27.). Fiaik: G\u00e1bor (1910\u20131998, Buenos Aires), Farkas [&hellip;]<\/p>\n","protected":false},"featured_media":0,"comment_status":"open","ping_status":"closed","template":"","meta":[],"product_brand":[],"product_cat":[137],"product_tag":[],"class_list":{"0":"post-4564","1":"product","2":"type-product","3":"status-publish","5":"product_cat-maros-megyei-eletrajzi-lexikon","7":"first","8":"instock","9":"shipping-taxable","10":"product-type-simple"},"_links":{"self":[{"href":"https:\/\/uj.adatbank.ro\/lexikon\/wp-json\/wp\/v2\/product\/4564","targetHints":{"allow":["GET"]}}],"collection":[{"href":"https:\/\/uj.adatbank.ro\/lexikon\/wp-json\/wp\/v2\/product"}],"about":[{"href":"https:\/\/uj.adatbank.ro\/lexikon\/wp-json\/wp\/v2\/types\/product"}],"replies":[{"embeddable":true,"href":"https:\/\/uj.adatbank.ro\/lexikon\/wp-json\/wp\/v2\/comments?post=4564"}],"wp:attachment":[{"href":"https:\/\/uj.adatbank.ro\/lexikon\/wp-json\/wp\/v2\/media?parent=4564"}],"wp:term":[{"taxonomy":"product_brand","embeddable":true,"href":"https:\/\/uj.adatbank.ro\/lexikon\/wp-json\/wp\/v2\/product_brand?post=4564"},{"taxonomy":"product_cat","embeddable":true,"href":"https:\/\/uj.adatbank.ro\/lexikon\/wp-json\/wp\/v2\/product_cat?post=4564"},{"taxonomy":"product_tag","embeddable":true,"href":"https:\/\/uj.adatbank.ro\/lexikon\/wp-json\/wp\/v2\/product_tag?post=4564"}],"curies":[{"name":"wp","href":"https:\/\/api.w.org\/{rel}","templated":true}]}}