{"id":4565,"date":"2025-06-28T16:46:05","date_gmt":"2025-06-28T14:46:05","guid":{"rendered":"https:\/\/uj.adatbank.ro\/lexikon\/termek\/bethlen-aniko-grof\/"},"modified":"2025-06-28T16:46:05","modified_gmt":"2025-06-28T14:46:05","slug":"bethlen-aniko-grof","status":"publish","type":"product","link":"https:\/\/uj.adatbank.ro\/lexikon\/termek\/bethlen-aniko-grof\/","title":{"rendered":"BETHLEN Anik\u00f3, gr\u00f3f"},"content":{"rendered":"<p>Kv., 1938. okt. 7., \u2020 ?.: tan\u00e1r. \u2013 Sz\u00fclei: Bethlen G\u00e1bor, mez\u0151madarasi birtokos \u00e9s \u00c9va. Nagyanyja Bochkor Adrienne, a nagyapa, Ferencz-Mih\u00e1ly Zsigmond (1877\u20131931), t\u00f6rv\u00e9nysz\u00e9ki b\u00edr\u00f3. Feles\u00e9ge: 1. kor\u00e1n elhunyt, a fi\u00fak Mih\u00e1ly; 2. feles\u00e9ge: Sz\u0151kefalvi Szentmikl\u00f3si Ter\u00e9z. \u2013 Gyermekkor\u00e1ban (h\u00e9t \u00e9vesen) v\u00edrusos fert\u0151z\u00e9st kapott \u00e9s megb\u00e9nult. A csal\u00e1dot kitelep\u00edtett\u00e9k a maross\u00e1rpataki h\u00e1zukb\u00f3l. Mv.-en az anyai nagysz\u00fcl\u0151k Bolyai utcai lak\u00e1sukban, a minorit\u00e1k h\u00e1z\u00e1ban laktak, de kitett\u00e9k \u00f6ket innen is \u00e9s a Kossuth utc\u00e1ba k\u00f6lt\u00f6ztek. \u2013 Nagyon szerette az \u00e1llatokat. \u00c9retts\u00e9gi ut\u00e1n rajzolni, festeni tanult T\u00f6r\u00f6k P\u00e1l fest\u0151m\u0171v\u00e9sz vezet\u00e9s\u00e9vel \u00e9s nyelveket tanult: angol, francia, n\u00e9met \u00e9s orosz nyelvet. Nyelvtud\u00e1s\u00e1t felhaszn\u00e1lva nyelv\u00f3r\u00e1kat adott Mv.-en. T\u00f6bb t\u00e1rsadalmi munk\u00e1t v\u00e9gez: Megalap\u00edtotta a Bethlen Alap\u00edtv\u00e1nyt \u00e9s \u00e1ltala seg\u00edtette a mozg\u00e1ss\u00e9r\u00fclteket, adom\u00e1nyokat osztott, orvosi seg\u00e9deszk\u00f6z\u00f6ket k\u00f6lcs\u00f6nz\u00f6tt. A Pro Eur\u00f3pa Liga, a KZST, az EMKE, a Pro Ruris Mez\u0151madaras\u00e9rt Egyes\u00fclet, a M\u00e1ln\u00e1si L\u00e1szl\u00f3 Gomb\u00e1szegyes\u00fclet, az Ebteny\u00e9szt\u0151k Egyes\u00fclete, a Volt Politikai Foglyok Egyes\u00fclet\u00e9nek tagja. Aszal\u00f3s J\u00e1nos-d\u00edj (1998). Mv. d\u00edszpolg\u00e1ra (2000). Megjelent vallom\u00e1sos \u00f6n\u00e9letrajzi k\u00f6tete, amelyben szabadon, elfogulatlanul vallott mindenr\u0151l, amit fontosnak tartott a m\u00faltb\u00f3l a j\u00f6v\u0151 eml\u00e9kezlet\u00e9nek. Bizony, csoda! K\u00e1li Istv\u00e1n besz\u00e9lget\u00e9se gr\u00f3f Bethlen Anik\u00f3val (Mv., 2018). Mv. <br \/><strong>Irod.:<\/strong> Bethlen Anik\u00f3; EMKK 2010; Oszt\u00e1lyellens\u00e9gnek nem j\u00e1r vitamin = G\u00e1l M\u00e1ria: O.: K\u00e9nyszerlakhely (Kv., 1996); Ol\u00e1h-G\u00e1l Elvira = Nobile officium<\/br><\/p>\n","protected":false},"excerpt":{"rendered":"<p>Kv., 1938. okt. 7., \u2020 ?.: tan\u00e1r. \u2013 Sz\u00fclei: Bethlen G\u00e1bor, mez\u0151madarasi birtokos \u00e9s \u00c9va. Nagyanyja Bochkor Adrienne, a nagyapa, Ferencz-Mih\u00e1ly Zsigmond (1877\u20131931), t\u00f6rv\u00e9nysz\u00e9ki b\u00edr\u00f3. Feles\u00e9ge: 1. kor\u00e1n elhunyt, a fi\u00fak Mih\u00e1ly; 2. feles\u00e9ge: Sz\u0151kefalvi Szentmikl\u00f3si Ter\u00e9z. \u2013 Gyermekkor\u00e1ban (h\u00e9t \u00e9vesen) v\u00edrusos fert\u0151z\u00e9st kapott \u00e9s megb\u00e9nult. A csal\u00e1dot kitelep\u00edtett\u00e9k a maross\u00e1rpataki h\u00e1zukb\u00f3l. Mv.-en az anyai [&hellip;]<\/p>\n","protected":false},"featured_media":0,"comment_status":"open","ping_status":"closed","template":"","meta":[],"product_brand":[],"product_cat":[137],"product_tag":[],"class_list":{"0":"post-4565","1":"product","2":"type-product","3":"status-publish","5":"product_cat-maros-megyei-eletrajzi-lexikon","7":"first","8":"instock","9":"shipping-taxable","10":"product-type-simple"},"_links":{"self":[{"href":"https:\/\/uj.adatbank.ro\/lexikon\/wp-json\/wp\/v2\/product\/4565","targetHints":{"allow":["GET"]}}],"collection":[{"href":"https:\/\/uj.adatbank.ro\/lexikon\/wp-json\/wp\/v2\/product"}],"about":[{"href":"https:\/\/uj.adatbank.ro\/lexikon\/wp-json\/wp\/v2\/types\/product"}],"replies":[{"embeddable":true,"href":"https:\/\/uj.adatbank.ro\/lexikon\/wp-json\/wp\/v2\/comments?post=4565"}],"wp:attachment":[{"href":"https:\/\/uj.adatbank.ro\/lexikon\/wp-json\/wp\/v2\/media?parent=4565"}],"wp:term":[{"taxonomy":"product_brand","embeddable":true,"href":"https:\/\/uj.adatbank.ro\/lexikon\/wp-json\/wp\/v2\/product_brand?post=4565"},{"taxonomy":"product_cat","embeddable":true,"href":"https:\/\/uj.adatbank.ro\/lexikon\/wp-json\/wp\/v2\/product_cat?post=4565"},{"taxonomy":"product_tag","embeddable":true,"href":"https:\/\/uj.adatbank.ro\/lexikon\/wp-json\/wp\/v2\/product_tag?post=4565"}],"curies":[{"name":"wp","href":"https:\/\/api.w.org\/{rel}","templated":true}]}}

BETHLEN Anikó, gróf

<p>Kv., 1938. okt. 7., † ?.: tanár. – Szülei: Bethlen Gábor, mezőmadarasi birtokos és Éva. Nagyanyja Bochkor Adrienne, a nagyapa, Ferencz-Mihály Zsigmond (1877–1931), törvényszéki bíró. Felesége: 1. korán elhunyt, a fiúk Mihály; 2. felesége: Szőkefalvi Szentmiklósi Teréz. – Gyermekkorában (hét évesen) vírusos fertőzést kapott és megbénult. A családot kitelepítették a marossárpataki házukból. Mv.-en az anyai nagyszülők Bolyai utcai lakásukban, a minoriták házában laktak, de kitették öket innen is és a Kossuth utcába költöztek. – Nagyon szerette az állatokat. Érettségi után rajzolni, festeni tanult Török Pál festőművész vezetésével és nyelveket tanult: angol, francia, német és orosz nyelvet. Nyelvtudását felhasználva nyelvórákat adott Mv.-en. Több társadalmi munkát végez: Megalapította a Bethlen Alapítványt és általa segítette a mozgássérülteket, adományokat osztott, orvosi segédeszközöket kölcsönzött. A Pro Európa Liga, a KZST, az EMKE, a Pro Ruris Mezőmadarasért Egyesület, a Málnási László Gombászegyesület, az Ebtenyésztők Egyesülete, a Volt Politikai Foglyok Egyesületének tagja. Aszalós János-díj (1998). Mv. díszpolgára (2000). Megjelent vallomásos önéletrajzi kötete, amelyben szabadon, elfogulatlanul vallott mindenről, amit fontosnak tartott a múltból a jövő emlékezletének. Bizony, csoda! Káli István beszélgetése gróf Bethlen Anikóval (Mv., 2018). Mv. <br /><strong>Irod.:</strong> Bethlen Anikó; EMKK 2010; Osztályellenségnek nem jár vitamin = Gál Mária: O.: Kényszerlakhely (Kv., 1996); Oláh-Gál Elvira = Nobile officium</br></p>

<p>Kv., 1938. okt. 7., † ?.: tanár. – Szülei: Bethlen Gábor, mezőmadarasi birtokos és Éva. Nagyanyja Bochkor Adrienne, a nagyapa, Ferencz-Mihály Zsigmond (1877–1931), törvényszéki bíró. Felesége: 1. korán elhunyt, a fiúk Mihály; 2. felesége: Szőkefalvi Szentmiklósi Teréz. – Gyermekkorában (hét évesen) vírusos fertőzést kapott és megbénult. A családot kitelepítették a marossárpataki házukból. Mv.-en az anyai [&hellip;]</p>
