{"id":4568,"date":"2025-06-28T16:46:11","date_gmt":"2025-06-28T14:46:11","guid":{"rendered":"https:\/\/uj.adatbank.ro\/lexikon\/termek\/bethlen-balazs\/"},"modified":"2025-06-28T16:46:11","modified_gmt":"2025-06-28T14:46:11","slug":"bethlen-balazs","status":"publish","type":"product","link":"https:\/\/uj.adatbank.ro\/lexikon\/termek\/bethlen-balazs\/","title":{"rendered":"BETHLEN Bal\u00e1zs"},"content":{"rendered":"<p>1477., \u2020 1536.: kir. kamar\u00e1s, vajdaszentiv\u00e1nyi f\u00f6ldbirtokos. \u2013 B. Gergely \u00e9s somker\u00e9ki Erd\u00e9lyi Judit fia. Feles\u00e9ge de Chorezo Angelika, a kir\u00e1lyn\u0151 udvarh\u00f6lgye. II. Ul\u00e1szl\u00f3 kamar\u00e1sa. Vajdaszentiv\u00e1ny els\u0151 ismert birtokosa, aki Thabi\u00e1ssy J\u00e1nossal \u00e1llt perben (1532). <br \/><strong>Irod.:<\/strong> Castellum \u00c9rtes\u00edt\u0151, 15\/2. sz., 2005.; Gudenus; Lukinich; Vajdaszentiv\u00e1ny<\/br><\/p>\n","protected":false},"excerpt":{"rendered":"<p>1477., \u2020 1536.: kir. kamar\u00e1s, vajdaszentiv\u00e1nyi f\u00f6ldbirtokos. \u2013 B. Gergely \u00e9s somker\u00e9ki Erd\u00e9lyi Judit fia. Feles\u00e9ge de Chorezo Angelika, a kir\u00e1lyn\u0151 udvarh\u00f6lgye. II. Ul\u00e1szl\u00f3 kamar\u00e1sa. Vajdaszentiv\u00e1ny els\u0151 ismert birtokosa, aki Thabi\u00e1ssy J\u00e1nossal \u00e1llt perben (1532). Irod.: Castellum \u00c9rtes\u00edt\u0151, 15\/2. sz., 2005.; Gudenus; Lukinich; Vajdaszentiv\u00e1ny<\/p>\n","protected":false},"featured_media":0,"comment_status":"open","ping_status":"closed","template":"","meta":[],"product_brand":[],"product_cat":[137],"product_tag":[],"class_list":{"0":"post-4568","1":"product","2":"type-product","3":"status-publish","5":"product_cat-maros-megyei-eletrajzi-lexikon","7":"first","8":"instock","9":"shipping-taxable","10":"product-type-simple"},"_links":{"self":[{"href":"https:\/\/uj.adatbank.ro\/lexikon\/wp-json\/wp\/v2\/product\/4568","targetHints":{"allow":["GET"]}}],"collection":[{"href":"https:\/\/uj.adatbank.ro\/lexikon\/wp-json\/wp\/v2\/product"}],"about":[{"href":"https:\/\/uj.adatbank.ro\/lexikon\/wp-json\/wp\/v2\/types\/product"}],"replies":[{"embeddable":true,"href":"https:\/\/uj.adatbank.ro\/lexikon\/wp-json\/wp\/v2\/comments?post=4568"}],"wp:attachment":[{"href":"https:\/\/uj.adatbank.ro\/lexikon\/wp-json\/wp\/v2\/media?parent=4568"}],"wp:term":[{"taxonomy":"product_brand","embeddable":true,"href":"https:\/\/uj.adatbank.ro\/lexikon\/wp-json\/wp\/v2\/product_brand?post=4568"},{"taxonomy":"product_cat","embeddable":true,"href":"https:\/\/uj.adatbank.ro\/lexikon\/wp-json\/wp\/v2\/product_cat?post=4568"},{"taxonomy":"product_tag","embeddable":true,"href":"https:\/\/uj.adatbank.ro\/lexikon\/wp-json\/wp\/v2\/product_tag?post=4568"}],"curies":[{"name":"wp","href":"https:\/\/api.w.org\/{rel}","templated":true}]}}