{"id":4570,"date":"2025-06-28T16:46:15","date_gmt":"2025-06-28T14:46:15","guid":{"rendered":"https:\/\/uj.adatbank.ro\/lexikon\/termek\/bethlen-balint-bethleni-gr\/"},"modified":"2025-06-28T16:46:15","modified_gmt":"2025-06-28T14:46:15","slug":"bethlen-balint-bethleni-gr","status":"publish","type":"product","link":"https:\/\/uj.adatbank.ro\/lexikon\/termek\/bethlen-balint-bethleni-gr\/","title":{"rendered":"BETHLEN B\u00e1lint, bethleni gr."},"content":{"rendered":"<p>Aranyosgy\u00e9res, 1887. m\u00e1j. 28., \u2020 Segesv\u00e1r, 1946. m\u00e1j. 20., a keresdi kript\u00e1ban temett\u00e9k.: f\u00f6ldbirtokos. \u2013 B. B\u00e1lint (1856\u20131913) \u00e9s gr. B\u00e9ldi Berta (1863\u20131946) fia. Bethlen B\u00e9la testv\u00e9re. Feles\u00e9ge: 1. losonczi B\u00e1nffy Marianne br. Gyermekeik: G\u00e1bor, B\u00e1lint, D\u00e1niel, 2. Arz-Vassegg Alice birodalmi gr.-n\u0151 (1926). Gyermekeik: Mikl\u00f3s \u00e9s Ilona. \u2013 Aranyosgy\u00e9resi f\u00f6ldbirtokos, k\u00e9pvisel\u0151, f\u0151isp\u00e1n Tord\u00e1n, a v\u00e1ros korszer\u0171s\u00edt\u0151je. A kerl\u00e9si \u00e9s keresdi birtok \u00e9s kast\u00e9ly \u00f6r\u00f6k\u00f6se. Keresden \u00e9lt. A Kisk\u00fck\u00fcll\u0151 mell\u00e9ki Ref. Egyh\u00e1zmegye gondnoka. Tagja volt a Sz\u00e9kely Gazads\u00e1gi Sz\u00f6vetkezet v. Sz\u00e9kely Gazdasz\u00f6vetkezetnek, a segesv\u00e1ri Takar\u00e9kp\u00e9nzt\u00e1r igazgat\u00f3tan\u00e1cs\u00e1nak. A Rom\u00e1niai M. N\u00e9pk\u00f6z\u00f6ss\u00e9g aleln\u00f6ke (1940). A II. vh. ut\u00e1n p\u00e9nz hi\u00e1ny\u00e1ban nem tudta karbantartani kast\u00e9lyait. Intern\u00e1l\u00f3 t\u00e1borba vitt\u00e9k Buk.-be (1944. szept. \u2013 1945. \u00e1pr. v. 46. m\u00e1rc.), er\u0151s asztm\u00e1t kapott, ami hal\u00e1l\u00e1nak okoz\u00f3ja lett. Miut\u00e1n visszat\u00e9rt az intern\u00e1l\u00f3t\u00e1borb\u00f3l Jak\u00f3 Zsigmond t\u00f6rt\u00e9n\u00e9sszel kiv\u00e1logatt\u00e1k a keresdi lev\u00e9lt\u00e1r nemzeti \u00e9rt\u00e9k\u0171 dokumnetumait \u00e9s ez\u00e1ltal, a kv.-i lev\u00e9lt\u00e1rban \u0151rizve, megmentett\u00e9k a Bethlen-csal\u00e1d lev\u00e9lt\u00e1r\u00e1b\u00f3l a leg\u00e9rt\u00e9kesebb iratokat. Utols\u00f3 v\u00e9grendelet\u00e9ben, amit Korparich Ede \u00e9s Schell Istv\u00e1n \u00edrtak al\u00e1, az els\u0151sz\u00fcl\u00f6tt fia G\u00e1bor lett az \u00e1ltal\u00e1nos \u00f6r\u00f6k\u00f6s. <br \/><strong>Irod.:<\/strong> \u00c1ll\u00f3- \u00e9s mozg\u00f3k\u00e9pek; Bethlen Anik\u00f3; G\u00e1l; Gudenus; Gyermekkori \u00e9letk\u00e9pek \u2013 t\u00f6rt\u00e9nelmi h\u00e1tt\u00e9rrel: Ol\u00e1h-G\u00e1l Elvira besz\u00e9lget\u00e9se bethleni gr. Bethlen Anik\u00f3val (Sz\u00e9kelyf\u00f6ld, 9. sz., 2011. szept.); Kornis; Lukinich; Nagy \u00d6d\u00f6n; Pan\u0103; Scholten<\/br><\/p>\n","protected":false},"excerpt":{"rendered":"<p>Aranyosgy\u00e9res, 1887. m\u00e1j. 28., \u2020 Segesv\u00e1r, 1946. m\u00e1j. 20., a keresdi kript\u00e1ban temett\u00e9k.: f\u00f6ldbirtokos. \u2013 B. B\u00e1lint (1856\u20131913) \u00e9s gr. B\u00e9ldi Berta (1863\u20131946) fia. Bethlen B\u00e9la testv\u00e9re. Feles\u00e9ge: 1. losonczi B\u00e1nffy Marianne br. Gyermekeik: G\u00e1bor, B\u00e1lint, D\u00e1niel, 2. Arz-Vassegg Alice birodalmi gr.-n\u0151 (1926). Gyermekeik: Mikl\u00f3s \u00e9s Ilona. \u2013 Aranyosgy\u00e9resi f\u00f6ldbirtokos, k\u00e9pvisel\u0151, f\u0151isp\u00e1n Tord\u00e1n, a v\u00e1ros [&hellip;]<\/p>\n","protected":false},"featured_media":0,"comment_status":"open","ping_status":"closed","template":"","meta":[],"product_brand":[],"product_cat":[137],"product_tag":[],"class_list":{"0":"post-4570","1":"product","2":"type-product","3":"status-publish","5":"product_cat-maros-megyei-eletrajzi-lexikon","7":"first","8":"instock","9":"shipping-taxable","10":"product-type-simple"},"_links":{"self":[{"href":"https:\/\/uj.adatbank.ro\/lexikon\/wp-json\/wp\/v2\/product\/4570","targetHints":{"allow":["GET"]}}],"collection":[{"href":"https:\/\/uj.adatbank.ro\/lexikon\/wp-json\/wp\/v2\/product"}],"about":[{"href":"https:\/\/uj.adatbank.ro\/lexikon\/wp-json\/wp\/v2\/types\/product"}],"replies":[{"embeddable":true,"href":"https:\/\/uj.adatbank.ro\/lexikon\/wp-json\/wp\/v2\/comments?post=4570"}],"wp:attachment":[{"href":"https:\/\/uj.adatbank.ro\/lexikon\/wp-json\/wp\/v2\/media?parent=4570"}],"wp:term":[{"taxonomy":"product_brand","embeddable":true,"href":"https:\/\/uj.adatbank.ro\/lexikon\/wp-json\/wp\/v2\/product_brand?post=4570"},{"taxonomy":"product_cat","embeddable":true,"href":"https:\/\/uj.adatbank.ro\/lexikon\/wp-json\/wp\/v2\/product_cat?post=4570"},{"taxonomy":"product_tag","embeddable":true,"href":"https:\/\/uj.adatbank.ro\/lexikon\/wp-json\/wp\/v2\/product_tag?post=4570"}],"curies":[{"name":"wp","href":"https:\/\/api.w.org\/{rel}","templated":true}]}}

BETHLEN Bálint, bethleni gr.

<p>Aranyosgyéres, 1887. máj. 28., † Segesvár, 1946. máj. 20., a keresdi kriptában temették.: földbirtokos. – B. Bálint (1856–1913) és gr. Béldi Berta (1863–1946) fia. Bethlen Béla testvére. Felesége: 1. losonczi Bánffy Marianne br. Gyermekeik: Gábor, Bálint, Dániel, 2. Arz-Vassegg Alice birodalmi gr.-nő (1926). Gyermekeik: Miklós és Ilona. – Aranyosgyéresi földbirtokos, képviselő, főispán Tordán, a város korszerűsítője. A kerlési és keresdi birtok és kastély örököse. Keresden élt. A Kisküküllő melléki Ref. Egyházmegye gondnoka. Tagja volt a Székely Gazadsági Szövetkezet v. Székely Gazdaszövetkezetnek, a segesvári Takarékpénztár igazgatótanácsának. A Romániai M. Népközösség alelnöke (1940). A II. vh. után pénz hiányában nem tudta karbantartani kastélyait. Internáló táborba vitték Buk.-be (1944. szept. – 1945. ápr. v. 46. márc.), erős asztmát kapott, ami halálának okozója lett. Miután visszatért az internálótáborból Jakó Zsigmond történésszel kiválogatták a keresdi levéltár nemzeti értékű dokumnetumait és ezáltal, a kv.-i levéltárban őrizve, megmentették a Bethlen-család levéltárából a legértékesebb iratokat. Utolsó végrendeletében, amit Korparich Ede és Schell István írtak alá, az elsőszülött fia Gábor lett az általános örökös. <br /><strong>Irod.:</strong> Álló- és mozgóképek; Bethlen Anikó; Gál; Gudenus; Gyermekkori életképek – történelmi háttérrel: Oláh-Gál Elvira beszélgetése bethleni gr. Bethlen Anikóval (Székelyföld, 9. sz., 2011. szept.); Kornis; Lukinich; Nagy Ödön; Pană; Scholten</br></p>

<p>Aranyosgyéres, 1887. máj. 28., † Segesvár, 1946. máj. 20., a keresdi kriptában temették.: földbirtokos. – B. Bálint (1856–1913) és gr. Béldi Berta (1863–1946) fia. Bethlen Béla testvére. Felesége: 1. losonczi Bánffy Marianne br. Gyermekeik: Gábor, Bálint, Dániel, 2. Arz-Vassegg Alice birodalmi gr.-nő (1926). Gyermekeik: Miklós és Ilona. – Aranyosgyéresi földbirtokos, képviselő, főispán Tordán, a város [&hellip;]</p>
