{"id":4571,"date":"2025-06-28T16:46:19","date_gmt":"2025-06-28T14:46:19","guid":{"rendered":"https:\/\/uj.adatbank.ro\/lexikon\/termek\/bethlen-beata-bethleni-gr-br-atzel-edene\/"},"modified":"2025-06-28T16:46:19","modified_gmt":"2025-06-28T14:46:19","slug":"bethlen-beata-bethleni-gr-br-atzel-edene","status":"publish","type":"product","link":"https:\/\/uj.adatbank.ro\/lexikon\/termek\/bethlen-beata-bethleni-gr-br-atzel-edene\/","title":{"rendered":"BETHLEN Be\u00e1ta, bethleni gr., br. Atz\u00e9l Ed\u00e9n\u00e9"},"content":{"rendered":"<p>\u00c1rokalja, 1908. nov. 5, \u2020 V\u00e1c, 1978. szept. 30.: f\u00f6ldbirtokos. \u2013 B. Bal\u00e1zs \u00e9s J\u00f3sika Beatrix le\u00e1nya. F\u00e9rje: 1. borosjen\u0151i br. Atz\u00e9l Eduard (1906\u20131944 dec.-elt\u0171nt), 2. Tak\u00e1tsy Gyula. Gyermekei: Atz\u00e9l B\u00e9la (1930\u201399), M\u00e1ria (1932\u201393), Zolt\u00e1n (Mez\u0151z\u00e1h, 1936\u2013), Endre (Mez\u0151z\u00e1h, 1937\u2013), Ferenc (1942\u2013), Szabolcs (1944\u2013). \u2013 A kv.-i konzervat\u00f3riumban zongora szakot v\u00e9gzett. Az \u00e1rokaljai kast\u00e9ly tulajdonosa, fia Ferenc visszaig\u00e9nyelte de m\u00e9g nem kapta meg, perben van. <br \/><strong>Irod.:<\/strong> Bicsok\u2013Orb\u00e1n; Kornis<\/br><\/p>\n","protected":false},"excerpt":{"rendered":"<p>\u00c1rokalja, 1908. nov. 5, \u2020 V\u00e1c, 1978. szept. 30.: f\u00f6ldbirtokos. \u2013 B. Bal\u00e1zs \u00e9s J\u00f3sika Beatrix le\u00e1nya. F\u00e9rje: 1. borosjen\u0151i br. Atz\u00e9l Eduard (1906\u20131944 dec.-elt\u0171nt), 2. Tak\u00e1tsy Gyula. Gyermekei: Atz\u00e9l B\u00e9la (1930\u201399), M\u00e1ria (1932\u201393), Zolt\u00e1n (Mez\u0151z\u00e1h, 1936\u2013), Endre (Mez\u0151z\u00e1h, 1937\u2013), Ferenc (1942\u2013), Szabolcs (1944\u2013). \u2013 A kv.-i konzervat\u00f3riumban zongora szakot v\u00e9gzett. Az \u00e1rokaljai kast\u00e9ly tulajdonosa, [&hellip;]<\/p>\n","protected":false},"featured_media":0,"comment_status":"open","ping_status":"closed","template":"","meta":[],"product_brand":[],"product_cat":[137],"product_tag":[],"class_list":{"0":"post-4571","1":"product","2":"type-product","3":"status-publish","5":"product_cat-maros-megyei-eletrajzi-lexikon","7":"first","8":"instock","9":"shipping-taxable","10":"product-type-simple"},"_links":{"self":[{"href":"https:\/\/uj.adatbank.ro\/lexikon\/wp-json\/wp\/v2\/product\/4571","targetHints":{"allow":["GET"]}}],"collection":[{"href":"https:\/\/uj.adatbank.ro\/lexikon\/wp-json\/wp\/v2\/product"}],"about":[{"href":"https:\/\/uj.adatbank.ro\/lexikon\/wp-json\/wp\/v2\/types\/product"}],"replies":[{"embeddable":true,"href":"https:\/\/uj.adatbank.ro\/lexikon\/wp-json\/wp\/v2\/comments?post=4571"}],"wp:attachment":[{"href":"https:\/\/uj.adatbank.ro\/lexikon\/wp-json\/wp\/v2\/media?parent=4571"}],"wp:term":[{"taxonomy":"product_brand","embeddable":true,"href":"https:\/\/uj.adatbank.ro\/lexikon\/wp-json\/wp\/v2\/product_brand?post=4571"},{"taxonomy":"product_cat","embeddable":true,"href":"https:\/\/uj.adatbank.ro\/lexikon\/wp-json\/wp\/v2\/product_cat?post=4571"},{"taxonomy":"product_tag","embeddable":true,"href":"https:\/\/uj.adatbank.ro\/lexikon\/wp-json\/wp\/v2\/product_tag?post=4571"}],"curies":[{"name":"wp","href":"https:\/\/api.w.org\/{rel}","templated":true}]}}

BETHLEN Beáta, bethleni gr., br. Atzél Edéné

<p>Árokalja, 1908. nov. 5, † Vác, 1978. szept. 30.: földbirtokos. – B. Balázs és Jósika Beatrix leánya. Férje: 1. borosjenői br. Atzél Eduard (1906–1944 dec.-eltűnt), 2. Takátsy Gyula. Gyermekei: Atzél Béla (1930–99), Mária (1932–93), Zoltán (Mezőzáh, 1936–), Endre (Mezőzáh, 1937–), Ferenc (1942–), Szabolcs (1944–). – A kv.-i konzervatóriumban zongora szakot végzett. Az árokaljai kastély tulajdonosa, fia Ferenc visszaigényelte de még nem kapta meg, perben van. <br /><strong>Irod.:</strong> Bicsok–Orbán; Kornis</br></p>

<p>Árokalja, 1908. nov. 5, † Vác, 1978. szept. 30.: földbirtokos. – B. Balázs és Jósika Beatrix leánya. Férje: 1. borosjenői br. Atzél Eduard (1906–1944 dec.-eltűnt), 2. Takátsy Gyula. Gyermekei: Atzél Béla (1930–99), Mária (1932–93), Zoltán (Mezőzáh, 1936–), Endre (Mezőzáh, 1937–), Ferenc (1942–), Szabolcs (1944–). – A kv.-i konzervatóriumban zongora szakot végzett. Az árokaljai kastély tulajdonosa, [&hellip;]</p>
