{"id":4573,"date":"2025-06-28T16:46:25","date_gmt":"2025-06-28T14:46:25","guid":{"rendered":"https:\/\/uj.adatbank.ro\/lexikon\/termek\/bethlen-borbala-bethleni-gr-rhedei-mihalyne\/"},"modified":"2025-06-28T16:46:25","modified_gmt":"2025-06-28T14:46:25","slug":"bethlen-borbala-bethleni-gr-rhedei-mihalyne","status":"publish","type":"product","link":"https:\/\/uj.adatbank.ro\/lexikon\/termek\/bethlen-borbala-bethleni-gr-rhedei-mihalyne\/","title":{"rendered":"BETHLEN Borb\u00e1la, bethleni gr. Rh\u00e9dei Mih\u00e1lyn\u00e9"},"content":{"rendered":"<p>1770., \u2020 1852. nov. 4.: mez\u0151paniti f\u00f6ldbirtokos. \u2013 Gr. B. S\u00e1ndor (1741\u20131793) \u00e9s gr. Bethlen Karolina (1753\u20131826) le\u00e1nya. F\u00e9rje kisr\u00e9dei Rh\u00e9dey Mih\u00e1ly. L\u00e1nyuk R. J\u00falia (1790\u20131875), f\u00e9rje gr. Grundemann J\u00e1nos Nepomuk (1780\u20131843). \u2013 Anyj\u00e1t\u00f3l \u00f6r\u00f6k\u00f6lte a mez\u0151paniti Bethlen birtokot \u00e9s udvarh\u00e1zat. Az \u0151 Juli\u00e1nna le\u00e1nya, gr. Grundemann J\u00e1nosn\u00e9 lett a birtok \u00f6r\u00f6k\u00f6sse. <br \/><strong>Irod.:<\/strong> Bicsik-Orb\u00e1n; Gudenus; Lukinich<\/br><\/p>\n","protected":false},"excerpt":{"rendered":"<p>1770., \u2020 1852. nov. 4.: mez\u0151paniti f\u00f6ldbirtokos. \u2013 Gr. B. S\u00e1ndor (1741\u20131793) \u00e9s gr. Bethlen Karolina (1753\u20131826) le\u00e1nya. F\u00e9rje kisr\u00e9dei Rh\u00e9dey Mih\u00e1ly. L\u00e1nyuk R. J\u00falia (1790\u20131875), f\u00e9rje gr. Grundemann J\u00e1nos Nepomuk (1780\u20131843). \u2013 Anyj\u00e1t\u00f3l \u00f6r\u00f6k\u00f6lte a mez\u0151paniti Bethlen birtokot \u00e9s udvarh\u00e1zat. Az \u0151 Juli\u00e1nna le\u00e1nya, gr. Grundemann J\u00e1nosn\u00e9 lett a birtok \u00f6r\u00f6k\u00f6sse. Irod.: Bicsik-Orb\u00e1n; Gudenus; [&hellip;]<\/p>\n","protected":false},"featured_media":0,"comment_status":"open","ping_status":"closed","template":"","meta":[],"product_brand":[],"product_cat":[137],"product_tag":[],"class_list":{"0":"post-4573","1":"product","2":"type-product","3":"status-publish","5":"product_cat-maros-megyei-eletrajzi-lexikon","7":"first","8":"instock","9":"shipping-taxable","10":"product-type-simple"},"_links":{"self":[{"href":"https:\/\/uj.adatbank.ro\/lexikon\/wp-json\/wp\/v2\/product\/4573","targetHints":{"allow":["GET"]}}],"collection":[{"href":"https:\/\/uj.adatbank.ro\/lexikon\/wp-json\/wp\/v2\/product"}],"about":[{"href":"https:\/\/uj.adatbank.ro\/lexikon\/wp-json\/wp\/v2\/types\/product"}],"replies":[{"embeddable":true,"href":"https:\/\/uj.adatbank.ro\/lexikon\/wp-json\/wp\/v2\/comments?post=4573"}],"wp:attachment":[{"href":"https:\/\/uj.adatbank.ro\/lexikon\/wp-json\/wp\/v2\/media?parent=4573"}],"wp:term":[{"taxonomy":"product_brand","embeddable":true,"href":"https:\/\/uj.adatbank.ro\/lexikon\/wp-json\/wp\/v2\/product_brand?post=4573"},{"taxonomy":"product_cat","embeddable":true,"href":"https:\/\/uj.adatbank.ro\/lexikon\/wp-json\/wp\/v2\/product_cat?post=4573"},{"taxonomy":"product_tag","embeddable":true,"href":"https:\/\/uj.adatbank.ro\/lexikon\/wp-json\/wp\/v2\/product_tag?post=4573"}],"curies":[{"name":"wp","href":"https:\/\/api.w.org\/{rel}","templated":true}]}}

BETHLEN Borbála, bethleni gr. Rhédei Mihályné

<p>1770., † 1852. nov. 4.: mezőpaniti földbirtokos. – Gr. B. Sándor (1741–1793) és gr. Bethlen Karolina (1753–1826) leánya. Férje kisrédei Rhédey Mihály. Lányuk R. Júlia (1790–1875), férje gr. Grundemann János Nepomuk (1780–1843). – Anyjától örökölte a mezőpaniti Bethlen birtokot és udvarházat. Az ő Juliánna leánya, gr. Grundemann Jánosné lett a birtok örökösse. <br /><strong>Irod.:</strong> Bicsik-Orbán; Gudenus; Lukinich</br></p>

<p>1770., † 1852. nov. 4.: mezőpaniti földbirtokos. – Gr. B. Sándor (1741–1793) és gr. Bethlen Karolina (1753–1826) leánya. Férje kisrédei Rhédey Mihály. Lányuk R. Júlia (1790–1875), férje gr. Grundemann János Nepomuk (1780–1843). – Anyjától örökölte a mezőpaniti Bethlen birtokot és udvarházat. Az ő Juliánna leánya, gr. Grundemann Jánosné lett a birtok örökösse. Irod.: Bicsik-Orbán; Gudenus; [&hellip;]</p>
