{"id":4575,"date":"2025-06-28T16:46:29","date_gmt":"2025-06-28T14:46:29","guid":{"rendered":"https:\/\/uj.adatbank.ro\/lexikon\/termek\/bethlen-david-bethleni\/"},"modified":"2025-06-28T16:46:29","modified_gmt":"2025-06-28T14:46:29","slug":"bethlen-david-bethleni","status":"publish","type":"product","link":"https:\/\/uj.adatbank.ro\/lexikon\/termek\/bethlen-david-bethleni\/","title":{"rendered":"BETHLEN D\u00e1vid, bethleni"},"content":{"rendered":"<p>? \u2020\u00a01779.: t\u00e1blai \u00fcln\u00f6k, t\u00e1blab\u00edr\u00f3. \u2013 Gr. B. J\u00e1nos (\u20131712 ut\u00e1n) \u00e9s Alvinczi Erzs\u00e9bet fia. Feles\u00e9ge: sz\u00e9ki gr. Teleki Kl\u00e1ra. Gyermekeik: S\u00e1ndor, J\u00e1nos, Borb\u00e1la. \u2013 A mv.-i Kir. T\u00e1bla \u00fcln\u00f6ke (1771), it\u00e9l\u0151b\u00edr\u00e1ja. Mv.-en polg\u00e1ri esk\u00fct tett (1771. nov. 13.). A mv.-i Ref. Koll. f\u0151kur\u00e1tora egy\u00fctt B. L\u00e1szl\u00f3val (1766. j\u00fan. 21. \u2013). Hal\u00e1l\u00e1ra Kov\u00e1sznai S\u00e1ndor b\u00facs\u00faztat\u00f3t \u00edrt, amelyet Carmina-j\u00e1ban k\u00f6z\u00f6lt. <br \/><strong>Irod.:<\/strong> Gudenus; Koncz; Kov\u00e1sznai; Kov\u00e1sznai: Carmina&#8230; (1780 \u00e9vsz\u00e1mmal) (Trajecti Batavorum, 1782); K\u00fck\u00fcll\u0151i Ref. Egyh\u00e1zm. 2.; K\u00fck\u00fcll\u0151i Ref. Egyh\u00e1zm. 2.; Lukinich; Orb\u00e1n J\u00e1nos: T\u00e1blab\u00edr\u00e1k, f\u0151nemesek, pall\u00e9rok \u00e9s h\u00e1zak: V\u00e1rosk\u00e9p \u00e9s t\u00e1rsadalom v\u00e1ltoz\u00e1sai Mv.-en a Kir\u00e1lyi T\u00e1bla bek\u00f6lt\u00f6z\u00e9se ut\u00e1n [1754] =  K\u00f6nyvek \u00e1ltal&#8230;<\/br><\/p>\n","protected":false},"excerpt":{"rendered":"<p>? \u2020\u00a01779.: t\u00e1blai \u00fcln\u00f6k, t\u00e1blab\u00edr\u00f3. \u2013 Gr. B. J\u00e1nos (\u20131712 ut\u00e1n) \u00e9s Alvinczi Erzs\u00e9bet fia. Feles\u00e9ge: sz\u00e9ki gr. Teleki Kl\u00e1ra. Gyermekeik: S\u00e1ndor, J\u00e1nos, Borb\u00e1la. \u2013 A mv.-i Kir. T\u00e1bla \u00fcln\u00f6ke (1771), it\u00e9l\u0151b\u00edr\u00e1ja. Mv.-en polg\u00e1ri esk\u00fct tett (1771. nov. 13.). A mv.-i Ref. Koll. f\u0151kur\u00e1tora egy\u00fctt B. L\u00e1szl\u00f3val (1766. j\u00fan. 21. \u2013). Hal\u00e1l\u00e1ra Kov\u00e1sznai S\u00e1ndor b\u00facs\u00faztat\u00f3t [&hellip;]<\/p>\n","protected":false},"featured_media":0,"comment_status":"open","ping_status":"closed","template":"","meta":[],"product_brand":[],"product_cat":[137],"product_tag":[],"class_list":{"0":"post-4575","1":"product","2":"type-product","3":"status-publish","5":"product_cat-maros-megyei-eletrajzi-lexikon","7":"first","8":"instock","9":"shipping-taxable","10":"product-type-simple"},"_links":{"self":[{"href":"https:\/\/uj.adatbank.ro\/lexikon\/wp-json\/wp\/v2\/product\/4575","targetHints":{"allow":["GET"]}}],"collection":[{"href":"https:\/\/uj.adatbank.ro\/lexikon\/wp-json\/wp\/v2\/product"}],"about":[{"href":"https:\/\/uj.adatbank.ro\/lexikon\/wp-json\/wp\/v2\/types\/product"}],"replies":[{"embeddable":true,"href":"https:\/\/uj.adatbank.ro\/lexikon\/wp-json\/wp\/v2\/comments?post=4575"}],"wp:attachment":[{"href":"https:\/\/uj.adatbank.ro\/lexikon\/wp-json\/wp\/v2\/media?parent=4575"}],"wp:term":[{"taxonomy":"product_brand","embeddable":true,"href":"https:\/\/uj.adatbank.ro\/lexikon\/wp-json\/wp\/v2\/product_brand?post=4575"},{"taxonomy":"product_cat","embeddable":true,"href":"https:\/\/uj.adatbank.ro\/lexikon\/wp-json\/wp\/v2\/product_cat?post=4575"},{"taxonomy":"product_tag","embeddable":true,"href":"https:\/\/uj.adatbank.ro\/lexikon\/wp-json\/wp\/v2\/product_tag?post=4575"}],"curies":[{"name":"wp","href":"https:\/\/api.w.org\/{rel}","templated":true}]}}