{"id":4577,"date":"2025-06-28T16:46:34","date_gmt":"2025-06-28T14:46:34","guid":{"rendered":"https:\/\/uj.adatbank.ro\/lexikon\/termek\/bethlen-domokos-iktari-gr\/"},"modified":"2025-06-28T16:46:34","modified_gmt":"2025-06-28T14:46:34","slug":"bethlen-domokos-iktari-gr","status":"publish","type":"product","link":"https:\/\/uj.adatbank.ro\/lexikon\/termek\/bethlen-domokos-iktari-gr\/","title":{"rendered":"BETHLEN Domokos, ikt\u00e1ri gr."},"content":{"rendered":"<p>1726., \u2020\u00a0Vajdaszentiv\u00e1ny, 1791, j\u00fan. 2. temetve a h\u00e9derf\u00e1ji templom kript\u00e1j\u00e1ba: f\u00f6ldbirtokos. \u2013 B. S\u00e1muel \u00e9s Keresztes Borb\u00e1la fia. Feles\u00e9ge 1. hadadi gr. Wessel\u00e9nyi M\u00e1ria (1736\u20131755). Le\u00e1nya Zsuzs\u00e1nna, Teleki S\u00e1mueln\u00e9. 2. bethleni Bethlen Kata. \u2013 Vajdaszentiv\u00e1nyban volt f\u00f6ldbirtokos. Kov\u00e1sznai Carmina c. k\u00f6tet\u00e9ben egy 1778-b\u00f3l sz\u00e1rmaz\u00f3 hozz\u00e1 \u00edrt verset k\u00f6z\u00f6l. <br \/><strong>Irod.:<\/strong> Bics\u00f3k-Orb\u00e1n; Kov\u00e1sznai; Lev\u00e9lt\u00e1ri gy\u00e1szj.; Pesty 2014<\/br><\/p>\n","protected":false},"excerpt":{"rendered":"<p>1726., \u2020\u00a0Vajdaszentiv\u00e1ny, 1791, j\u00fan. 2. temetve a h\u00e9derf\u00e1ji templom kript\u00e1j\u00e1ba: f\u00f6ldbirtokos. \u2013 B. S\u00e1muel \u00e9s Keresztes Borb\u00e1la fia. Feles\u00e9ge 1. hadadi gr. Wessel\u00e9nyi M\u00e1ria (1736\u20131755). Le\u00e1nya Zsuzs\u00e1nna, Teleki S\u00e1mueln\u00e9. 2. bethleni Bethlen Kata. \u2013 Vajdaszentiv\u00e1nyban volt f\u00f6ldbirtokos. Kov\u00e1sznai Carmina c. k\u00f6tet\u00e9ben egy 1778-b\u00f3l sz\u00e1rmaz\u00f3 hozz\u00e1 \u00edrt verset k\u00f6z\u00f6l. Irod.: Bics\u00f3k-Orb\u00e1n; Kov\u00e1sznai; Lev\u00e9lt\u00e1ri gy\u00e1szj.; Pesty 2014<\/p>\n","protected":false},"featured_media":0,"comment_status":"open","ping_status":"closed","template":"","meta":[],"product_brand":[],"product_cat":[137],"product_tag":[],"class_list":{"0":"post-4577","1":"product","2":"type-product","3":"status-publish","5":"product_cat-maros-megyei-eletrajzi-lexikon","7":"first","8":"instock","9":"shipping-taxable","10":"product-type-simple"},"_links":{"self":[{"href":"https:\/\/uj.adatbank.ro\/lexikon\/wp-json\/wp\/v2\/product\/4577","targetHints":{"allow":["GET"]}}],"collection":[{"href":"https:\/\/uj.adatbank.ro\/lexikon\/wp-json\/wp\/v2\/product"}],"about":[{"href":"https:\/\/uj.adatbank.ro\/lexikon\/wp-json\/wp\/v2\/types\/product"}],"replies":[{"embeddable":true,"href":"https:\/\/uj.adatbank.ro\/lexikon\/wp-json\/wp\/v2\/comments?post=4577"}],"wp:attachment":[{"href":"https:\/\/uj.adatbank.ro\/lexikon\/wp-json\/wp\/v2\/media?parent=4577"}],"wp:term":[{"taxonomy":"product_brand","embeddable":true,"href":"https:\/\/uj.adatbank.ro\/lexikon\/wp-json\/wp\/v2\/product_brand?post=4577"},{"taxonomy":"product_cat","embeddable":true,"href":"https:\/\/uj.adatbank.ro\/lexikon\/wp-json\/wp\/v2\/product_cat?post=4577"},{"taxonomy":"product_tag","embeddable":true,"href":"https:\/\/uj.adatbank.ro\/lexikon\/wp-json\/wp\/v2\/product_tag?post=4577"}],"curies":[{"name":"wp","href":"https:\/\/api.w.org\/{rel}","templated":true}]}}