{"id":4579,"date":"2025-06-28T16:46:36","date_gmt":"2025-06-28T14:46:36","guid":{"rendered":"https:\/\/uj.adatbank.ro\/lexikon\/termek\/bethlen-elek-bethleni-gr\/"},"modified":"2025-06-28T16:46:36","modified_gmt":"2025-06-28T14:46:36","slug":"bethlen-elek-bethleni-gr","status":"publish","type":"product","link":"https:\/\/uj.adatbank.ro\/lexikon\/termek\/bethlen-elek-bethleni-gr\/","title":{"rendered":"BETHLEN Elek, bethleni gr."},"content":{"rendered":"<p>1688 \u2020\u00a01724.: f\u0151\u00far. \u2013 B. Elek \u00e9s borsai Nagy Kl\u00e1ra fia. Feles\u00e9ge: Pekry Kata (elv\u00e1lt asszony), Pekry L\u0151rinc \u00e9s Petr\u0151czi Kata Szid\u00f3nia l\u00e1nya. (Esk\u00fcv\u0151: 1715). Gyermekeik: K\u00e1roly (1714\u20131737); P\u00e1l \u00e9s \u00c9va. \u2013 Apja hal\u00e1la ut\u00e1n (1896) a gubern\u00e1torn\u00e1l nevelkedett. Gr\u00f3fi rangot kapott (1697). A kuruc mozgalom kezdet\u00e9n csatlakozott II. R\u00e1k\u00f3czi Ferenchez. A fejedelem sz\u0171kebb k\u00f6rnyezet\u00e9hez tartozott, ott volt 1711-ben a vajai tal\u00e1lkoz\u00f3n. K\u00f6vette ugyan R\u00e1k\u00f3czit Lengyelorsz\u00e1gba, de \u00e9lt az amnesztia lehet\u0151s\u00e9g\u00e9vel \u00e9s hazat\u00e9rt (1711 nyar\u00e1n). A Bonyhai kast\u00e9ly birtokosa (1711). Fiatalon, k\u00f6szv\u00e9nyben halt meg. Gyermekei Bethlen \u00c1d\u00e1m \u00e9s S\u00e1muel gy\u00e1ms\u00e1ga alatt n\u0151ttek fel. A feln\u0151tt\u00e9 v\u00e1lt gyerekek elosztott\u00e1k (1732) egym\u00e1s k\u00f6z\u00f6tt a birtokokat, amelyek a bonyhai kast\u00e9lyhoz tartoz\u00f3 uradalom r\u00e9szj\u00f3sz\u00e1gai Szentl\u00e1szl\u00f3, Sz\u00e9naver\u0151s, \u00d6rm\u00e9nyes, D\u00e1ny\u00e1n, Cs\u00e1v\u00e1s, Bern\u00e1d, K\u00e1polna falvakban voltak, ide tartozott a csal\u00e1d bethleni udvarh\u00e1za is. <br \/><strong>Irod.:<\/strong> B\u00f6l\u00f6ni Domokos: A pomp\u00e1s bonyhai Castrum doloris \u00c1rva Bethlen Kata eml\u00e9k\u00e9re (N\u00fa., 1999. nov. 30.); Keresztes<\/br><\/p>\n","protected":false},"excerpt":{"rendered":"<p>1688 \u2020\u00a01724.: f\u0151\u00far. \u2013 B. Elek \u00e9s borsai Nagy Kl\u00e1ra fia. Feles\u00e9ge: Pekry Kata (elv\u00e1lt asszony), Pekry L\u0151rinc \u00e9s Petr\u0151czi Kata Szid\u00f3nia l\u00e1nya. (Esk\u00fcv\u0151: 1715). Gyermekeik: K\u00e1roly (1714\u20131737); P\u00e1l \u00e9s \u00c9va. \u2013 Apja hal\u00e1la ut\u00e1n (1896) a gubern\u00e1torn\u00e1l nevelkedett. Gr\u00f3fi rangot kapott (1697). A kuruc mozgalom kezdet\u00e9n csatlakozott II. R\u00e1k\u00f3czi Ferenchez. A fejedelem sz\u0171kebb k\u00f6rnyezet\u00e9hez [&hellip;]<\/p>\n","protected":false},"featured_media":0,"comment_status":"open","ping_status":"closed","template":"","meta":[],"product_brand":[],"product_cat":[137],"product_tag":[],"class_list":{"0":"post-4579","1":"product","2":"type-product","3":"status-publish","5":"product_cat-maros-megyei-eletrajzi-lexikon","7":"first","8":"instock","9":"shipping-taxable","10":"product-type-simple"},"_links":{"self":[{"href":"https:\/\/uj.adatbank.ro\/lexikon\/wp-json\/wp\/v2\/product\/4579","targetHints":{"allow":["GET"]}}],"collection":[{"href":"https:\/\/uj.adatbank.ro\/lexikon\/wp-json\/wp\/v2\/product"}],"about":[{"href":"https:\/\/uj.adatbank.ro\/lexikon\/wp-json\/wp\/v2\/types\/product"}],"replies":[{"embeddable":true,"href":"https:\/\/uj.adatbank.ro\/lexikon\/wp-json\/wp\/v2\/comments?post=4579"}],"wp:attachment":[{"href":"https:\/\/uj.adatbank.ro\/lexikon\/wp-json\/wp\/v2\/media?parent=4579"}],"wp:term":[{"taxonomy":"product_brand","embeddable":true,"href":"https:\/\/uj.adatbank.ro\/lexikon\/wp-json\/wp\/v2\/product_brand?post=4579"},{"taxonomy":"product_cat","embeddable":true,"href":"https:\/\/uj.adatbank.ro\/lexikon\/wp-json\/wp\/v2\/product_cat?post=4579"},{"taxonomy":"product_tag","embeddable":true,"href":"https:\/\/uj.adatbank.ro\/lexikon\/wp-json\/wp\/v2\/product_tag?post=4579"}],"curies":[{"name":"wp","href":"https:\/\/api.w.org\/{rel}","templated":true}]}}

<p>1688 † 1724.: főúr. – B. Elek és borsai Nagy Klára fia. Felesége: Pekry Kata (elvált asszony), Pekry Lőrinc és Petrőczi Kata Szidónia lánya. (Esküvő: 1715). Gyermekeik: Károly (1714–1737); Pál és Éva. – Apja halála után (1896) a gubernátornál nevelkedett. Grófi rangot kapott (1697). A kuruc mozgalom kezdetén csatlakozott II. Rákóczi Ferenchez. A fejedelem szűkebb környezetéhez tartozott, ott volt 1711-ben a vajai találkozón. Követte ugyan Rákóczit Lengyelországba, de élt az amnesztia lehetőségével és hazatért (1711 nyarán). A Bonyhai kastély birtokosa (1711). Fiatalon, köszvényben halt meg. Gyermekei Bethlen Ádám és Sámuel gyámsága alatt nőttek fel. A felnőtté vált gyerekek elosztották (1732) egymás között a birtokokat, amelyek a bonyhai kastélyhoz tartozó uradalom részjószágai Szentlászló, Szénaverős, Örményes, Dányán, Csávás, Bernád, Kápolna falvakban voltak, ide tartozott a család bethleni udvarháza is. <br /><strong>Irod.:</strong> Bölöni Domokos: A pompás bonyhai Castrum doloris Árva Bethlen Kata emlékére (Nú., 1999. nov. 30.); Keresztes</br></p>

<p>1688 † 1724.: főúr. – B. Elek és borsai Nagy Klára fia. Felesége: Pekry Kata (elvált asszony), Pekry Lőrinc és Petrőczi Kata Szidónia lánya. (Esküvő: 1715). Gyermekeik: Károly (1714–1737); Pál és Éva. – Apja halála után (1896) a gubernátornál nevelkedett. Grófi rangot kapott (1697). A kuruc mozgalom kezdetén csatlakozott II. Rákóczi Ferenchez. A fejedelem szűkebb környezetéhez [&hellip;]</p>
