{"id":4582,"date":"2025-06-28T16:46:43","date_gmt":"2025-06-28T14:46:43","guid":{"rendered":"https:\/\/uj.adatbank.ro\/lexikon\/termek\/bethlen-emma-bethleni-gr-beldi-akosne\/"},"modified":"2025-06-28T16:46:43","modified_gmt":"2025-06-28T14:46:43","slug":"bethlen-emma-bethleni-gr-beldi-akosne","status":"publish","type":"product","link":"https:\/\/uj.adatbank.ro\/lexikon\/termek\/bethlen-emma-bethleni-gr-beldi-akosne\/","title":{"rendered":"BETHLEN Emma, bethleni gr.; B\u00e9ldi \u00c1kosn\u00e9"},"content":{"rendered":"<p>Kerl\u00e9s, \u00a01848. okt. 21., \u2020 Kv., 1896. nov. 11., a kv.-i H\u00e1zsong\u00e1rdi temet\u0151ben a B\u00e9ldi kript\u00e1ban nyugszik: f\u00f6ldbirtokos. \u2013 B. G\u00e1bor \u00e9s B. Kl\u00e1ra le\u00e1nya. Gyermekeik: Ferenc, Emma, Zs\u00f3fia, Kl\u00e1ra, Margit. \u2013 Az EMKE h\u0171 p\u00e1rtfog\u00f3ja, m\u00e1sodik eln\u00f6k\u00e9nek B\u00e9ldi \u00c1kosnak feles\u00e9ge (1871), els\u0151 eln\u00f6k\u00e9nek Bethlen G\u00e1bornak n\u0151v\u00e9re. Az Izabella-egyes\u00fclet eln\u00f6ke, amely programj\u00e1ba vette a sz\u00e9kely munk\u00e1s \u00e9s csel\u00e9ds\u00e9g kiv\u00e1ndorl\u00e1s\u00e1nak cs\u00f6kkent\u00e9s\u00e9t, megakad\u00e1lyoz\u00e1s\u00e1t. <br \/><strong>Irod.:<\/strong> H\u00e1zsong\u00e1rd; Kempelen; S\u00e1ndor<\/br><\/p>\n","protected":false},"excerpt":{"rendered":"<p>Kerl\u00e9s, \u00a01848. okt. 21., \u2020 Kv., 1896. nov. 11., a kv.-i H\u00e1zsong\u00e1rdi temet\u0151ben a B\u00e9ldi kript\u00e1ban nyugszik: f\u00f6ldbirtokos. \u2013 B. G\u00e1bor \u00e9s B. Kl\u00e1ra le\u00e1nya. Gyermekeik: Ferenc, Emma, Zs\u00f3fia, Kl\u00e1ra, Margit. \u2013 Az EMKE h\u0171 p\u00e1rtfog\u00f3ja, m\u00e1sodik eln\u00f6k\u00e9nek B\u00e9ldi \u00c1kosnak feles\u00e9ge (1871), els\u0151 eln\u00f6k\u00e9nek Bethlen G\u00e1bornak n\u0151v\u00e9re. Az Izabella-egyes\u00fclet eln\u00f6ke, amely programj\u00e1ba vette a sz\u00e9kely [&hellip;]<\/p>\n","protected":false},"featured_media":0,"comment_status":"open","ping_status":"closed","template":"","meta":[],"product_brand":[],"product_cat":[137],"product_tag":[],"class_list":{"0":"post-4582","1":"product","2":"type-product","3":"status-publish","5":"product_cat-maros-megyei-eletrajzi-lexikon","7":"first","8":"instock","9":"shipping-taxable","10":"product-type-simple"},"_links":{"self":[{"href":"https:\/\/uj.adatbank.ro\/lexikon\/wp-json\/wp\/v2\/product\/4582","targetHints":{"allow":["GET"]}}],"collection":[{"href":"https:\/\/uj.adatbank.ro\/lexikon\/wp-json\/wp\/v2\/product"}],"about":[{"href":"https:\/\/uj.adatbank.ro\/lexikon\/wp-json\/wp\/v2\/types\/product"}],"replies":[{"embeddable":true,"href":"https:\/\/uj.adatbank.ro\/lexikon\/wp-json\/wp\/v2\/comments?post=4582"}],"wp:attachment":[{"href":"https:\/\/uj.adatbank.ro\/lexikon\/wp-json\/wp\/v2\/media?parent=4582"}],"wp:term":[{"taxonomy":"product_brand","embeddable":true,"href":"https:\/\/uj.adatbank.ro\/lexikon\/wp-json\/wp\/v2\/product_brand?post=4582"},{"taxonomy":"product_cat","embeddable":true,"href":"https:\/\/uj.adatbank.ro\/lexikon\/wp-json\/wp\/v2\/product_cat?post=4582"},{"taxonomy":"product_tag","embeddable":true,"href":"https:\/\/uj.adatbank.ro\/lexikon\/wp-json\/wp\/v2\/product_tag?post=4582"}],"curies":[{"name":"wp","href":"https:\/\/api.w.org\/{rel}","templated":true}]}}

BETHLEN Emma, bethleni gr.; Béldi Ákosné

<p>Kerlés,  1848. okt. 21., † Kv., 1896. nov. 11., a kv.-i Házsongárdi temetőben a Béldi kriptában nyugszik: földbirtokos. – B. Gábor és B. Klára leánya. Gyermekeik: Ferenc, Emma, Zsófia, Klára, Margit. – Az EMKE hű pártfogója, második elnökének Béldi Ákosnak felesége (1871), első elnökének Bethlen Gábornak nővére. Az Izabella-egyesület elnöke, amely programjába vette a székely munkás és cselédség kivándorlásának csökkentését, megakadályozását. <br /><strong>Irod.:</strong> Házsongárd; Kempelen; Sándor</br></p>

<p>Kerlés,  1848. okt. 21., † Kv., 1896. nov. 11., a kv.-i Házsongárdi temetőben a Béldi kriptában nyugszik: földbirtokos. – B. Gábor és B. Klára leánya. Gyermekeik: Ferenc, Emma, Zsófia, Klára, Margit. – Az EMKE hű pártfogója, második elnökének Béldi Ákosnak felesége (1871), első elnökének Bethlen Gábornak nővére. Az Izabella-egyesület elnöke, amely programjába vette a székely [&hellip;]</p>
