{"id":4585,"date":"2025-06-28T16:46:47","date_gmt":"2025-06-28T14:46:47","guid":{"rendered":"https:\/\/uj.adatbank.ro\/lexikon\/termek\/bethlen-farkas-adam-%c2%a7-bethleni-gr\/"},"modified":"2025-06-28T16:46:47","modified_gmt":"2025-06-28T14:46:47","slug":"bethlen-farkas-adam-%c2%a7-bethleni-gr","status":"publish","type":"product","link":"https:\/\/uj.adatbank.ro\/lexikon\/termek\/bethlen-farkas-adam-%c2%a7-bethleni-gr\/","title":{"rendered":"BETHLEN Farkas \u00c1d\u00e1m, \u00a7 bethleni gr."},"content":{"rendered":"<p>Nagyszeben, 1813. v, 1814. okt. 20., \u2020 Bp., 1870. jan. 22.: f\u0151isp\u00e1n, nagybirtokos, ogy.-i k\u00e9pvisel\u0151, postaigazgat\u00f3, pomol\u00f3gus, sz\u0151l\u00e9sz. \u2013 B. P\u00e1l (1780\u20131827) \u00e9s gr. B. Lujza (\u20201825) fia. Feles\u00e9ge: sz\u00e9ki gr. Teleki R\u00f3z\u00e1lia (Kv., 1822.?- Bonyha, 1880. m\u00e1rc. 4.), Teleki S\u00e1ndor h\u00faga, (esk\u00fcv\u0151 1839). Gyermekeik: Gizella altorjai br. Apor G\u00e9z\u00e1n\u00e9 (\u2020 B\u00e9cs); \u00c1rp\u00e1d (Bonyha, 1850. okt, 25.-Bonyha, 1912. j\u00fal. 5.); Irma gr. Horv\u00e1th-Tholdi Lajosn\u00e9 (\u2020 \u00c1d\u00e1mos). \u2013 Sz\u00fcl\u0151v\u00e1ros\u00e1ban, Kv.-on kezdte tanulm\u00e1nyait. Jogi tanulm\u00e1nyait befejezve r\u00f6vid ideig a mv.-i Kir\u00e1lyi T\u00e1bl\u00e1n\u00e1l \u00edrnokoskodott (1836\u201338). Az erd\u00e9lyi ogy.-en (1834) az ifj\u00fas\u00e1g egyik vez\u00e9re. Almaker\u00e9ki birtokos, sz\u0151l\u00e9sz. Bonyh\u00e1n k\u00fck\u00fcll\u0151megyei birtok\u00e1n telepedett le (1839), az angol g\u00f3tika st\u00edlus\u00e1ban \u00e1talk\u00edtotta a bonyhai r\u00e9gi kast\u00e9ly k\u00f6z\u00e9ps\u0151 r\u00e9sz\u00e9t (1850-es \u00e9vek), ezzel teljesen megv\u00e1ltoztatta a kast\u00e9ly f\u0151\u00e9p\u00fclet\u00e9t. Behat\u00f3an foglalkozott gy\u00fcm\u00f6lcstermeszt\u00e9ssel, egyike volt Erd\u00e9ly legkit\u0171n\u0151bb pomol\u00f3gusainak, a sz\u0151l\u0151m\u0171vel\u00e9s neves \u00fatt\u00f6r\u0151je, 71 k. hold sz\u0151l\u0151je volt Bonyh\u00e1n. R\u00e9szt vett a politik\u00e1ban a szabadelv\u0171 p\u00e1rt harcosak\u00e9nt mint megy\u00e9j\u00e9nek k\u00f6vete megjelent az erd\u00e9lyi ogy.-eken (1841, 1846,. 1848), k\u00fczd\u00f6tt a korszer\u0171tlen \u00farb\u00e9ri t\u00f6rv\u00e9ny ellen. K\u00fck\u00fcll\u0151 megye v\u00e1lasztott k\u00f6vete az erd\u00e9lyi 1848. \u00e9vi utols\u00f3 rendi ogy.-en (Kv., 1848. m\u00e1j. 29.-j\u00fal. 18.), r\u00e9szt vett az uni\u00f3 kimond\u00e1s\u00e1ban. A posta\u00fcgy erd\u00e9lyr\u00e9szi f\u0151igazgat\u00f3ja lett (1848\u2013). Mint az erd\u00e9lyi posta igazgat\u00f3ja felhatalmazta V\u00e1lyi K\u00e1roly postamestert, hogy szervezze meg Mv.-en a gyorspost\u00e1t, a hadi h\u00edrek tov\u00e1bbit\u00e1s\u00e1ra (1849. febr. 3.). A szabads\u00e1g\u00adharc lever\u00e9se ut\u00e1n perbe fogt\u00e1k, szabadl\u00e1bon v\u00e9dekezhetett, v\u00e9g\u00fcl visszat\u00e9rhetett Bonyh\u00e1ra. Gazdas\u00e1g\u00e1nak, mez\u0151gazdas\u00e1gi, p\u00e9nz\u00fcgyi \u00e9s statisztikai tanulm\u00e1nyainak \u00e9lt (1850\u2013). K\u00fck\u00fcll\u0151 megye f\u0151isp\u00e1nja lett (1861\u2013). A mv.-i Kaszin\u00f3 eln\u00f6ke (1862. jan. 19. \u2013 1863), vezet\u00e9se alatt a Kaszin\u00f3 \u00fajj\u00e1sz\u00fcletett, tev\u00e9kenys\u00e9ge fellend\u00fclt. Ogy.-i k\u00e9pvisel\u0151 (1865\u201371). Jeles sz\u00f3noknak tartott\u00e1k, nagyhat\u00e1sa volt Dics\u0151szentm\u00e1rtonban v\u00e1laszt\u00f3i el\u0151tt tartott besz\u00e9d\u00e9nek (1848), valamint az Erd\u00e9lyi M\u00fazeum megnyit\u00f3 gy\u0171l\u00e9s\u00e9n elhangzott sz\u00f3noklat\u00e1nak (1859). A mv.-i Apoll\u00f3 teremben tartott Kazinczy \u00fcnnep\u00e9ly eln\u00f6ke (1860. jan. 19.), a Sz\u00e9chenyi Istv\u00e1n gy\u00e1sz\u00fcnnep\u00e9lyen m\u00e9lt\u00f3 besz\u00e9det tartott Mv.-en (1860. m\u00e1j. 12.) Cikkei az Adatok Erd\u00e9ly viszonyair\u00f3l k\u00fcl\u00f6n\u00f6s tekintettel az ad\u00f3z\u00e1si rendszerre s Erd\u00e9ly k\u00f6zleked\u00e9si eszk\u00f6zeir\u0151l a Statisztika \u00e9s Nemzetgazdas\u00e1gi k\u00f6zlem\u00e9nyekben (IV. 1868) jelentek meg. \u2013 <strong>F. m.:<\/strong> Sz\u0151ll\u0151m\u0171vel\u00e9s \u00e9s bor\u00e1szat k\u00fcr\u00fcl tett tapasztal\u00e1sok (Pest, 1868.). <br \/><strong>Irod.:<\/strong> \u00c1ll\u00f3- \u00e9s mozg\u00f3k\u00e9pek; Bi\u00e1s Istv\u00e1n, Bicsok\u2013Orb\u00e1n; B\u00f6l\u00f6ni Domokos: Mi lesz a bonyhai Bethlen-kast\u00e9ly sorsa? (N\u00fa., 2002. febr. 21.); Castellum \u00c9rtes\u00edt\u0151 (2005, 15\/2. sz.); Cs\u00e1vossy; Egyed \u00c1.: Erd\u00e9ly 1848. ogy.; Gudenus; Gy\u00e1szjelent\u0151; Id\u0151t\u00e1r 2; K\u0151v\u00e1ry L\u00e1szl\u00f3: Erd\u00e9lyorsz\u00e1g statisztik\u00e1ja (Kv., 1847); Lukinich; Mester Mikl\u00f3s: Az autonom Erd\u00e9ly \u00e9s a rom\u00e1n nemzetis\u00e9gi k\u00f6vetel\u00e9sek az 1863\u201364 \u00e9vi nagyszebeni ogy.-en (P\u00e9cs, 1936); MNZS; P\u00e1lffy; Pesty 2014; Pu\u015fcariu, Ioan : Noti\u0163e despre \u00eent\u00e2mpl\u0103rile contemporane (Sibiu, 1913, 1919); Rugonfalvi Kiss; Szinnyei; Teleki S\u00e1ndor: Eml\u00e9kezz\u00fcnk r\u00e9giekr\u0151l (Buk., 1973); \u00daM\u00c9L BENK\u0150 Zsigmond, Sigismund<\/br><\/p>\n","protected":false},"excerpt":{"rendered":"<p>Nagyszeben, 1813. v, 1814. okt. 20., \u2020 Bp., 1870. jan. 22.: f\u0151isp\u00e1n, nagybirtokos, ogy.-i k\u00e9pvisel\u0151, postaigazgat\u00f3, pomol\u00f3gus, sz\u0151l\u00e9sz. \u2013 B. P\u00e1l (1780\u20131827) \u00e9s gr. B. Lujza (\u20201825) fia. Feles\u00e9ge: sz\u00e9ki gr. Teleki R\u00f3z\u00e1lia (Kv., 1822.?- Bonyha, 1880. m\u00e1rc. 4.), Teleki S\u00e1ndor h\u00faga, (esk\u00fcv\u0151 1839). Gyermekeik: Gizella altorjai br. Apor G\u00e9z\u00e1n\u00e9 (\u2020 B\u00e9cs); \u00c1rp\u00e1d (Bonyha, 1850. [&hellip;]<\/p>\n","protected":false},"featured_media":0,"comment_status":"open","ping_status":"closed","template":"","meta":[],"product_brand":[],"product_cat":[137],"product_tag":[],"class_list":{"0":"post-4585","1":"product","2":"type-product","3":"status-publish","5":"product_cat-maros-megyei-eletrajzi-lexikon","7":"first","8":"instock","9":"shipping-taxable","10":"product-type-simple"},"_links":{"self":[{"href":"https:\/\/uj.adatbank.ro\/lexikon\/wp-json\/wp\/v2\/product\/4585","targetHints":{"allow":["GET"]}}],"collection":[{"href":"https:\/\/uj.adatbank.ro\/lexikon\/wp-json\/wp\/v2\/product"}],"about":[{"href":"https:\/\/uj.adatbank.ro\/lexikon\/wp-json\/wp\/v2\/types\/product"}],"replies":[{"embeddable":true,"href":"https:\/\/uj.adatbank.ro\/lexikon\/wp-json\/wp\/v2\/comments?post=4585"}],"wp:attachment":[{"href":"https:\/\/uj.adatbank.ro\/lexikon\/wp-json\/wp\/v2\/media?parent=4585"}],"wp:term":[{"taxonomy":"product_brand","embeddable":true,"href":"https:\/\/uj.adatbank.ro\/lexikon\/wp-json\/wp\/v2\/product_brand?post=4585"},{"taxonomy":"product_cat","embeddable":true,"href":"https:\/\/uj.adatbank.ro\/lexikon\/wp-json\/wp\/v2\/product_cat?post=4585"},{"taxonomy":"product_tag","embeddable":true,"href":"https:\/\/uj.adatbank.ro\/lexikon\/wp-json\/wp\/v2\/product_tag?post=4585"}],"curies":[{"name":"wp","href":"https:\/\/api.w.org\/{rel}","templated":true}]}}

BETHLEN Farkas Ádám, § bethleni gr.

<p>Nagyszeben, 1813. v, 1814. okt. 20., † Bp., 1870. jan. 22.: főispán, nagybirtokos, ogy.-i képviselő, postaigazgató, pomológus, szőlész. – B. Pál (1780–1827) és gr. B. Lujza (†1825) fia. Felesége: széki gr. Teleki Rózália (Kv., 1822.?- Bonyha, 1880. márc. 4.), Teleki Sándor húga, (esküvő 1839). Gyermekeik: Gizella altorjai br. Apor Gézáné († Bécs); Árpád (Bonyha, 1850. okt, 25.-Bonyha, 1912. júl. 5.); Irma gr. Horváth-Tholdi Lajosné († Ádámos). – Szülővárosában, Kv.-on kezdte tanulmányait. Jogi tanulmányait befejezve rövid ideig a mv.-i Királyi Táblánál írnokoskodott (1836–38). Az erdélyi ogy.-en (1834) az ifjúság egyik vezére. Almakeréki birtokos, szőlész. Bonyhán küküllőmegyei birtokán telepedett le (1839), az angol gótika stílusában átalkította a bonyhai régi kastély középső részét (1850-es évek), ezzel teljesen megváltoztatta a kastély főépületét. Behatóan foglalkozott gyümölcstermesztéssel, egyike volt Erdély legkitűnőbb pomológusainak, a szőlőművelés neves úttörője, 71 k. hold szőlője volt Bonyhán. Részt vett a politikában a szabadelvű párt harcosaként mint megyéjének követe megjelent az erdélyi ogy.-eken (1841, 1846,. 1848), küzdött a korszerűtlen úrbéri törvény ellen. Küküllő megye választott követe az erdélyi 1848. évi utolsó rendi ogy.-en (Kv., 1848. máj. 29.-júl. 18.), részt vett az unió kimondásában. A postaügy erdélyrészi főigazgatója lett (1848–). Mint az erdélyi posta igazgatója felhatalmazta Vályi Károly postamestert, hogy szervezze meg Mv.-en a gyorspostát, a hadi hírek továbbitására (1849. febr. 3.). A szabadság­harc leverése után perbe fogták, szabadlábon védekezhetett, végül visszatérhetett Bonyhára. Gazdaságának, mezőgazdasági, pénzügyi és statisztikai tanulmányainak élt (1850–). Küküllő megye főispánja lett (1861–). A mv.-i Kaszinó elnöke (1862. jan. 19. – 1863), vezetése alatt a Kaszinó újjászületett, tevékenysége fellendült. Ogy.-i képviselő (1865–71). Jeles szónoknak tartották, nagyhatása volt Dicsőszentmártonban választói előtt tartott beszédének (1848), valamint az Erdélyi Múzeum megnyitó gyűlésén elhangzott szónoklatának (1859). A mv.-i Apolló teremben tartott Kazinczy ünnepély elnöke (1860. jan. 19.), a Széchenyi István gyászünnepélyen méltó beszédet tartott Mv.-en (1860. máj. 12.) Cikkei az Adatok Erdély viszonyairól különös tekintettel az adózási rendszerre s Erdély közlekedési eszközeiről a Statisztika és Nemzetgazdasági közleményekben (IV. 1868) jelentek meg. – <strong>F. m.:</strong> Szőllőművelés és borászat kürül tett tapasztalások (Pest, 1868.). <br /><strong>Irod.:</strong> Álló- és mozgóképek; Biás István, Bicsok–Orbán; Bölöni Domokos: Mi lesz a bonyhai Bethlen-kastély sorsa? (Nú., 2002. febr. 21.); Castellum Értesítő (2005, 15/2. sz.); Csávossy; Egyed Á.: Erdély 1848. ogy.; Gudenus; Gyászjelentő; Időtár 2; Kőváry László: Erdélyország statisztikája (Kv., 1847); Lukinich; Mester Miklós: Az autonom Erdély és a román nemzetiségi követelések az 1863–64 évi nagyszebeni ogy.-en (Pécs, 1936); MNZS; Pálffy; Pesty 2014; Puşcariu, Ioan : Notiţe despre întâmplările contemporane (Sibiu, 1913, 1919); Rugonfalvi Kiss; Szinnyei; Teleki Sándor: Emlékezzünk régiekről (Buk., 1973); ÚMÉL BENKŐ Zsigmond, Sigismund</br></p>

<p>Nagyszeben, 1813. v, 1814. okt. 20., † Bp., 1870. jan. 22.: főispán, nagybirtokos, ogy.-i képviselő, postaigazgató, pomológus, szőlész. – B. Pál (1780–1827) és gr. B. Lujza (†1825) fia. Felesége: széki gr. Teleki Rózália (Kv., 1822.?- Bonyha, 1880. márc. 4.), Teleki Sándor húga, (esküvő 1839). Gyermekeik: Gizella altorjai br. Apor Gézáné († Bécs); Árpád (Bonyha, 1850. [&hellip;]</p>
