{"id":4587,"date":"2025-06-28T16:46:48","date_gmt":"2025-06-28T14:46:48","guid":{"rendered":"https:\/\/uj.adatbank.ro\/lexikon\/termek\/bethlen-farkas-bethleni-gr\/"},"modified":"2025-06-28T16:46:48","modified_gmt":"2025-06-28T14:46:48","slug":"bethlen-farkas-bethleni-gr","status":"publish","type":"product","link":"https:\/\/uj.adatbank.ro\/lexikon\/termek\/bethlen-farkas-bethleni-gr\/","title":{"rendered":"BETHLEN Farkas, bethleni gr"},"content":{"rendered":"<p>1749., \u2020 Bonyha, 1823. j\u00fan. 14., a bonyhai csal\u00e1di kript\u00e1ban nyugszik: f\u00f6ldbirtokos, kir. t\u00e1blai \u00fcln\u00f6k, cs. kir. kamar\u00e1s. \u2013 B. P\u00e1l (1715\u20131797) \u00e9s gr. Teleki S\u00e1ra fia. Feles\u00e9ge: (1794\u2013) gr. Mik\u00f3 Katalin (\u20201841. \u00e1pr. 19.). Le\u00e1nyaik: Kata Kem\u00e9ny Ferencn\u00e9; Borb\u00e1la. \u2013 A kir. t\u00e1bla \u00fcln\u00f6ke (1780\u2013), kamar\u00e1s volt (1782\u2013). Az erd\u00e9lyi sz\u00ednj\u00e1tsz\u00e1s p\u00e1rtfog\u00f3ja. A kv.-i the\u00e1tr\u00e1lis direkci\u00f3, vagyis sz\u00ednh\u00e1zi bizotts\u00e1g egyik tagja Wessel\u00e9nyi Mikl\u00f3s, Fritsi Fekete Ferenc, Teleki Lajos \u00e9s Teleki Ferenc mellett (1805). Bonyhai birtokos, a kast\u00e9ly tulajdonosa. <br \/><strong>Irod.:<\/strong> Albiz\u00e1l\u00e1s; Enyedi: erd\u00e9lyi m. sz\u00ednj\u00e1tsz\u00e1s; Fogarasi; Gudenus; Gy\u00e1szjelent\u0151; K\u00fck\u00fcll\u0151i Ref. Egyh\u00e1zm. 1; Lev\u00e9lt\u00e1ri gy\u00e1szj.; Lukinich<\/br><\/p>\n","protected":false},"excerpt":{"rendered":"<p>1749., \u2020 Bonyha, 1823. j\u00fan. 14., a bonyhai csal\u00e1di kript\u00e1ban nyugszik: f\u00f6ldbirtokos, kir. t\u00e1blai \u00fcln\u00f6k, cs. kir. kamar\u00e1s. \u2013 B. P\u00e1l (1715\u20131797) \u00e9s gr. Teleki S\u00e1ra fia. Feles\u00e9ge: (1794\u2013) gr. Mik\u00f3 Katalin (\u20201841. \u00e1pr. 19.). Le\u00e1nyaik: Kata Kem\u00e9ny Ferencn\u00e9; Borb\u00e1la. \u2013 A kir. t\u00e1bla \u00fcln\u00f6ke (1780\u2013), kamar\u00e1s volt (1782\u2013). Az erd\u00e9lyi sz\u00ednj\u00e1tsz\u00e1s p\u00e1rtfog\u00f3ja. A kv.-i [&hellip;]<\/p>\n","protected":false},"featured_media":0,"comment_status":"open","ping_status":"closed","template":"","meta":[],"product_brand":[],"product_cat":[137],"product_tag":[],"class_list":{"0":"post-4587","1":"product","2":"type-product","3":"status-publish","5":"product_cat-maros-megyei-eletrajzi-lexikon","7":"first","8":"instock","9":"shipping-taxable","10":"product-type-simple"},"_links":{"self":[{"href":"https:\/\/uj.adatbank.ro\/lexikon\/wp-json\/wp\/v2\/product\/4587","targetHints":{"allow":["GET"]}}],"collection":[{"href":"https:\/\/uj.adatbank.ro\/lexikon\/wp-json\/wp\/v2\/product"}],"about":[{"href":"https:\/\/uj.adatbank.ro\/lexikon\/wp-json\/wp\/v2\/types\/product"}],"replies":[{"embeddable":true,"href":"https:\/\/uj.adatbank.ro\/lexikon\/wp-json\/wp\/v2\/comments?post=4587"}],"wp:attachment":[{"href":"https:\/\/uj.adatbank.ro\/lexikon\/wp-json\/wp\/v2\/media?parent=4587"}],"wp:term":[{"taxonomy":"product_brand","embeddable":true,"href":"https:\/\/uj.adatbank.ro\/lexikon\/wp-json\/wp\/v2\/product_brand?post=4587"},{"taxonomy":"product_cat","embeddable":true,"href":"https:\/\/uj.adatbank.ro\/lexikon\/wp-json\/wp\/v2\/product_cat?post=4587"},{"taxonomy":"product_tag","embeddable":true,"href":"https:\/\/uj.adatbank.ro\/lexikon\/wp-json\/wp\/v2\/product_tag?post=4587"}],"curies":[{"name":"wp","href":"https:\/\/api.w.org\/{rel}","templated":true}]}}

<p>1749., † Bonyha, 1823. jún. 14., a bonyhai családi kriptában nyugszik: földbirtokos, kir. táblai ülnök, cs. kir. kamarás. – B. Pál (1715–1797) és gr. Teleki Sára fia. Felesége: (1794–) gr. Mikó Katalin (†1841. ápr. 19.). Leányaik: Kata Kemény Ferencné; Borbála. – A kir. tábla ülnöke (1780–), kamarás volt (1782–). Az erdélyi színjátszás pártfogója. A kv.-i theátrális direkció, vagyis színházi bizottság egyik tagja Wesselényi Miklós, Fritsi Fekete Ferenc, Teleki Lajos és Teleki Ferenc mellett (1805). Bonyhai birtokos, a kastély tulajdonosa. <br /><strong>Irod.:</strong> Albizálás; Enyedi: erdélyi m. színjátszás; Fogarasi; Gudenus; Gyászjelentő; Küküllői Ref. Egyházm. 1; Levéltári gyászj.; Lukinich</br></p>

<p>1749., † Bonyha, 1823. jún. 14., a bonyhai családi kriptában nyugszik: földbirtokos, kir. táblai ülnök, cs. kir. kamarás. – B. Pál (1715–1797) és gr. Teleki Sára fia. Felesége: (1794–) gr. Mikó Katalin (†1841. ápr. 19.). Leányaik: Kata Kemény Ferencné; Borbála. – A kir. tábla ülnöke (1780–), kamarás volt (1782–). Az erdélyi színjátszás pártfogója. A kv.-i [&hellip;]</p>
