{"id":4592,"date":"2025-06-28T16:46:58","date_gmt":"2025-06-28T14:46:58","guid":{"rendered":"https:\/\/uj.adatbank.ro\/lexikon\/termek\/bethlen-ferenc-buni-es-keresdi-br\/"},"modified":"2025-06-28T16:46:58","modified_gmt":"2025-06-28T14:46:58","slug":"bethlen-ferenc-buni-es-keresdi-br","status":"publish","type":"product","link":"https:\/\/uj.adatbank.ro\/lexikon\/termek\/bethlen-ferenc-buni-es-keresdi-br\/","title":{"rendered":"BETHLEN Ferenc, b\u00fani \u00e9s keresdi br."},"content":{"rendered":"<p>1602. 1601, \u2020 Kisb\u00fan, 1654. j\u00fan. 4., Keresden temett\u00e9k: fejedelmi tan\u00e1csos, f\u0151udvarmester, f\u0151isp\u00e1n, f\u00f6ldbirtokos. \u2013 B. Mikl\u00f3s (1586\u20131602) \u00e9s gelencei Mih\u00e1lcz Ilona fia, nagyteremii S\u00fck\u00f6sd Anna unok\u00e1ja. Kem\u00e9ny J\u00e1nosnak, a k\u00e9s\u0151bbi fejedelemnek s\u00f3gora. Feles\u00e9ge: 1. Kamuthy Zsuzsanna, le\u00e1nyai: Borb\u00e1la, Erzs\u00e9bet, ut\u00f3d n\u00e9lk\u00fcl haltak el; 2. Kem\u00e9ny Katalin. Gyermekei: Krisztina, Farkas (1639\u201379), Gergely (1641\u201397), Elek (1643\u201396) \u00e9s \u00c9va. \u2013 Bethlen G\u00e1bor fejedelem udvar\u00e1ban teljes\u00edtett k\u00fcl\u00f6nf\u00e9le szolg\u00e1latokat. B\u00e1thori Istv\u00e1n, majd I. R\u00e1k\u00f3czi Gy\u00f6rgy h\u00edve, f\u0151udvarmester, majd a fejedelmi t\u00e1bla \u00fcln\u00f6ke (1637\u201348). R\u00e9szt vett, az I. R\u00e1k\u00f3czi Gy\u00f6rgy vezet\u00e9se alatt, D\u00e9sen tartott ogy.-en (1638. j\u00fal. 7. \u2013). Kem\u00e9ny J\u00e1nossal egy\u00fctt volt Feh\u00e9r megye f\u0151isp\u00e1nja hal\u00e1l\u00e1ig (1639\u201354), egyszersmind a fejedelmi \u00edt\u00e9l\u0151t\u00e1bla assessora, tan\u00e1cs\u00far (1648\u2013). II. R\u00e1k\u00f3czi Gy\u00f6rgynek f\u0151udvarmesterk\u00e9nt rendezte fejedelmi beiktat\u00e1s\u00e1t (1648) \u00e9s t\u00f6bb alkalommal k\u00f6vet Lengyelorsz\u00e1gban (1645\u201346, 1646\u201347, 1648), k\u00f6vet B\u00e9csben a cs\u00e1sz\u00e1rn\u00e1l III. Ferdin\u00e1ndn\u00e1l (1650), III. Ferdin\u00e1nd b\u00e1r\u00f3i rangra emelte (1651). Els\u0151 h\u00e1zass\u00e1ga ut\u00e1n Keresd lett \u00e1lland\u00f3 lakhelye, keresdi \u00e9s als\u00f3r\u00e1kosi birtokos. S\u00fck\u00f6sd Gy\u00f6rgyt\u0151l \u00f6r\u00f6k\u00f6lte Als\u00f3r\u00e1kost \u00e9s Olth\u00e9v\u00edzt (1631). Levelez\u00e9st folytatott a lengyelorsz\u00e1gi unit\u00e1riusokkal, h\u00e1rom levele Ruarius M\u00e1rtonhoz ismert (\u00fagymint Piazezenno, 1645. november 15.; Vars\u00f3. 1648 augusztus 7. \u00e9s Bethlen, 1649. \u00e1prilis 7. keltez\u00e9s\u0171ek), ezek megjelentek a Ruarii (Mart.) Epist. Cent. II. Amstelodami, 1681. T\u00f6bbnyire az \u0151 m\u0171ve az a m. t\u00f6rv\u00e9nygy\u0171jtem\u00e9ny sz\u00f6veg, amelyet a gyulafeh\u00e9rv\u00e1ri ogy. el\u00e9 terjesztettek (1653. jan. 15.) a latin c\u00edme: Compilatae Constitutiones Regni Transsylvaniae (Claudiopoli, 1669; 1671; 1695). <br \/><strong>Irod.:<\/strong> Bicsok\u2013Orb\u00e1n; Erd\u00e9lyi testamentumok, 3.; K\u00e9nosi\u2013Uzoni 2.; Kov\u00e1cs Andr\u00e1s; Kraus: Erd\u00e9lyi kr\u00f3nika; Lukinich; Mo. f\u0151isp\u00e1njai; Wikipedia<\/br><\/p>\n","protected":false},"excerpt":{"rendered":"<p>1602. 1601, \u2020 Kisb\u00fan, 1654. j\u00fan. 4., Keresden temett\u00e9k: fejedelmi tan\u00e1csos, f\u0151udvarmester, f\u0151isp\u00e1n, f\u00f6ldbirtokos. \u2013 B. Mikl\u00f3s (1586\u20131602) \u00e9s gelencei Mih\u00e1lcz Ilona fia, nagyteremii S\u00fck\u00f6sd Anna unok\u00e1ja. Kem\u00e9ny J\u00e1nosnak, a k\u00e9s\u0151bbi fejedelemnek s\u00f3gora. Feles\u00e9ge: 1. Kamuthy Zsuzsanna, le\u00e1nyai: Borb\u00e1la, Erzs\u00e9bet, ut\u00f3d n\u00e9lk\u00fcl haltak el; 2. Kem\u00e9ny Katalin. Gyermekei: Krisztina, Farkas (1639\u201379), Gergely (1641\u201397), Elek (1643\u201396) [&hellip;]<\/p>\n","protected":false},"featured_media":0,"comment_status":"open","ping_status":"closed","template":"","meta":[],"product_brand":[],"product_cat":[137],"product_tag":[],"class_list":{"0":"post-4592","1":"product","2":"type-product","3":"status-publish","5":"product_cat-maros-megyei-eletrajzi-lexikon","7":"first","8":"instock","9":"shipping-taxable","10":"product-type-simple"},"_links":{"self":[{"href":"https:\/\/uj.adatbank.ro\/lexikon\/wp-json\/wp\/v2\/product\/4592","targetHints":{"allow":["GET"]}}],"collection":[{"href":"https:\/\/uj.adatbank.ro\/lexikon\/wp-json\/wp\/v2\/product"}],"about":[{"href":"https:\/\/uj.adatbank.ro\/lexikon\/wp-json\/wp\/v2\/types\/product"}],"replies":[{"embeddable":true,"href":"https:\/\/uj.adatbank.ro\/lexikon\/wp-json\/wp\/v2\/comments?post=4592"}],"wp:attachment":[{"href":"https:\/\/uj.adatbank.ro\/lexikon\/wp-json\/wp\/v2\/media?parent=4592"}],"wp:term":[{"taxonomy":"product_brand","embeddable":true,"href":"https:\/\/uj.adatbank.ro\/lexikon\/wp-json\/wp\/v2\/product_brand?post=4592"},{"taxonomy":"product_cat","embeddable":true,"href":"https:\/\/uj.adatbank.ro\/lexikon\/wp-json\/wp\/v2\/product_cat?post=4592"},{"taxonomy":"product_tag","embeddable":true,"href":"https:\/\/uj.adatbank.ro\/lexikon\/wp-json\/wp\/v2\/product_tag?post=4592"}],"curies":[{"name":"wp","href":"https:\/\/api.w.org\/{rel}","templated":true}]}}