{"id":4595,"date":"2025-06-28T16:47:04","date_gmt":"2025-06-28T14:47:04","guid":{"rendered":"https:\/\/uj.adatbank.ro\/lexikon\/termek\/bethlen-gabor-%c2%a7\/"},"modified":"2025-06-28T16:47:04","modified_gmt":"2025-06-28T14:47:04","slug":"bethlen-gabor-%c2%a7","status":"publish","type":"product","link":"https:\/\/uj.adatbank.ro\/lexikon\/termek\/bethlen-gabor-%c2%a7\/","title":{"rendered":"BETHLEN G\u00e1bor, \u00a7"},"content":{"rendered":"<p>1811., \u2020\u00a0Kerl\u00e9s, 1872. szept. 1. nyugszik a csal\u00e1di sirboltban Keresden: k\u00fariai b\u00edr\u00f3, keresdi f\u00f6ldbirtokos. \u2013 B. P\u00e1l (1780\u20131827) \u00e9s gr. B. Lujza fia. Farkas testv\u00e9re. Feles\u00e9ge: gr. B. Kl\u00e1ra (? \u2013 Kerl\u00e9s, 1893. dec. 6.). Gyermekeik: G\u00e1bor, Lujza (1835\u2013), Aur\u00e9lia (1839\u2013), Vilma (1840\u2013), Emma (1848\u2013), Frigyes (1853. \u2013 Keresden f\u00f6ldbirtokos, gy\u00fcm\u00f6lcstermeszt\u00e9ssel foglalkozott, faiskol\u00e1t l\u00e9tes\u00edtett. <br \/><strong>Irod.:<\/strong> K\u0151v\u00e1ry L\u00e1szl\u00f3: Erd\u00e9lyorsz\u00e1g statisztik\u00e1ja (Kv., 1847); Lukinich<\/br><\/p>\n","protected":false},"excerpt":{"rendered":"<p>1811., \u2020\u00a0Kerl\u00e9s, 1872. szept. 1. nyugszik a csal\u00e1di sirboltban Keresden: k\u00fariai b\u00edr\u00f3, keresdi f\u00f6ldbirtokos. \u2013 B. P\u00e1l (1780\u20131827) \u00e9s gr. B. Lujza fia. Farkas testv\u00e9re. Feles\u00e9ge: gr. B. Kl\u00e1ra (? \u2013 Kerl\u00e9s, 1893. dec. 6.). Gyermekeik: G\u00e1bor, Lujza (1835\u2013), Aur\u00e9lia (1839\u2013), Vilma (1840\u2013), Emma (1848\u2013), Frigyes (1853. \u2013 Keresden f\u00f6ldbirtokos, gy\u00fcm\u00f6lcstermeszt\u00e9ssel foglalkozott, faiskol\u00e1t l\u00e9tes\u00edtett. Irod.: [&hellip;]<\/p>\n","protected":false},"featured_media":0,"comment_status":"open","ping_status":"closed","template":"","meta":[],"product_brand":[],"product_cat":[137],"product_tag":[],"class_list":{"0":"post-4595","1":"product","2":"type-product","3":"status-publish","5":"product_cat-maros-megyei-eletrajzi-lexikon","7":"first","8":"instock","9":"shipping-taxable","10":"product-type-simple"},"_links":{"self":[{"href":"https:\/\/uj.adatbank.ro\/lexikon\/wp-json\/wp\/v2\/product\/4595","targetHints":{"allow":["GET"]}}],"collection":[{"href":"https:\/\/uj.adatbank.ro\/lexikon\/wp-json\/wp\/v2\/product"}],"about":[{"href":"https:\/\/uj.adatbank.ro\/lexikon\/wp-json\/wp\/v2\/types\/product"}],"replies":[{"embeddable":true,"href":"https:\/\/uj.adatbank.ro\/lexikon\/wp-json\/wp\/v2\/comments?post=4595"}],"wp:attachment":[{"href":"https:\/\/uj.adatbank.ro\/lexikon\/wp-json\/wp\/v2\/media?parent=4595"}],"wp:term":[{"taxonomy":"product_brand","embeddable":true,"href":"https:\/\/uj.adatbank.ro\/lexikon\/wp-json\/wp\/v2\/product_brand?post=4595"},{"taxonomy":"product_cat","embeddable":true,"href":"https:\/\/uj.adatbank.ro\/lexikon\/wp-json\/wp\/v2\/product_cat?post=4595"},{"taxonomy":"product_tag","embeddable":true,"href":"https:\/\/uj.adatbank.ro\/lexikon\/wp-json\/wp\/v2\/product_tag?post=4595"}],"curies":[{"name":"wp","href":"https:\/\/api.w.org\/{rel}","templated":true}]}}