{"id":4597,"date":"2025-06-28T16:47:07","date_gmt":"2025-06-28T14:47:07","guid":{"rendered":"https:\/\/uj.adatbank.ro\/lexikon\/termek\/bethlen-gabor-%c2%a7-iktari\/"},"modified":"2025-06-28T16:47:07","modified_gmt":"2025-06-28T14:47:07","slug":"bethlen-gabor-%c2%a7-iktari","status":"publish","type":"product","link":"https:\/\/uj.adatbank.ro\/lexikon\/termek\/bethlen-gabor-%c2%a7-iktari\/","title":{"rendered":"BETHLEN G\u00e1bor, \u00a7 ikt\u00e1ri"},"content":{"rendered":"<p>Marosillye, 1580. nov. 15., \u2020 Gyulafeh\u00e9rv\u00e1r, 1629. nov. 15. Nyugszik a gyulafeh\u00e9rv\u00e1ri sz\u00e9kesegyh\u00e1zban: erd\u00e9lyi fejedelem, Mo. n\u00e9vleges kir. \u2013 B. Farkas (\u2020 1592 k.) \u00e9s L\u00e1z\u00e1r Druzsina fia. Feles\u00e9ge: 1. K\u00e1rolyi Zsuzs\u00e1nna, ( \u2020 Gyulafeh\u00e9rv\u00e1r, 1624); 2. Branderburgi Katalin (esk\u00fcv\u0151: Kassa, 1626. m\u00e1rc. 1.-\u2013), a fejedelem hal\u00e1la ut\u00e1n, p\u00e1r h\u00e9tig \u00fclt a tr\u00f3non \u2013 Erd\u00e9ly fejedelme (1613. okt. 23. \u2013 1629. nov. 15.). A kv.-i ogy.-en v\u00e1lasztott\u00e1k fejedelemm\u00e9, ezen az esem\u00e9nyen Nagy Szab\u00f3 J\u00e1nos volt Mv. k\u00f6vete. Jelen volt Mv.-en tartott ogy.-en (1614. \u00e1pr. 8.- 26.), \u00e9s m\u00e9g t\u00f6bb alkalommal (1622. aug. 23., 1925. j\u00fal. 14.). Sz\u00e1mbavette a sz\u00e9kelyf\u00f6ldi telep\u00fcl\u00e9sek csal\u00e1df\u0151it, hogy a sz\u00e1zad elej\u00e9n jobb\u00e1gysorba jutottak k\u00f6z\u00fcl min\u00e9l t\u00f6bbet \u00e1ll\u00edtson vissza a katonai szolg\u00e1latot teljes\u00edt\u0151k k\u00f6z\u00e9. Lustr\u00e1lta a marossz\u00e9ki f\u0151n\u00e9peket, l\u00f3f\u0151ket, gyalog pusk\u00e1sokat, szabadosokat, jobb\u00e1gyokat, zsell\u00e9reket \u00e9s szolg\u00e1kat (1614. febr. 17\u201323). V\u00e1rosp\u00e1rtol\u00f3, annak fejl\u0151d\u00e9st el\u0151mozd\u00edt\u00f3 fejedelm\u00fcnk. Borsos Tam\u00e1s k\u00f6zbenj\u00e1r\u00e1s\u00e1val kiv\u00e1lts\u00e1glev\u00e9lben Sz\u00e9kelyv\u00e1s\u00e1rhelyt szabad kir\u00e1lyi v\u00e1ross\u00e1 nyilv\u00e1n\u00edtotta, Maros-V\u00e1s\u00e1rhely n\u00e9ven (1616. \u00e1pr. 28). Ebben \u00f6sszes\u00edtette a m\u00e1r elnyert \u00e9s gyakorolt kiv\u00e1lts\u00e1gokat, kieg\u00e9sz\u00edtette olyan t\u00e9telekkel amelyek form\u00e1lisan is kinyilv\u00e1n\u00edtj\u00e1k az \u00faj jogi \u00e1llapotot (v\u00e1rv\u00e9delmi rendszer fenntart\u00e1sa, \u00faj n\u00e9v, c\u00edmer \u00e9s pecs\u00e9t haszn\u00e1lata). Enged\u00e9lyezte a v\u00e1r tov\u00e1bbi \u00e9p\u00edt\u00e9s\u00e9t, amit m\u00e1r 1602-ben megkezdtek \u00e9s j\u00f3v\u00e1hagyta a m\u00e1r kor\u00e1bban is haszn\u00e1latos v\u00e1rosi c\u00edmert. T\u00e1mogatta a k\u00e9zm\u0171ipart, t\u00f6bb v\u00e1s\u00e1rhelyi c\u00e9hnek kiv\u00e1lts\u00e1glevelet adott, ill. meger\u0151s\u00edtette a hozz\u00e1 felterjesztetteket: J\u00f3v\u00e1hagyta \u00e9s meger\u0151s\u00edtette a csisz\u00e1rok, lakatosok, nyergesek \u00e9s sz\u00edjgy\u00e1rt\u00f3k, a pajzsk\u00e9sz\u00edt\u0151k c\u00e9hszab\u00e1lyait (Mv., 1615. m\u00e1rc. 24.). meger\u0151s\u00edtette a csizmadi\u00e1k c\u00e9hszab\u00e1lyzat\u00e1t (1620. \u00e1pr. 20.), a nyergesek \u00e9s sz\u00edjgy\u00e1rt\u00f3k c\u00e9h\u00e9t (1621), a borb\u00e9lyok kor\u00e1bbi szab\u00e1lyzat\u00e1t \u00e1t\u00edrta \u00e9s meger\u0151s\u00edtette (1628). T\u00e1mogat\u00e1sban r\u00e9szes\u00edtette az itteni iskol\u00e1kat, v\u00e1rosunk tanul\u00f3 ifj\u00fas\u00e1g\u00e1nak a kincst\u00e1ri j\u00f6vedelemb\u0151l \u00e9vi 150 forint seg\u00e9lyt utalt ki (1615. okt. 3.), amelyet azt\u00e1n felemelt 200- ra (1618. okt. 10). \u00e9s v\u00e9grendelet\u00e9ben is hagyott a mv.-i Schola partcul\u00e1nak 200 forintott. K\u00e1rolyi Zsuzsanna fejedelemasszony temet\u00e9s\u00e9n Gyulafeh\u00e9rv\u00e1ron, a mv.-i koll. di\u00e1kjai is r\u00e9szt vettek \u00e9s Bojthi Veres G\u00e1bor rektor magyarul tartotta b\u00facs\u00faztat\u00f3 gy\u00e1szbesz\u00e9d\u00e9t (1622. j\u00fal. 1.). Kiv\u00e1lts\u00e1glev\u00e9lben beh\u00edvta \u00e9s biztos\u00edtotta a zsid\u00f3k leteleped\u00e9s\u00e9t Erd\u00e9lyben (1623). P\u00e9csi Simon kancell\u00e1rj\u00e1t\u00f3l elvette a radn\u00f3ti birtokot, de a v\u00e1rat tov\u00e1bb \u00e9p\u00edtette (1626\u201329) \u00e9s hal\u00e1la ut\u00e1n a v\u00e1rat Kornis Zsigmond kapta, \u00e9p\u00edt\u00e9s\u00e9t I. R\u00e1k\u00f3czi Gy\u00f6rgy fejezte be. Fel\u00e1ll\u00edtott\u00e1k a szobr\u00e1t S\u00e1rpatakon (Miholcsa J\u00f3zsef alkot\u00e1sa; 2004). \u2013 <strong>F. m.:<\/strong> B. G. v\u00e9grendelete = Erd\u00e9ly \u00f6r\u00f6ks\u00e9ge, 4.; Benk\u0151 K.: Mv.; B. G.: Levelek (Buk., 1980). <br \/><strong>Irod.:<\/strong> Aranka; Benk\u0151-Demeter-Sz\u00e9kely; B\u00f3nis Johanna: A mv.-i c\u00e9hekr\u0151l = P\u00e1l-Antal \u2013 Szab\u00f3 1; Csetri Elek: Bethlen G\u00e1bor = \u00c9vek 1100-b\u00f3l; Dem\u00e9ny Lajos: B. G. \u00e9s kora (Buk., 1982); D\u00f6rnyei 2005; Erd\u00e9lyi fejedelmek; Fodor\u2013Bal\u00e1s; Fodor S\u00e1ndor: N\u00e9vnapi megeml\u00e9kez\u00e9s Mv.-r\u0151l (N\u00fa., 1997. \u00e1pr. 30); Halotti besz\u00e9dek; Id\u0151t\u00e1r 1., 5 \/1.; K\u00e9nosi\u2013Uzoni 2.; Kov\u00e1cs Andr\u00e1s; Kov\u00e1cs Andr\u00e1s 1994; Kraus: Erd\u00e9lyi kr\u00f3nika; Makkai S\u00e1ndor: Az er\u0151 g\u00e1tjai (R\u00e9szlet a Bethlen G\u00e1bor lelki arc\u00e1r\u00f3l \u00edrt k\u00f6nyvb\u0151l) =\u00dcnnepi k\u00f6nyv; M\u00e1th\u00e9 Levente; Orb\u00e1n Dezs\u0151; Orient Gyula: Erd\u00e9lyi alchimist\u00e1k. B. G. fejedelem alchimi\u00e1ja (Cl.-Kv., 1927); P\u00e1l-Antal 2002; P\u00e1l-Antal 2009; P\u00e1l Antal S\u00e1ndor: Mv. \u2013 a szabad kir\u00e1lyi v\u00e1ros. (N\u00fa., 2016. \u00e1pr. 22.; 2016. \u00e1pr. 29.; ); P\u00e1l-Antal 2023; Pesty 2014; Sebesty\u00e9n M. 1995; Sebesty\u00e9n Mih\u00e1ly 2000; Sz\u00e1raz M. Gy;. Szentgy\u00f6rgyi; SzOkl \u00das 4.; Testamentum; Tr\u00f3cs\u00e1nyi 1988; \u00daM\u00c9L; \u00daMIL; Vajda Gy\u00f6rgy: Kast\u00e9ly az eny\u00e9szet \u00fatj\u00e1n (N\u00fa., 1998. m\u00e1rc. 27.)<\/br><\/p>\n","protected":false},"excerpt":{"rendered":"<p>Marosillye, 1580. nov. 15., \u2020 Gyulafeh\u00e9rv\u00e1r, 1629. nov. 15. Nyugszik a gyulafeh\u00e9rv\u00e1ri sz\u00e9kesegyh\u00e1zban: erd\u00e9lyi fejedelem, Mo. n\u00e9vleges kir. \u2013 B. Farkas (\u2020 1592 k.) \u00e9s L\u00e1z\u00e1r Druzsina fia. Feles\u00e9ge: 1. K\u00e1rolyi Zsuzs\u00e1nna, ( \u2020 Gyulafeh\u00e9rv\u00e1r, 1624); 2. Branderburgi Katalin (esk\u00fcv\u0151: Kassa, 1626. m\u00e1rc. 1.-\u2013), a fejedelem hal\u00e1la ut\u00e1n, p\u00e1r h\u00e9tig \u00fclt a tr\u00f3non \u2013 Erd\u00e9ly [&hellip;]<\/p>\n","protected":false},"featured_media":0,"comment_status":"open","ping_status":"closed","template":"","meta":[],"product_brand":[],"product_cat":[137],"product_tag":[],"class_list":{"0":"post-4597","1":"product","2":"type-product","3":"status-publish","5":"product_cat-maros-megyei-eletrajzi-lexikon","7":"first","8":"instock","9":"shipping-taxable","10":"product-type-simple"},"_links":{"self":[{"href":"https:\/\/uj.adatbank.ro\/lexikon\/wp-json\/wp\/v2\/product\/4597","targetHints":{"allow":["GET"]}}],"collection":[{"href":"https:\/\/uj.adatbank.ro\/lexikon\/wp-json\/wp\/v2\/product"}],"about":[{"href":"https:\/\/uj.adatbank.ro\/lexikon\/wp-json\/wp\/v2\/types\/product"}],"replies":[{"embeddable":true,"href":"https:\/\/uj.adatbank.ro\/lexikon\/wp-json\/wp\/v2\/comments?post=4597"}],"wp:attachment":[{"href":"https:\/\/uj.adatbank.ro\/lexikon\/wp-json\/wp\/v2\/media?parent=4597"}],"wp:term":[{"taxonomy":"product_brand","embeddable":true,"href":"https:\/\/uj.adatbank.ro\/lexikon\/wp-json\/wp\/v2\/product_brand?post=4597"},{"taxonomy":"product_cat","embeddable":true,"href":"https:\/\/uj.adatbank.ro\/lexikon\/wp-json\/wp\/v2\/product_cat?post=4597"},{"taxonomy":"product_tag","embeddable":true,"href":"https:\/\/uj.adatbank.ro\/lexikon\/wp-json\/wp\/v2\/product_tag?post=4597"}],"curies":[{"name":"wp","href":"https:\/\/api.w.org\/{rel}","templated":true}]}}

BETHLEN Gábor, § iktári

<p>Marosillye, 1580. nov. 15., † Gyulafehérvár, 1629. nov. 15. Nyugszik a gyulafehérvári székesegyházban: erdélyi fejedelem, Mo. névleges kir. – B. Farkas († 1592 k.) és Lázár Druzsina fia. Felesége: 1. Károlyi Zsuzsánna, ( † Gyulafehérvár, 1624); 2. Branderburgi Katalin (esküvő: Kassa, 1626. márc. 1.-–), a fejedelem halála után, pár hétig ült a trónon – Erdély fejedelme (1613. okt. 23. – 1629. nov. 15.). A kv.-i ogy.-en választották fejedelemmé, ezen az eseményen Nagy Szabó János volt Mv. követe. Jelen volt Mv.-en tartott ogy.-en (1614. ápr. 8.- 26.), és még több alkalommal (1622. aug. 23., 1925. júl. 14.). Számbavette a székelyföldi települések családfőit, hogy a század elején jobbágysorba jutottak közül minél többet állítson vissza a katonai szolgálatot teljesítők közé. Lustrálta a marosszéki főnépeket, lófőket, gyalog puskásokat, szabadosokat, jobbágyokat, zselléreket és szolgákat (1614. febr. 17–23). Várospártoló, annak fejlődést előmozdító fejedelmünk. Borsos Tamás közbenjárásával kiváltságlevélben Székelyvásárhelyt szabad királyi várossá nyilvánította, Maros-Vásárhely néven (1616. ápr. 28). Ebben összesítette a már elnyert és gyakorolt kiváltságokat, kiegészítette olyan tételekkel amelyek formálisan is kinyilvánítják az új jogi állapotot (várvédelmi rendszer fenntartása, új név, címer és pecsét használata). Engedélyezte a vár további építését, amit már 1602-ben megkezdtek és jóváhagyta a már korábban is használatos városi címert. Támogatta a kézműipart, több vásárhelyi céhnek kiváltságlevelet adott, ill. megerősítette a hozzá felterjesztetteket: Jóváhagyta és megerősítette a csiszárok, lakatosok, nyergesek és szíjgyártók, a pajzskészítők céhszabályait (Mv., 1615. márc. 24.). megerősítette a csizmadiák céhszabályzatát (1620. ápr. 20.), a nyergesek és szíjgyártók céhét (1621), a borbélyok korábbi szabályzatát átírta és megerősítette (1628). Támogatásban részesítette az itteni iskolákat, városunk tanuló ifjúságának a kincstári jövedelemből évi 150 forint segélyt utalt ki (1615. okt. 3.), amelyet aztán felemelt 200- ra (1618. okt. 10). és végrendeletében is hagyott a mv.-i Schola partculának 200 forintott. Károlyi Zsuzsanna fejedelemasszony temetésén Gyulafehérváron, a mv.-i koll. diákjai is részt vettek és Bojthi Veres Gábor rektor magyarul tartotta búcsúztató gyászbeszédét (1622. júl. 1.). Kiváltságlevélben behívta és biztosította a zsidók letelepedését Erdélyben (1623). Pécsi Simon kancellárjától elvette a radnóti birtokot, de a várat tovább építette (1626–29) és halála után a várat Kornis Zsigmond kapta, építését I. Rákóczi György fejezte be. Felállították a szobrát Sárpatakon (Miholcsa József alkotása; 2004). – <strong>F. m.:</strong> B. G. végrendelete = Erdély öröksége, 4.; Benkő K.: Mv.; B. G.: Levelek (Buk., 1980). <br /><strong>Irod.:</strong> Aranka; Benkő-Demeter-Székely; Bónis Johanna: A mv.-i céhekről = Pál-Antal – Szabó 1; Csetri Elek: Bethlen Gábor = Évek 1100-ból; Demény Lajos: B. G. és kora (Buk., 1982); Dörnyei 2005; Erdélyi fejedelmek; Fodor–Balás; Fodor Sándor: Névnapi megemlékezés Mv.-ről (Nú., 1997. ápr. 30); Halotti beszédek; Időtár 1., 5 /1.; Kénosi–Uzoni 2.; Kovács András; Kovács András 1994; Kraus: Erdélyi krónika; Makkai Sándor: Az erő gátjai (Részlet a Bethlen Gábor lelki arcáról írt könyvből) =Ünnepi könyv; Máthé Levente; Orbán Dezső; Orient Gyula: Erdélyi alchimisták. B. G. fejedelem alchimiája (Cl.-Kv., 1927); Pál-Antal 2002; Pál-Antal 2009; Pál Antal Sándor: Mv. – a szabad királyi város. (Nú., 2016. ápr. 22.; 2016. ápr. 29.; ); Pál-Antal 2023; Pesty 2014; Sebestyén M. 1995; Sebestyén Mihály 2000; Száraz M. Gy;. Szentgyörgyi; SzOkl Ús 4.; Testamentum; Trócsányi 1988; ÚMÉL; ÚMIL; Vajda György: Kastély az enyészet útján (Nú., 1998. márc. 27.)</br></p>

<p>Marosillye, 1580. nov. 15., † Gyulafehérvár, 1629. nov. 15. Nyugszik a gyulafehérvári székesegyházban: erdélyi fejedelem, Mo. névleges kir. – B. Farkas († 1592 k.) és Lázár Druzsina fia. Felesége: 1. Károlyi Zsuzsánna, ( † Gyulafehérvár, 1624); 2. Branderburgi Katalin (esküvő: Kassa, 1626. márc. 1.-–), a fejedelem halála után, pár hétig ült a trónon – Erdély [&hellip;]</p>
