{"id":4598,"date":"2025-06-28T16:47:08","date_gmt":"2025-06-28T14:47:08","guid":{"rendered":"https:\/\/uj.adatbank.ro\/lexikon\/termek\/bethlen-gabor-bethleni-gr\/"},"modified":"2025-06-28T16:47:08","modified_gmt":"2025-06-28T14:47:08","slug":"bethlen-gabor-bethleni-gr","status":"publish","type":"product","link":"https:\/\/uj.adatbank.ro\/lexikon\/termek\/bethlen-gabor-bethleni-gr\/","title":{"rendered":"BETHLEN G\u00e1bor, bethleni gr."},"content":{"rendered":"<p>1712., \u2020 1768. m\u00e1rc. 4.: kancell\u00e1r, f\u0151isp\u00e1n. \u2013 B. \u00c1d\u00e1m (1691\u20131748) \u00e9s br. B\u00e1nffy Kl\u00e1ra (1693\u20131767) fia. B. Kata unoka\u00f6ccse. Feles\u00e9ge gr. Khevenh\u00fcller Jozefa. Fia J\u00f3zsef. \u2013 Dobokai f\u0151isp\u00e1n, az udvari kancell\u00e1ria els\u0151 tan\u00e1csosa, a b\u00e9csi udvarban erd\u00e9llyi kancell\u00e1r tiszt\u00e9t t\u00f6lt\u00f6tte be (1750\u201365). Kidolgozta az \u00fan. \u201eBethlen-ad\u00f3rendszert\u201d (1754), r. k. vall\u00e1sra t\u00e9rt, udvari kancll\u00e1r (1755\u2013). Azzal a k\u00f6telezetts\u00e9gekkel kapott uradalmakat M\u00e1ria Ter\u00e9zi\u00e1t\u00f3l, a radn\u00f3ti, k\u00fck\u00fcll\u0151v\u00e1ri, nagyhalm\u00e1gyi \u00e9s almaker\u00e9ki uradalmakat (1764), hogy Radnot\u00f3n k\u00e1pl\u00e1nt tartson. Ez meg is val\u00f3sult Bajtai \u00c1d\u00e1m p\u00fcsp\u00f6k idej\u00e9ben. A k\u00fck\u00fcll\u0151v\u00e1ri kast\u00e9lyt elcser\u00e9lte testv\u00e9r\u00e9vel, Mikl\u00f3ssal Fogaras v\u00e1r\u00e1\u00e9rt. A Brukenthal S\u00e1muellel fenn\u00e1ll\u00f3 n\u00e9zetelt\u00e9r\u00e9sei miatt lemondott kancell\u00e1ri tiszts\u00e9g\u00e9r\u0151l (1765), kinevezt\u00e9k az Erd\u00e9lyi Nagyfejedelems\u00e9g f\u0151udvarmester\u00e9v\u00e9 \u00e9s kit\u00fcntett\u00e9k az Aranygyapjas-renddel, egy ideig a velencei k\u00f6zt\u00e1rsas\u00e1gban v\u00e9gzett diplom\u00e1ciai feladatokat. Szerepe volt a sz\u00e9kely hat\u00e1r\u0151rs\u00e9g szervez\u00e9s\u00e9ben. Megv\u00e1s\u00e1rolta a kincst\u00e1rt\u00f3l radn\u00f3ti v\u00e1rkast\u00e9lyt (1764), a csal\u00e1d tulajdon\u00e1ban volt (1885), ekkor M\u00e1rk eladta az Erd\u00e9lyi R. K. St\u00e1tusnak. Hal\u00e1la ut\u00e1n unok\u00e1i: J\u00f3zsef (\u2020 1846) \u00f6r\u00f6k\u00f6lte Radn\u00f3tot, Lip\u00f3t (1800\u20131861) Teremit, Ferenc (1804\u20131852) K\u00fck\u00fcll\u0151v\u00e1rt. <br \/><strong>Irod.:<\/strong> \u00c1ll\u00f3- \u00e9s mozg\u00f3k\u00e9pek; Bicsok\u2013Orb\u00e1n; Bozac-Pavel; Gudenus; Id\u0151t\u00e1r 1; Kov\u00e1sznai; L\u00e9sty\u00e1n \u2013 templomok; Lukinich; Sz\u00e9pr\u00e9ti Lilla: R\u00e9gi \u00e9s \u00faj vil\u00e1g (Kv., 1981)<\/br><\/p>\n","protected":false},"excerpt":{"rendered":"<p>1712., \u2020 1768. m\u00e1rc. 4.: kancell\u00e1r, f\u0151isp\u00e1n. \u2013 B. \u00c1d\u00e1m (1691\u20131748) \u00e9s br. B\u00e1nffy Kl\u00e1ra (1693\u20131767) fia. B. Kata unoka\u00f6ccse. Feles\u00e9ge gr. Khevenh\u00fcller Jozefa. Fia J\u00f3zsef. \u2013 Dobokai f\u0151isp\u00e1n, az udvari kancell\u00e1ria els\u0151 tan\u00e1csosa, a b\u00e9csi udvarban erd\u00e9llyi kancell\u00e1r tiszt\u00e9t t\u00f6lt\u00f6tte be (1750\u201365). Kidolgozta az \u00fan. \u201eBethlen-ad\u00f3rendszert\u201d (1754), r. k. vall\u00e1sra t\u00e9rt, udvari kancll\u00e1r (1755\u2013). [&hellip;]<\/p>\n","protected":false},"featured_media":0,"comment_status":"open","ping_status":"closed","template":"","meta":[],"product_brand":[],"product_cat":[137],"product_tag":[],"class_list":{"0":"post-4598","1":"product","2":"type-product","3":"status-publish","5":"product_cat-maros-megyei-eletrajzi-lexikon","7":"first","8":"instock","9":"shipping-taxable","10":"product-type-simple"},"_links":{"self":[{"href":"https:\/\/uj.adatbank.ro\/lexikon\/wp-json\/wp\/v2\/product\/4598","targetHints":{"allow":["GET"]}}],"collection":[{"href":"https:\/\/uj.adatbank.ro\/lexikon\/wp-json\/wp\/v2\/product"}],"about":[{"href":"https:\/\/uj.adatbank.ro\/lexikon\/wp-json\/wp\/v2\/types\/product"}],"replies":[{"embeddable":true,"href":"https:\/\/uj.adatbank.ro\/lexikon\/wp-json\/wp\/v2\/comments?post=4598"}],"wp:attachment":[{"href":"https:\/\/uj.adatbank.ro\/lexikon\/wp-json\/wp\/v2\/media?parent=4598"}],"wp:term":[{"taxonomy":"product_brand","embeddable":true,"href":"https:\/\/uj.adatbank.ro\/lexikon\/wp-json\/wp\/v2\/product_brand?post=4598"},{"taxonomy":"product_cat","embeddable":true,"href":"https:\/\/uj.adatbank.ro\/lexikon\/wp-json\/wp\/v2\/product_cat?post=4598"},{"taxonomy":"product_tag","embeddable":true,"href":"https:\/\/uj.adatbank.ro\/lexikon\/wp-json\/wp\/v2\/product_tag?post=4598"}],"curies":[{"name":"wp","href":"https:\/\/api.w.org\/{rel}","templated":true}]}}

BETHLEN Gábor, bethleni gr.

<p>1712., † 1768. márc. 4.: kancellár, főispán. – B. Ádám (1691–1748) és br. Bánffy Klára (1693–1767) fia. B. Kata unokaöccse. Felesége gr. Khevenhüller Jozefa. Fia József. – Dobokai főispán, az udvari kancellária első tanácsosa, a bécsi udvarban erdéllyi kancellár tisztét töltötte be (1750–65). Kidolgozta az ún. „Bethlen-adórendszert” (1754), r. k. vallásra tért, udvari kancllár (1755–). Azzal a kötelezettségekkel kapott uradalmakat Mária Teréziától, a radnóti, küküllővári, nagyhalmágyi és almakeréki uradalmakat (1764), hogy Radnotón káplánt tartson. Ez meg is valósult Bajtai Ádám püspök idejében. A küküllővári kastélyt elcserélte testvérével, Miklóssal Fogaras váráért. A Brukenthal Sámuellel fennálló nézeteltérései miatt lemondott kancellári tisztségéről (1765), kinevezték az Erdélyi Nagyfejedelemség főudvarmesterévé és kitüntették az Aranygyapjas-renddel, egy ideig a velencei köztársaságban végzett diplomáciai feladatokat. Szerepe volt a székely határőrség szervezésében. Megvásárolta a kincstártól radnóti várkastélyt (1764), a család tulajdonában volt (1885), ekkor Márk eladta az Erdélyi R. K. Státusnak. Halála után unokái: József († 1846) örökölte Radnótot, Lipót (1800–1861) Teremit, Ferenc (1804–1852) Küküllővárt. <br /><strong>Irod.:</strong> Álló- és mozgóképek; Bicsok–Orbán; Bozac-Pavel; Gudenus; Időtár 1; Kovásznai; Léstyán – templomok; Lukinich; Szépréti Lilla: Régi és új világ (Kv., 1981)</br></p>

<p>1712., † 1768. márc. 4.: kancellár, főispán. – B. Ádám (1691–1748) és br. Bánffy Klára (1693–1767) fia. B. Kata unokaöccse. Felesége gr. Khevenhüller Jozefa. Fia József. – Dobokai főispán, az udvari kancellária első tanácsosa, a bécsi udvarban erdéllyi kancellár tisztét töltötte be (1750–65). Kidolgozta az ún. „Bethlen-adórendszert” (1754), r. k. vallásra tért, udvari kancllár (1755–). [&hellip;]</p>
