{"id":4600,"date":"2025-06-28T16:47:11","date_gmt":"2025-06-28T14:47:11","guid":{"rendered":"https:\/\/uj.adatbank.ro\/lexikon\/termek\/bethlen-gabor-bethleni-gr-3\/"},"modified":"2025-06-28T16:47:11","modified_gmt":"2025-06-28T14:47:11","slug":"bethlen-gabor-bethleni-gr-3","status":"publish","type":"product","link":"https:\/\/uj.adatbank.ro\/lexikon\/termek\/bethlen-gabor-bethleni-gr-3\/","title":{"rendered":"BETHLEN G\u00e1bor, bethleni gr."},"content":{"rendered":"<p>G\u00f3g\u00e1nv\u00e1ralja, 1910. m\u00e1rc. 22., \u2020 Buenos Aires, 1992. dec. 3., 1998. j\u00fan. 16.: f\u00f6ldbirtokos, geol\u00f3gus m\u00e9rn\u00f6k, a filoz\u00f3fia doktora. \u2013 B. \u00c1rp\u00e1d (sz. 1881\u2013) \u00e9s br. losonczi B\u00e1nffy Judit fia. \u2013 Geol\u00f3gi\u00e1t v\u00e9gzett, majd filoz\u00f3fiai doktor\u00e1tust szerzett. Kutat\u00f3m\u00e9rn\u00f6k. Egy ideig a bp-i F\u00f6ldtani Int\u00e9zetben dolgozott. Nagyk\u00f6vet Argentin\u00e1ba. Diszid\u00e1lt Angli\u00e1ba. \u2013 <strong>F. m.:<\/strong> A biharszil\u00e1gyi R\u00e9zhegys\u00e9g \u00e9szaki perem\u00e9nek f\u00f6ldtani \u00e9s \u0151sl\u00e9nytani viszonyai ( Bp., 1933). <br \/><strong>Irod.:<\/strong> \u00c1ll\u00f3- \u00e9s mozg\u00f3k\u00e9pek; B\u00f6l\u00f6ni Domokos: Mi lesz a bonyhai Bethlen-kast\u00e9ly sorsa? (N\u00fa., 2002. febr. 21.); G\u00e1l; Gudenus; Guly\u00e1s; Mik\u00f3<\/br><\/p>\n","protected":false},"excerpt":{"rendered":"<p>G\u00f3g\u00e1nv\u00e1ralja, 1910. m\u00e1rc. 22., \u2020 Buenos Aires, 1992. dec. 3., 1998. j\u00fan. 16.: f\u00f6ldbirtokos, geol\u00f3gus m\u00e9rn\u00f6k, a filoz\u00f3fia doktora. \u2013 B. \u00c1rp\u00e1d (sz. 1881\u2013) \u00e9s br. losonczi B\u00e1nffy Judit fia. \u2013 Geol\u00f3gi\u00e1t v\u00e9gzett, majd filoz\u00f3fiai doktor\u00e1tust szerzett. Kutat\u00f3m\u00e9rn\u00f6k. Egy ideig a bp-i F\u00f6ldtani Int\u00e9zetben dolgozott. Nagyk\u00f6vet Argentin\u00e1ba. Diszid\u00e1lt Angli\u00e1ba. \u2013 F. m.: A biharszil\u00e1gyi R\u00e9zhegys\u00e9g [&hellip;]<\/p>\n","protected":false},"featured_media":0,"comment_status":"open","ping_status":"closed","template":"","meta":[],"product_brand":[],"product_cat":[137],"product_tag":[],"class_list":{"0":"post-4600","1":"product","2":"type-product","3":"status-publish","5":"product_cat-maros-megyei-eletrajzi-lexikon","7":"first","8":"instock","9":"shipping-taxable","10":"product-type-simple"},"_links":{"self":[{"href":"https:\/\/uj.adatbank.ro\/lexikon\/wp-json\/wp\/v2\/product\/4600","targetHints":{"allow":["GET"]}}],"collection":[{"href":"https:\/\/uj.adatbank.ro\/lexikon\/wp-json\/wp\/v2\/product"}],"about":[{"href":"https:\/\/uj.adatbank.ro\/lexikon\/wp-json\/wp\/v2\/types\/product"}],"replies":[{"embeddable":true,"href":"https:\/\/uj.adatbank.ro\/lexikon\/wp-json\/wp\/v2\/comments?post=4600"}],"wp:attachment":[{"href":"https:\/\/uj.adatbank.ro\/lexikon\/wp-json\/wp\/v2\/media?parent=4600"}],"wp:term":[{"taxonomy":"product_brand","embeddable":true,"href":"https:\/\/uj.adatbank.ro\/lexikon\/wp-json\/wp\/v2\/product_brand?post=4600"},{"taxonomy":"product_cat","embeddable":true,"href":"https:\/\/uj.adatbank.ro\/lexikon\/wp-json\/wp\/v2\/product_cat?post=4600"},{"taxonomy":"product_tag","embeddable":true,"href":"https:\/\/uj.adatbank.ro\/lexikon\/wp-json\/wp\/v2\/product_tag?post=4600"}],"curies":[{"name":"wp","href":"https:\/\/api.w.org\/{rel}","templated":true}]}}