{"id":4601,"date":"2025-06-28T16:47:13","date_gmt":"2025-06-28T14:47:13","guid":{"rendered":"https:\/\/uj.adatbank.ro\/lexikon\/termek\/bethlen-gabor-bethleni-gr-keresdi\/"},"modified":"2025-06-28T16:47:13","modified_gmt":"2025-06-28T14:47:13","slug":"bethlen-gabor-bethleni-gr-keresdi","status":"publish","type":"product","link":"https:\/\/uj.adatbank.ro\/lexikon\/termek\/bethlen-gabor-bethleni-gr-keresdi\/","title":{"rendered":"BETHLEN G\u00e1bor, bethleni gr., keresdi"},"content":{"rendered":"<p>Gy\u00e9res, 1914. nov. 29., \u2020 Mv., 1981. j\u00fal. 28. s\u00edrja a mv.-i Ref. temet\u0151ben: f\u00f6ldbirtokos, agr\u00e1rm\u00e9rn\u00f6k. \u2013 Apja B. B\u00e1lint (1887\u20131946), anyja losonczi B\u00e1nffy Marianne br. Feles\u00e9ge k\u00f6r\u00f6si \u00e9s bar\u00e1tosi dr. Ferencz-Mih\u00e1ly \u00c9va, orvos, gyermekgy\u00f3gy\u00e1sz. Gyermekeik: Anik\u00f3 (1937\u2013), \u00c1gnes (1940\u2013), \u00c9va (1942\u2013), R\u00f3zsa (1944\u20131959). \u2013 Debreceben az Agr\u00e1rtudom\u00e1nyi Akad.-\u00e1n v\u00e9gezett, dr. phil. (1937). Birtok\u00e1nak fel\u00e9t elvette a rom\u00e1n \u00e1llam a f\u00f6ldreformmal (1921). A b\u00e9csi d\u00f6nt\u00e9s ut\u00e1n \u00e1tsz\u00f6k\u00f6tt a hat\u00e1ron \u00c9- Erd\u00e9lybe. Teleki \u00c1d\u00e1mmal dolgozott az EGE Erd\u00e9lyi Gazdas\u00e1gi Egyes\u00fcletn\u00e9l, amelynek titk\u00e1ra volt (1944. aug. 23.-ig). Az oroszok el\u0151l csal\u00e1dj\u00e1val Mez\u0151madarasr\u00f3l, 4 kisl\u00e1ny\u00e1val Bp.-re menek\u00fclt (1944), a gyermekek fert\u0151z\u0151 gyermekb\u00e9nul\u00e1sban (poliomyelitis) megbetegedtek. Gy\u00f3gyszer hi\u00e1ny k\u00f6vetkezt\u00e9ben legnagyobb le\u00e1nya, Anik\u00f3 mozg\u00e1ss\u00e9r\u00fcl\u00e9ssel gy\u00f3gyult, ma Mv.-en \u00e9l; R\u00f3zsa betegs\u00e9ge agyh\u00e1rtya gyulad\u00e1ssal sz\u00f6v\u0151d\u00f6tt, s\u00falyos s\u00e9r\u00fcltk\u00e9nt Lugoson halt meg (1948); \u00c1gnes \u00e9s \u00c9va meggy\u00f3gyultak. Mv.-re t\u00e9rtek vissza, apja, B. B\u00e1lint otthon\u00e1ba. A mez\u0151madarasi birtokon pr\u00f3b\u00e1lta a csal\u00e1d \u00fajra kezdeni az \u00e9letet, 50 hekt\u00e1ron gazd\u00e1lkodtak eg\u00e9szen a kitelep\u00edt\u00e9sig (1949. m\u00e1rc. 3). \u00c1ltal\u00e1nos \u00f6r\u00f6k\u00f6se lett a keresdi v\u00e1rnak \u00e9s a birtok tulajdonosa (1946\u2013). Ezt a hagyat\u00e9kot prob\u00e1lt\u00e1k meg\u0151rizni, de a javakat falubeliek \u00e9s m\u00e1sok sz\u00e9thordt\u00e1k, a lev\u00e9lt\u00e1rat fel\u00e9gett\u00e9k, a k\u00f6nyveket elhurcolt\u00e1k (1949). Csak a t\u00f6rt\u00e9nelmi lev\u00e9lt\u00e1rat siker\u00fclt kor\u00e1bban Kv.-ra menek\u00edteni. K\u00e9nyszerlakhely\u00fck Mv.-en volt, sok\u00e1ig munkan\u00e9lk\u00fcli, \u201eegy gr\u00f3fnak nem j\u00e1r munka\u201d c\u00edmen. A kertekben \u00e1sott. Egy rom\u00e1n topogr\u00e1fus, maga mell\u00e9 vette, \u00e9s j\u00e1rt\u00e1k a f\u00f6ldeket. Mv.-en a Sim\u00f3 G\u00e9za gy\u00e1rban rakod\u00f3-munk\u00e1s volt (1949-ig). A securitate megfigyeltette tev\u00e9kenys\u00e9g\u00e9t (1949\u201350 k. \u2013). majd Mahmudi\u00e1ra k\u00fcldt\u00e9k a gazdas\u00e1got rendbe tenni, Bejbudzs\u00e1k nev\u0171 falucsk\u00e1ban (1964\u2013), f\u0151m\u00e9rn\u00f6kk\u00e9nt az \u00e1llami mez\u0151gazdas\u00e1gi v\u00e1llalat\u00e1n\u00e1l dolgozott, Kundi Istv\u00e1n v\u00e1ltotta fel (1958). Majd \u00fajra munkan\u00e9lk\u00fcli, mert egy B. G. nem lehetett f\u0151m\u00e9rn\u00f6k. Egy topogr\u00e1fus m\u00e9rn\u00f6k mellett Udvarhely k\u00f6rny\u00e9ki falvakban seg\u00e9dmunk\u00e1s. Szentl\u00e9leken, majd M\u00e1r\u00e9falv\u00e1n, k\u00e9s\u0151bb Ny\u00e1r\u00e1dg\u00e1lfalv\u00e1n volt t\u00e9eszm\u00e9rn\u00f6k. <br \/><strong>Irod.:<\/strong> \u00c1ll\u00f3- \u00e9s mozg\u00f3k\u00e9pek; Bartos 2012; Beke Gy\u00f6rgy: Az utols\u00f3 Bethlen (Buk., 1968); Bencz\u00e9di Albert: \u00dczenet Bonyh\u00e1nak (N\u00fa., 2005. aug. 23.); Bethlen Anik\u00f3; Csekme; Gudenus; Gyermekkori \u00e9letk\u00e9pek \u2013 t\u00f6rt\u00e9nelmi h\u00e1tt\u00e9rrel: Ol\u00e1h-G\u00e1l Elvra besz\u00e9lget\u00e9se bethleni gr. Bethlen Anik\u00f3val (Sz\u00e9kelyf\u00f6ld, 9. sz., 2011. szept.); Id\u0151t\u00e1r 4.; Mv.-i ref. temet\u0151; [Nekrol\u00f3g] (V. Z., 1981. j\u00fal. 31.); Scholten<\/br><\/p>\n","protected":false},"excerpt":{"rendered":"<p>Gy\u00e9res, 1914. nov. 29., \u2020 Mv., 1981. j\u00fal. 28. s\u00edrja a mv.-i Ref. temet\u0151ben: f\u00f6ldbirtokos, agr\u00e1rm\u00e9rn\u00f6k. \u2013 Apja B. B\u00e1lint (1887\u20131946), anyja losonczi B\u00e1nffy Marianne br. Feles\u00e9ge k\u00f6r\u00f6si \u00e9s bar\u00e1tosi dr. Ferencz-Mih\u00e1ly \u00c9va, orvos, gyermekgy\u00f3gy\u00e1sz. Gyermekeik: Anik\u00f3 (1937\u2013), \u00c1gnes (1940\u2013), \u00c9va (1942\u2013), R\u00f3zsa (1944\u20131959). \u2013 Debreceben az Agr\u00e1rtudom\u00e1nyi Akad.-\u00e1n v\u00e9gezett, dr. phil. (1937). Birtok\u00e1nak fel\u00e9t [&hellip;]<\/p>\n","protected":false},"featured_media":0,"comment_status":"open","ping_status":"closed","template":"","meta":[],"product_brand":[],"product_cat":[137],"product_tag":[],"class_list":{"0":"post-4601","1":"product","2":"type-product","3":"status-publish","5":"product_cat-maros-megyei-eletrajzi-lexikon","7":"first","8":"instock","9":"shipping-taxable","10":"product-type-simple"},"_links":{"self":[{"href":"https:\/\/uj.adatbank.ro\/lexikon\/wp-json\/wp\/v2\/product\/4601","targetHints":{"allow":["GET"]}}],"collection":[{"href":"https:\/\/uj.adatbank.ro\/lexikon\/wp-json\/wp\/v2\/product"}],"about":[{"href":"https:\/\/uj.adatbank.ro\/lexikon\/wp-json\/wp\/v2\/types\/product"}],"replies":[{"embeddable":true,"href":"https:\/\/uj.adatbank.ro\/lexikon\/wp-json\/wp\/v2\/comments?post=4601"}],"wp:attachment":[{"href":"https:\/\/uj.adatbank.ro\/lexikon\/wp-json\/wp\/v2\/media?parent=4601"}],"wp:term":[{"taxonomy":"product_brand","embeddable":true,"href":"https:\/\/uj.adatbank.ro\/lexikon\/wp-json\/wp\/v2\/product_brand?post=4601"},{"taxonomy":"product_cat","embeddable":true,"href":"https:\/\/uj.adatbank.ro\/lexikon\/wp-json\/wp\/v2\/product_cat?post=4601"},{"taxonomy":"product_tag","embeddable":true,"href":"https:\/\/uj.adatbank.ro\/lexikon\/wp-json\/wp\/v2\/product_tag?post=4601"}],"curies":[{"name":"wp","href":"https:\/\/api.w.org\/{rel}","templated":true}]}}